-- MySQL dump 10.13  Distrib 5.7.34, for osx10.12 (x86_64)
--
-- Host: 127.0.0.1    Database: laraclassifier
-- ------------------------------------------------------
-- Server version	5.7.34

/*!40101 SET @OLD_CHARACTER_SET_CLIENT=@@CHARACTER_SET_CLIENT */;
/*!40101 SET @OLD_CHARACTER_SET_RESULTS=@@CHARACTER_SET_RESULTS */;
/*!40101 SET @OLD_COLLATION_CONNECTION=@@COLLATION_CONNECTION */;
/*!40101 SET NAMES utf8 */;
/*!40103 SET @OLD_TIME_ZONE=@@TIME_ZONE */;
/*!40103 SET TIME_ZONE='+00:00' */;
/*!40014 SET @OLD_UNIQUE_CHECKS=@@UNIQUE_CHECKS, UNIQUE_CHECKS=0 */;
/*!40014 SET @OLD_FOREIGN_KEY_CHECKS=@@FOREIGN_KEY_CHECKS, FOREIGN_KEY_CHECKS=0 */;
/*!40101 SET @OLD_SQL_MODE=@@SQL_MODE, SQL_MODE='NO_AUTO_VALUE_ON_ZERO' */;
/*!40111 SET @OLD_SQL_NOTES=@@SQL_NOTES, SQL_NOTES=0 */;

--
-- Dumping data for table `__PREFIX__subadmin1`
--

/*!40000 ALTER TABLE `__PREFIX__subadmin1` DISABLE KEYS */;
INSERT INTO `__PREFIX__subadmin1` (`code`, `country_code`, `name`, `active`) VALUES ('TZ.19','TZ','{\"en\":\"Kagera\"}',1);
INSERT INTO `__PREFIX__subadmin1` (`code`, `country_code`, `name`, `active`) VALUES ('TZ.25','TZ','{\"en\":\"Zanzibar Urban/West\"}',1);
INSERT INTO `__PREFIX__subadmin1` (`code`, `country_code`, `name`, `active`) VALUES ('TZ.22','TZ','{\"en\":\"Zanzibar North\"}',1);
INSERT INTO `__PREFIX__subadmin1` (`code`, `country_code`, `name`, `active`) VALUES ('TZ.21','TZ','{\"en\":\"Zanzibar Central/South\"}',1);
INSERT INTO `__PREFIX__subadmin1` (`code`, `country_code`, `name`, `active`) VALUES ('TZ.18','TZ','{\"en\":\"Tanga\"}',1);
INSERT INTO `__PREFIX__subadmin1` (`code`, `country_code`, `name`, `active`) VALUES ('TZ.17','TZ','{\"en\":\"Tabora\"}',1);
INSERT INTO `__PREFIX__subadmin1` (`code`, `country_code`, `name`, `active`) VALUES ('TZ.16','TZ','{\"en\":\"Singida\"}',1);
INSERT INTO `__PREFIX__subadmin1` (`code`, `country_code`, `name`, `active`) VALUES ('TZ.15','TZ','{\"en\":\"Shinyanga\"}',1);
INSERT INTO `__PREFIX__subadmin1` (`code`, `country_code`, `name`, `active`) VALUES ('TZ.24','TZ','{\"en\":\"Rukwa\"}',1);
INSERT INTO `__PREFIX__subadmin1` (`code`, `country_code`, `name`, `active`) VALUES ('TZ.02','TZ','{\"en\":\"Pwani\"}',1);
INSERT INTO `__PREFIX__subadmin1` (`code`, `country_code`, `name`, `active`) VALUES ('TZ.20','TZ','{\"en\":\"Pemba South\"}',1);
INSERT INTO `__PREFIX__subadmin1` (`code`, `country_code`, `name`, `active`) VALUES ('TZ.13','TZ','{\"en\":\"Pemba North\"}',1);
INSERT INTO `__PREFIX__subadmin1` (`code`, `country_code`, `name`, `active`) VALUES ('TZ.12','TZ','{\"en\":\"Mwanza\"}',1);
INSERT INTO `__PREFIX__subadmin1` (`code`, `country_code`, `name`, `active`) VALUES ('TZ.10','TZ','{\"en\":\"Morogoro\"}',1);
INSERT INTO `__PREFIX__subadmin1` (`code`, `country_code`, `name`, `active`) VALUES ('TZ.09','TZ','{\"en\":\"Mbeya\"}',1);
INSERT INTO `__PREFIX__subadmin1` (`code`, `country_code`, `name`, `active`) VALUES ('TZ.08','TZ','{\"en\":\"Mara\"}',1);
INSERT INTO `__PREFIX__subadmin1` (`code`, `country_code`, `name`, `active`) VALUES ('TZ.07','TZ','{\"en\":\"Lindi\"}',1);
INSERT INTO `__PREFIX__subadmin1` (`code`, `country_code`, `name`, `active`) VALUES ('TZ.06','TZ','{\"en\":\"Kilimanjaro\"}',1);
INSERT INTO `__PREFIX__subadmin1` (`code`, `country_code`, `name`, `active`) VALUES ('TZ.05','TZ','{\"en\":\"Kigoma\"}',1);
INSERT INTO `__PREFIX__subadmin1` (`code`, `country_code`, `name`, `active`) VALUES ('TZ.04','TZ','{\"en\":\"Iringa\"}',1);
INSERT INTO `__PREFIX__subadmin1` (`code`, `country_code`, `name`, `active`) VALUES ('TZ.03','TZ','{\"en\":\"Dodoma\"}',1);
INSERT INTO `__PREFIX__subadmin1` (`code`, `country_code`, `name`, `active`) VALUES ('TZ.23','TZ','{\"en\":\"Dar es Salaam\"}',1);
INSERT INTO `__PREFIX__subadmin1` (`code`, `country_code`, `name`, `active`) VALUES ('TZ.26','TZ','{\"en\":\"Arusha\"}',1);
INSERT INTO `__PREFIX__subadmin1` (`code`, `country_code`, `name`, `active`) VALUES ('TZ.27','TZ','{\"en\":\"Manyara\"}',1);
INSERT INTO `__PREFIX__subadmin1` (`code`, `country_code`, `name`, `active`) VALUES ('TZ.14','TZ','{\"en\":\"Ruvuma\"}',1);
INSERT INTO `__PREFIX__subadmin1` (`code`, `country_code`, `name`, `active`) VALUES ('TZ.11','TZ','{\"en\":\"Mtwara\"}',1);
INSERT INTO `__PREFIX__subadmin1` (`code`, `country_code`, `name`, `active`) VALUES ('TZ.31','TZ','{\"en\":\"Simiyu\"}',1);
INSERT INTO `__PREFIX__subadmin1` (`code`, `country_code`, `name`, `active`) VALUES ('TZ.28','TZ','{\"en\":\"Geita\"}',1);
INSERT INTO `__PREFIX__subadmin1` (`code`, `country_code`, `name`, `active`) VALUES ('TZ.29','TZ','{\"en\":\"Katavi\"}',1);
INSERT INTO `__PREFIX__subadmin1` (`code`, `country_code`, `name`, `active`) VALUES ('TZ.30','TZ','{\"en\":\"Njombe\"}',1);
INSERT INTO `__PREFIX__subadmin1` (`code`, `country_code`, `name`, `active`) VALUES ('TZ.32','TZ','{\"en\":\"Songwe\"}',1);
/*!40000 ALTER TABLE `__PREFIX__subadmin1` ENABLE KEYS */;

--
-- Dumping data for table `__PREFIX__subadmin2`
--

/*!40000 ALTER TABLE `__PREFIX__subadmin2` DISABLE KEYS */;
INSERT INTO `__PREFIX__subadmin2` (`code`, `country_code`, `subadmin1_code`, `name`, `active`) VALUES ('TZ.13.5401','TZ','TZ.13','{\"en\":\"Wete District\"}',1);
INSERT INTO `__PREFIX__subadmin2` (`code`, `country_code`, `subadmin1_code`, `name`, `active`) VALUES ('TZ.17.1404','TZ','TZ.17','{\"en\":\"Urambo\"}',1);
INSERT INTO `__PREFIX__subadmin2` (`code`, `country_code`, `subadmin1_code`, `name`, `active`) VALUES ('TZ.10.0504','TZ','TZ.10','{\"en\":\"Ulanga\"}',1);
INSERT INTO `__PREFIX__subadmin2` (`code`, `country_code`, `subadmin1_code`, `name`, `active`) VALUES ('TZ.12.1901','TZ','TZ.12','{\"en\":\"Ukerewe District\"}',1);
INSERT INTO `__PREFIX__subadmin2` (`code`, `country_code`, `subadmin1_code`, `name`, `active`) VALUES ('TZ.23.0703','TZ','TZ.23','{\"en\":\"Temeke\"}',1);
INSERT INTO `__PREFIX__subadmin2` (`code`, `country_code`, `subadmin1_code`, `name`, `active`) VALUES ('TZ.08.2001','TZ','TZ.08','{\"en\":\"Tarime\"}',1);
INSERT INTO `__PREFIX__subadmin2` (`code`, `country_code`, `subadmin1_code`, `name`, `active`) VALUES ('TZ.18.0404','TZ','TZ.18','{\"en\":\"Tanga\"}',1);
INSERT INTO `__PREFIX__subadmin2` (`code`, `country_code`, `subadmin1_code`, `name`, `active`) VALUES ('TZ.17.1406','TZ','TZ.17','{\"en\":\"Tabora Urban\"}',1);
INSERT INTO `__PREFIX__subadmin2` (`code`, `country_code`, `subadmin1_code`, `name`, `active`) VALUES ('TZ.24.1502','TZ','TZ.24','{\"en\":\"Sumbawanga\"}',1);
INSERT INTO `__PREFIX__subadmin2` (`code`, `country_code`, `subadmin1_code`, `name`, `active`) VALUES ('TZ.16.1302','TZ','TZ.16','{\"en\":\"Singida Rural District\"}',1);
INSERT INTO `__PREFIX__subadmin2` (`code`, `country_code`, `subadmin1_code`, `name`, `active`) VALUES ('TZ.15.1701','TZ','TZ.15','{\"en\":\"Shinyanga Urban\"}',1);
INSERT INTO `__PREFIX__subadmin2` (`code`, `country_code`, `subadmin1_code`, `name`, `active`) VALUES ('TZ.08.2002','TZ','TZ.08','{\"en\":\"Serengeti\"}',1);
INSERT INTO `__PREFIX__subadmin2` (`code`, `country_code`, `subadmin1_code`, `name`, `active`) VALUES ('TZ.12.1905','TZ','TZ.12','{\"en\":\"Sengerema\"}',1);
INSERT INTO `__PREFIX__subadmin2` (`code`, `country_code`, `subadmin1_code`, `name`, `active`) VALUES ('TZ.06.0303','TZ','TZ.06','{\"en\":\"Same\"}',1);
INSERT INTO `__PREFIX__subadmin2` (`code`, `country_code`, `subadmin1_code`, `name`, `active`) VALUES ('TZ.09.1204','TZ','TZ.09','{\"en\":\"Rungwe\"}',1);
INSERT INTO `__PREFIX__subadmin2` (`code`, `country_code`, `subadmin1_code`, `name`, `active`) VALUES ('TZ.02.0605','TZ','TZ.02','{\"en\":\"Rufiji\"}',1);
INSERT INTO `__PREFIX__subadmin2` (`code`, `country_code`, `subadmin1_code`, `name`, `active`) VALUES ('TZ.06.0301','TZ','TZ.06','{\"en\":\"Rombo District\"}',1);
INSERT INTO `__PREFIX__subadmin2` (`code`, `country_code`, `subadmin1_code`, `name`, `active`) VALUES ('TZ.18.0405','TZ','TZ.18','{\"en\":\"Pangani\"}',1);
INSERT INTO `__PREFIX__subadmin2` (`code`, `country_code`, `subadmin1_code`, `name`, `active`) VALUES ('TZ.17.1401','TZ','TZ.17','{\"en\":\"Nzega\"}',1);
INSERT INTO `__PREFIX__subadmin2` (`code`, `country_code`, `subadmin1_code`, `name`, `active`) VALUES ('TZ.24.1503','TZ','TZ.24','{\"en\":\"Nkasi\"}',1);
INSERT INTO `__PREFIX__subadmin2` (`code`, `country_code`, `subadmin1_code`, `name`, `active`) VALUES ('TZ.30.2204','TZ','TZ.30','{\"en\":\"Njombe District Council\"}',1);
INSERT INTO `__PREFIX__subadmin2` (`code`, `country_code`, `subadmin1_code`, `name`, `active`) VALUES ('TZ.26.0205','TZ','TZ.26','{\"en\":\"Ngorongoro\"}',1);
INSERT INTO `__PREFIX__subadmin2` (`code`, `country_code`, `subadmin1_code`, `name`, `active`) VALUES ('TZ.19.1805','TZ','TZ.19','{\"en\":\"Ngara\"}',1);
INSERT INTO `__PREFIX__subadmin2` (`code`, `country_code`, `subadmin1_code`, `name`, `active`) VALUES ('TZ.06.0302','TZ','TZ.06','{\"en\":\"Mwanga\"}',1);
INSERT INTO `__PREFIX__subadmin2` (`code`, `country_code`, `subadmin1_code`, `name`, `active`) VALUES ('TZ.08.2003','TZ','TZ.08','{\"en\":\"Musoma\"}',1);
INSERT INTO `__PREFIX__subadmin2` (`code`, `country_code`, `subadmin1_code`, `name`, `active`) VALUES ('TZ.19.1803','TZ','TZ.19','{\"en\":\"Muleba\"}',1);
INSERT INTO `__PREFIX__subadmin2` (`code`, `country_code`, `subadmin1_code`, `name`, `active`) VALUES ('TZ.18.0403','TZ','TZ.18','{\"en\":\"Muheza District\"}',1);
INSERT INTO `__PREFIX__subadmin2` (`code`, `country_code`, `subadmin1_code`, `name`, `active`) VALUES ('TZ.04.1102','TZ','TZ.04','{\"en\":\"Mufindi\"}',1);
INSERT INTO `__PREFIX__subadmin2` (`code`, `country_code`, `subadmin1_code`, `name`, `active`) VALUES ('TZ.03.0102','TZ','TZ.03','{\"en\":\"Mpwapwa\"}',1);
INSERT INTO `__PREFIX__subadmin2` (`code`, `country_code`, `subadmin1_code`, `name`, `active`) VALUES ('TZ.29.2302','TZ','TZ.29','{\"en\":\"Mpanda\"}',1);
INSERT INTO `__PREFIX__subadmin2` (`code`, `country_code`, `subadmin1_code`, `name`, `active`) VALUES ('TZ.10.0505','TZ','TZ.10','{\"en\":\"Morogoro Urban\"}',1);
INSERT INTO `__PREFIX__subadmin2` (`code`, `country_code`, `subadmin1_code`, `name`, `active`) VALUES ('TZ.26.0201','TZ','TZ.26','{\"en\":\"Monduli District\"}',1);
INSERT INTO `__PREFIX__subadmin2` (`code`, `country_code`, `subadmin1_code`, `name`, `active`) VALUES ('TZ.20.5502','TZ','TZ.20','{\"en\":\"Mkoani District\"}',1);
INSERT INTO `__PREFIX__subadmin2` (`code`, `country_code`, `subadmin1_code`, `name`, `active`) VALUES ('TZ.27.2103','TZ','TZ.27','{\"en\":\"Mbulu\"}',1);
INSERT INTO `__PREFIX__subadmin2` (`code`, `country_code`, `subadmin1_code`, `name`, `active`) VALUES ('TZ.32.1206','TZ','TZ.32','{\"en\":\"Mbozi\"}',1);
INSERT INTO `__PREFIX__subadmin2` (`code`, `country_code`, `subadmin1_code`, `name`, `active`) VALUES ('TZ.09.1202','TZ','TZ.09','{\"en\":\"Mbeya\"}',1);
INSERT INTO `__PREFIX__subadmin2` (`code`, `country_code`, `subadmin1_code`, `name`, `active`) VALUES ('TZ.31.2404','TZ','TZ.31','{\"en\":\"Maswa District\"}',1);
INSERT INTO `__PREFIX__subadmin2` (`code`, `country_code`, `subadmin1_code`, `name`, `active`) VALUES ('TZ.16.1303','TZ','TZ.16','{\"en\":\"Manyoni\"}',1);
INSERT INTO `__PREFIX__subadmin2` (`code`, `country_code`, `subadmin1_code`, `name`, `active`) VALUES ('TZ.30.2203','TZ','TZ.30','{\"en\":\"Makete\"}',1);
INSERT INTO `__PREFIX__subadmin2` (`code`, `country_code`, `subadmin1_code`, `name`, `active`) VALUES ('TZ.12.1902','TZ','TZ.12','{\"en\":\"Magu\"}',1);
INSERT INTO `__PREFIX__subadmin2` (`code`, `country_code`, `subadmin1_code`, `name`, `active`) VALUES ('TZ.02.0606','TZ','TZ.02','{\"en\":\"Mafia\"}',1);
INSERT INTO `__PREFIX__subadmin2` (`code`, `country_code`, `subadmin1_code`, `name`, `active`) VALUES ('TZ.18.0401','TZ','TZ.18','{\"en\":\"Lushoto\"}',1);
INSERT INTO `__PREFIX__subadmin2` (`code`, `country_code`, `subadmin1_code`, `name`, `active`) VALUES ('TZ.07.0804','TZ','TZ.07','{\"en\":\"Liwale\"}',1);
INSERT INTO `__PREFIX__subadmin2` (`code`, `country_code`, `subadmin1_code`, `name`, `active`) VALUES ('TZ.09.1203','TZ','TZ.09','{\"en\":\"Kyela\"}',1);
INSERT INTO `__PREFIX__subadmin2` (`code`, `country_code`, `subadmin1_code`, `name`, `active`) VALUES ('TZ.12.1904','TZ','TZ.12','{\"en\":\"Kwimba District\"}',1);
INSERT INTO `__PREFIX__subadmin2` (`code`, `country_code`, `subadmin1_code`, `name`, `active`) VALUES ('TZ.18.0402','TZ','TZ.18','{\"en\":\"Korogwe District\"}',1);
INSERT INTO `__PREFIX__subadmin2` (`code`, `country_code`, `subadmin1_code`, `name`, `active`) VALUES ('TZ.03.0101','TZ','TZ.03','{\"en\":\"Kondoa\"}',1);
INSERT INTO `__PREFIX__subadmin2` (`code`, `country_code`, `subadmin1_code`, `name`, `active`) VALUES ('TZ.13.5402','TZ','TZ.13','{\"en\":\"Micheweni\"}',1);
INSERT INTO `__PREFIX__subadmin2` (`code`, `country_code`, `subadmin1_code`, `name`, `active`) VALUES ('TZ.27.2105','TZ','TZ.27','{\"en\":\"Kiteto\"}',1);
INSERT INTO `__PREFIX__subadmin2` (`code`, `country_code`, `subadmin1_code`, `name`, `active`) VALUES ('TZ.02.0603','TZ','TZ.02','{\"en\":\"Kisarawe\"}',1);
INSERT INTO `__PREFIX__subadmin2` (`code`, `country_code`, `subadmin1_code`, `name`, `active`) VALUES ('TZ.23.0701','TZ','TZ.23','{\"en\":\"Kinondoni\"}',1);
INSERT INTO `__PREFIX__subadmin2` (`code`, `country_code`, `subadmin1_code`, `name`, `active`) VALUES ('TZ.07.0801','TZ','TZ.07','{\"en\":\"Kilwa\"}',1);
INSERT INTO `__PREFIX__subadmin2` (`code`, `country_code`, `subadmin1_code`, `name`, `active`) VALUES ('TZ.10.0501','TZ','TZ.10','{\"en\":\"Kilosa\"}',1);
INSERT INTO `__PREFIX__subadmin2` (`code`, `country_code`, `subadmin1_code`, `name`, `active`) VALUES ('TZ.10.0503','TZ','TZ.10','{\"en\":\"Kilombero\"}',1);
INSERT INTO `__PREFIX__subadmin2` (`code`, `country_code`, `subadmin1_code`, `name`, `active`) VALUES ('TZ.05.1601','TZ','TZ.05','{\"en\":\"Kibondo\"}',1);
INSERT INTO `__PREFIX__subadmin2` (`code`, `country_code`, `subadmin1_code`, `name`, `active`) VALUES ('TZ.05.1602','TZ','TZ.05','{\"en\":\"Kasulu\"}',1);
INSERT INTO `__PREFIX__subadmin2` (`code`, `country_code`, `subadmin1_code`, `name`, `active`) VALUES ('TZ.19.1801','TZ','TZ.19','{\"en\":\"Karagwe\"}',1);
INSERT INTO `__PREFIX__subadmin2` (`code`, `country_code`, `subadmin1_code`, `name`, `active`) VALUES ('TZ.15.1704','TZ','TZ.15','{\"en\":\"Kahama Rural District\"}',1);
INSERT INTO `__PREFIX__subadmin2` (`code`, `country_code`, `subadmin1_code`, `name`, `active`) VALUES ('TZ.04.1101','TZ','TZ.04','{\"en\":\"Iringa Rural District\"}',1);
INSERT INTO `__PREFIX__subadmin2` (`code`, `country_code`, `subadmin1_code`, `name`, `active`) VALUES ('TZ.16.1301','TZ','TZ.16','{\"en\":\"Iramba\"}',1);
INSERT INTO `__PREFIX__subadmin2` (`code`, `country_code`, `subadmin1_code`, `name`, `active`) VALUES ('TZ.32.1205','TZ','TZ.32','{\"en\":\"Ileje\"}',1);
INSERT INTO `__PREFIX__subadmin2` (`code`, `country_code`, `subadmin1_code`, `name`, `active`) VALUES ('TZ.23.0702','TZ','TZ.23','{\"en\":\"Ilala\"}',1);
INSERT INTO `__PREFIX__subadmin2` (`code`, `country_code`, `subadmin1_code`, `name`, `active`) VALUES ('TZ.17.1402','TZ','TZ.17','{\"en\":\"Igunga\"}',1);
INSERT INTO `__PREFIX__subadmin2` (`code`, `country_code`, `subadmin1_code`, `name`, `active`) VALUES ('TZ.18.0406','TZ','TZ.18','{\"en\":\"Handeni\"}',1);
INSERT INTO `__PREFIX__subadmin2` (`code`, `country_code`, `subadmin1_code`, `name`, `active`) VALUES ('TZ.27.2102','TZ','TZ.27','{\"en\":\"Hanang District\"}',1);
INSERT INTO `__PREFIX__subadmin2` (`code`, `country_code`, `subadmin1_code`, `name`, `active`) VALUES ('TZ.06.0305','TZ','TZ.06','{\"en\":\"Hai\"}',1);
INSERT INTO `__PREFIX__subadmin2` (`code`, `country_code`, `subadmin1_code`, `name`, `active`) VALUES ('TZ.28.2501','TZ','TZ.28','{\"en\":\"Geita\"}',1);
INSERT INTO `__PREFIX__subadmin2` (`code`, `country_code`, `subadmin1_code`, `name`, `active`) VALUES ('TZ.09.1201','TZ','TZ.09','{\"en\":\"Chunya\"}',1);
INSERT INTO `__PREFIX__subadmin2` (`code`, `country_code`, `subadmin1_code`, `name`, `active`) VALUES ('TZ.20.5501','TZ','TZ.20','{\"en\":\"Chake Chake District\"}',1);
INSERT INTO `__PREFIX__subadmin2` (`code`, `country_code`, `subadmin1_code`, `name`, `active`) VALUES ('TZ.08.2004','TZ','TZ.08','{\"en\":\"Bunda\"}',1);
INSERT INTO `__PREFIX__subadmin2` (`code`, `country_code`, `subadmin1_code`, `name`, `active`) VALUES ('TZ.19.1802','TZ','TZ.19','{\"en\":\"Bukoba\"}',1);
INSERT INTO `__PREFIX__subadmin2` (`code`, `country_code`, `subadmin1_code`, `name`, `active`) VALUES ('TZ.19.1804','TZ','TZ.19','{\"en\":\"Biharamulo District\"}',1);
INSERT INTO `__PREFIX__subadmin2` (`code`, `country_code`, `subadmin1_code`, `name`, `active`) VALUES ('TZ.31.2401','TZ','TZ.31','{\"en\":\"Bariadi\"}',1);
INSERT INTO `__PREFIX__subadmin2` (`code`, `country_code`, `subadmin1_code`, `name`, `active`) VALUES ('TZ.02.0601','TZ','TZ.02','{\"en\":\"Bagamoyo\"}',1);
INSERT INTO `__PREFIX__subadmin2` (`code`, `country_code`, `subadmin1_code`, `name`, `active`) VALUES ('TZ.26.0202','TZ','TZ.26','{\"en\":\"Meru\"}',1);
INSERT INTO `__PREFIX__subadmin2` (`code`, `country_code`, `subadmin1_code`, `name`, `active`) VALUES ('TZ.14.1001','TZ','TZ.14','{\"en\":\"Tunduru\"}',1);
INSERT INTO `__PREFIX__subadmin2` (`code`, `country_code`, `subadmin1_code`, `name`, `active`) VALUES ('TZ.14.1002','TZ','TZ.14','{\"en\":\"Songea\"}',1);
INSERT INTO `__PREFIX__subadmin2` (`code`, `country_code`, `subadmin1_code`, `name`, `active`) VALUES ('TZ.11.0902','TZ','TZ.11','{\"en\":\"Newala\"}',1);
INSERT INTO `__PREFIX__subadmin2` (`code`, `country_code`, `subadmin1_code`, `name`, `active`) VALUES ('TZ.07.0803','TZ','TZ.07','{\"en\":\"Nachingwea\"}',1);
INSERT INTO `__PREFIX__subadmin2` (`code`, `country_code`, `subadmin1_code`, `name`, `active`) VALUES ('TZ.11.0901','TZ','TZ.11','{\"en\":\"Mtwara\"}',1);
INSERT INTO `__PREFIX__subadmin2` (`code`, `country_code`, `subadmin1_code`, `name`, `active`) VALUES ('TZ.14.1003','TZ','TZ.14','{\"en\":\"Mbinga\"}',1);
INSERT INTO `__PREFIX__subadmin2` (`code`, `country_code`, `subadmin1_code`, `name`, `active`) VALUES ('TZ.11.0903','TZ','TZ.11','{\"en\":\"Masasi\"}',1);
INSERT INTO `__PREFIX__subadmin2` (`code`, `country_code`, `subadmin1_code`, `name`, `active`) VALUES ('TZ.30.2205','TZ','TZ.30','{\"en\":\"Ludewa\"}',1);
INSERT INTO `__PREFIX__subadmin2` (`code`, `country_code`, `subadmin1_code`, `name`, `active`) VALUES ('TZ.07.0806','TZ','TZ.07','{\"en\":\"Lindi Urban\"}',1);
INSERT INTO `__PREFIX__subadmin2` (`code`, `country_code`, `subadmin1_code`, `name`, `active`) VALUES ('TZ.03.0104','TZ','TZ.03','{\"en\":\"Chamwino\"}',1);
INSERT INTO `__PREFIX__subadmin2` (`code`, `country_code`, `subadmin1_code`, `name`, `active`) VALUES ('TZ.03.0106','TZ','TZ.03','{\"en\":\"Bahi District\"}',1);
INSERT INTO `__PREFIX__subadmin2` (`code`, `country_code`, `subadmin1_code`, `name`, `active`) VALUES ('TZ.15.1702','TZ','TZ.15','{\"en\":\"Kishapu District\"}',1);
INSERT INTO `__PREFIX__subadmin2` (`code`, `country_code`, `subadmin1_code`, `name`, `active`) VALUES ('TZ.05.1603','TZ','TZ.05','{\"en\":\"Kigoma Rural\"}',1);
INSERT INTO `__PREFIX__subadmin2` (`code`, `country_code`, `subadmin1_code`, `name`, `active`) VALUES ('TZ.31.2403','TZ','TZ.31','{\"en\":\"Meatu\"}',1);
INSERT INTO `__PREFIX__subadmin2` (`code`, `country_code`, `subadmin1_code`, `name`, `active`) VALUES ('TZ.12.1907','TZ','TZ.12','{\"en\":\"Misungwi district\"}',1);
INSERT INTO `__PREFIX__subadmin2` (`code`, `country_code`, `subadmin1_code`, `name`, `active`) VALUES ('TZ.04.1104','TZ','TZ.04','{\"en\":\"Kilolo District\"}',1);
INSERT INTO `__PREFIX__subadmin2` (`code`, `country_code`, `subadmin1_code`, `name`, `active`) VALUES ('TZ.17.1403','TZ','TZ.17','{\"en\":\"Uyui District\"}',1);
INSERT INTO `__PREFIX__subadmin2` (`code`, `country_code`, `subadmin1_code`, `name`, `active`) VALUES ('TZ.09.1207','TZ','TZ.09','{\"en\":\"Mbarali district\"}',1);
INSERT INTO `__PREFIX__subadmin2` (`code`, `country_code`, `subadmin1_code`, `name`, `active`) VALUES ('TZ.02.0602','TZ','TZ.02','{\"en\":\"Kibaha District\"}',1);
INSERT INTO `__PREFIX__subadmin2` (`code`, `country_code`, `subadmin1_code`, `name`, `active`) VALUES ('TZ.03.0103','TZ','TZ.03','{\"en\":\"Kongwa\"}',1);
INSERT INTO `__PREFIX__subadmin2` (`code`, `country_code`, `subadmin1_code`, `name`, `active`) VALUES ('TZ.26.0206','TZ','TZ.26','{\"en\":\"Arusha District\"}',1);
INSERT INTO `__PREFIX__subadmin2` (`code`, `country_code`, `subadmin1_code`, `name`, `active`) VALUES ('TZ.27.2101','TZ','TZ.27','{\"en\":\"Babati District\"}',1);
INSERT INTO `__PREFIX__subadmin2` (`code`, `country_code`, `subadmin1_code`, `name`, `active`) VALUES ('TZ.27.2104','TZ','TZ.27','{\"en\":\"Simanjiro\"}',1);
INSERT INTO `__PREFIX__subadmin2` (`code`, `country_code`, `subadmin1_code`, `name`, `active`) VALUES ('TZ.07.0802','TZ','TZ.07','{\"en\":\"Lindi Rural\"}',1);
INSERT INTO `__PREFIX__subadmin2` (`code`, `country_code`, `subadmin1_code`, `name`, `active`) VALUES ('TZ.07.0805','TZ','TZ.07','{\"en\":\"Ruangwa\"}',1);
INSERT INTO `__PREFIX__subadmin2` (`code`, `country_code`, `subadmin1_code`, `name`, `active`) VALUES ('TZ.10.0502','TZ','TZ.10','{\"en\":\"Morogoro Rural\"}',1);
INSERT INTO `__PREFIX__subadmin2` (`code`, `country_code`, `subadmin1_code`, `name`, `active`) VALUES ('TZ.15.1703','TZ','TZ.15','{\"en\":\"Shinyanga Rural\"}',1);
INSERT INTO `__PREFIX__subadmin2` (`code`, `country_code`, `subadmin1_code`, `name`, `active`) VALUES ('TZ.14.1005','TZ','TZ.14','{\"en\":\"Namtumbo\"}',1);
INSERT INTO `__PREFIX__subadmin2` (`code`, `country_code`, `subadmin1_code`, `name`, `active`) VALUES ('TZ.04.1103','TZ','TZ.04','{\"en\":\"Iringa Urban District\"}',1);
INSERT INTO `__PREFIX__subadmin2` (`code`, `country_code`, `subadmin1_code`, `name`, `active`) VALUES ('TZ.03.0105','TZ','TZ.03','{\"en\":\"Dodoma Urban District\"}',1);
INSERT INTO `__PREFIX__subadmin2` (`code`, `country_code`, `subadmin1_code`, `name`, `active`) VALUES ('TZ.16.1304','TZ','TZ.16','{\"en\":\"Singida Urban District\"}',1);
INSERT INTO `__PREFIX__subadmin2` (`code`, `country_code`, `subadmin1_code`, `name`, `active`) VALUES ('TZ.06.0304','TZ','TZ.06','{\"en\":\"Moshi Rural District\"}',1);
INSERT INTO `__PREFIX__subadmin2` (`code`, `country_code`, `subadmin1_code`, `name`, `active`) VALUES ('TZ.02.0604','TZ','TZ.02','{\"en\":\"Mkuranga\"}',1);
INSERT INTO `__PREFIX__subadmin2` (`code`, `country_code`, `subadmin1_code`, `name`, `active`) VALUES ('TZ.12.1906','TZ','TZ.12','{\"en\":\"Ilemela District\"}',1);
INSERT INTO `__PREFIX__subadmin2` (`code`, `country_code`, `subadmin1_code`, `name`, `active`) VALUES ('TZ.06.0306','TZ','TZ.06','{\"en\":\"Moshi Urban District\"}',1);
INSERT INTO `__PREFIX__subadmin2` (`code`, `country_code`, `subadmin1_code`, `name`, `active`) VALUES ('TZ.28.2504','TZ','TZ.28','{\"en\":\"Bukombe District\"}',1);
INSERT INTO `__PREFIX__subadmin2` (`code`, `country_code`, `subadmin1_code`, `name`, `active`) VALUES ('TZ.10.0506','TZ','TZ.10','{\"en\":\"Mvomero District\"}',1);
INSERT INTO `__PREFIX__subadmin2` (`code`, `country_code`, `subadmin1_code`, `name`, `active`) VALUES ('TZ.26.0207','TZ','TZ.26','{\"en\":\"Longido District\"}',1);
INSERT INTO `__PREFIX__subadmin2` (`code`, `country_code`, `subadmin1_code`, `name`, `active`) VALUES ('TZ.11.0906','TZ','TZ.11','{\"en\":\"Nanyumbu District\"}',1);
INSERT INTO `__PREFIX__subadmin2` (`code`, `country_code`, `subadmin1_code`, `name`, `active`) VALUES ('TZ.17.1405','TZ','TZ.17','{\"en\":\"Sikonge District\"}',1);
INSERT INTO `__PREFIX__subadmin2` (`code`, `country_code`, `subadmin1_code`, `name`, `active`) VALUES ('TZ.26.0204','TZ','TZ.26','{\"en\":\"Karatu District\"}',1);
INSERT INTO `__PREFIX__subadmin2` (`code`, `country_code`, `subadmin1_code`, `name`, `active`) VALUES ('TZ.18.0407','TZ','TZ.18','{\"en\":\"Kilindi District\"}',1);
INSERT INTO `__PREFIX__subadmin2` (`code`, `country_code`, `subadmin1_code`, `name`, `active`) VALUES ('TZ.11.0904','TZ','TZ.11','{\"en\":\"Tandahimba\"}',1);
INSERT INTO `__PREFIX__subadmin2` (`code`, `country_code`, `subadmin1_code`, `name`, `active`) VALUES ('TZ.12.1903','TZ','TZ.12','{\"en\":\"Nyamagana District\"}',1);
INSERT INTO `__PREFIX__subadmin2` (`code`, `country_code`, `subadmin1_code`, `name`, `active`) VALUES ('TZ.28.2505','TZ','TZ.28','{\"en\":\"Chato District\"}',1);
INSERT INTO `__PREFIX__subadmin2` (`code`, `country_code`, `subadmin1_code`, `name`, `active`) VALUES ('TZ.24.1504','TZ','TZ.24','{\"en\":\"Sumbawanga Urban\"}',1);
INSERT INTO `__PREFIX__subadmin2` (`code`, `country_code`, `subadmin1_code`, `name`, `active`) VALUES ('TZ.05.1605','TZ','TZ.05','{\"en\":\"Uvinza District\"}',1);
INSERT INTO `__PREFIX__subadmin2` (`code`, `country_code`, `subadmin1_code`, `name`, `active`) VALUES ('TZ.05.1607','TZ','TZ.05','{\"en\":\"Kakonko District\"}',1);
INSERT INTO `__PREFIX__subadmin2` (`code`, `country_code`, `subadmin1_code`, `name`, `active`) VALUES ('TZ.26.0203','TZ','TZ.26','{\"en\":\"Arusha City\"}',1);
INSERT INTO `__PREFIX__subadmin2` (`code`, `country_code`, `subadmin1_code`, `name`, `active`) VALUES ('TZ.03.0107','TZ','TZ.03','{\"en\":\"Chemba\"}',1);
INSERT INTO `__PREFIX__subadmin2` (`code`, `country_code`, `subadmin1_code`, `name`, `active`) VALUES ('TZ.28.2503','TZ','TZ.28','{\"en\":\"Mbogwe\"}',1);
INSERT INTO `__PREFIX__subadmin2` (`code`, `country_code`, `subadmin1_code`, `name`, `active`) VALUES ('TZ.28.2502','TZ','TZ.28','{\"en\":\"Nyang’hwale\"}',1);
INSERT INTO `__PREFIX__subadmin2` (`code`, `country_code`, `subadmin1_code`, `name`, `active`) VALUES ('TZ.04.1105','TZ','TZ.04','{\"en\":\"Mafinga Town Council\"}',1);
INSERT INTO `__PREFIX__subadmin2` (`code`, `country_code`, `subadmin1_code`, `name`, `active`) VALUES ('TZ.19.1806','TZ','TZ.19','{\"en\":\"Bukoba Municipal\"}',1);
INSERT INTO `__PREFIX__subadmin2` (`code`, `country_code`, `subadmin1_code`, `name`, `active`) VALUES ('TZ.19.1808','TZ','TZ.19','{\"en\":\"Kyerwa\"}',1);
INSERT INTO `__PREFIX__subadmin2` (`code`, `country_code`, `subadmin1_code`, `name`, `active`) VALUES ('TZ.19.1807','TZ','TZ.19','{\"en\":\"Missenyi\"}',1);
INSERT INTO `__PREFIX__subadmin2` (`code`, `country_code`, `subadmin1_code`, `name`, `active`) VALUES ('TZ.29.2303','TZ','TZ.29','{\"en\":\"Mlele\"}',1);
INSERT INTO `__PREFIX__subadmin2` (`code`, `country_code`, `subadmin1_code`, `name`, `active`) VALUES ('TZ.29.2301','TZ','TZ.29','{\"en\":\"Mpanda Town\"}',1);
INSERT INTO `__PREFIX__subadmin2` (`code`, `country_code`, `subadmin1_code`, `name`, `active`) VALUES ('TZ.05.1606','TZ','TZ.05','{\"en\":\"Buhigwe\"}',1);
INSERT INTO `__PREFIX__subadmin2` (`code`, `country_code`, `subadmin1_code`, `name`, `active`) VALUES ('TZ.05.1608','TZ','TZ.05','{\"en\":\"Kasulu Town\"}',1);
INSERT INTO `__PREFIX__subadmin2` (`code`, `country_code`, `subadmin1_code`, `name`, `active`) VALUES ('TZ.05.1604','TZ','TZ.05','{\"en\":\"Kigoma Ujiji Municipal\"}',1);
INSERT INTO `__PREFIX__subadmin2` (`code`, `country_code`, `subadmin1_code`, `name`, `active`) VALUES ('TZ.06.0307','TZ','TZ.06','{\"en\":\"Siha\"}',1);
INSERT INTO `__PREFIX__subadmin2` (`code`, `country_code`, `subadmin1_code`, `name`, `active`) VALUES ('TZ.27.2106','TZ','TZ.27','{\"en\":\"Babati Town\"}',1);
INSERT INTO `__PREFIX__subadmin2` (`code`, `country_code`, `subadmin1_code`, `name`, `active`) VALUES ('TZ.08.2007','TZ','TZ.08','{\"en\":\"Butiama\"}',1);
INSERT INTO `__PREFIX__subadmin2` (`code`, `country_code`, `subadmin1_code`, `name`, `active`) VALUES ('TZ.08.2005','TZ','TZ.08','{\"en\":\"Musoma Municipal\"}',1);
INSERT INTO `__PREFIX__subadmin2` (`code`, `country_code`, `subadmin1_code`, `name`, `active`) VALUES ('TZ.08.2006','TZ','TZ.08','{\"en\":\"Rorya\"}',1);
INSERT INTO `__PREFIX__subadmin2` (`code`, `country_code`, `subadmin1_code`, `name`, `active`) VALUES ('TZ.09.1208','TZ','TZ.09','{\"en\":\"Mbeya City\"}',1);
INSERT INTO `__PREFIX__subadmin2` (`code`, `country_code`, `subadmin1_code`, `name`, `active`) VALUES ('TZ.32.1209','TZ','TZ.32','{\"en\":\"Momba\"}',1);
INSERT INTO `__PREFIX__subadmin2` (`code`, `country_code`, `subadmin1_code`, `name`, `active`) VALUES ('TZ.32.1210','TZ','TZ.32','{\"en\":\"Tunduma\"}',1);
INSERT INTO `__PREFIX__subadmin2` (`code`, `country_code`, `subadmin1_code`, `name`, `active`) VALUES ('TZ.10.0507','TZ','TZ.10','{\"en\":\"Gairo\"}',1);
INSERT INTO `__PREFIX__subadmin2` (`code`, `country_code`, `subadmin1_code`, `name`, `active`) VALUES ('TZ.11.0907','TZ','TZ.11','{\"en\":\"Masasi Town\"}',1);
INSERT INTO `__PREFIX__subadmin2` (`code`, `country_code`, `subadmin1_code`, `name`, `active`) VALUES ('TZ.30.2206','TZ','TZ.30','{\"en\":\"Makambako Town\"}',1);
INSERT INTO `__PREFIX__subadmin2` (`code`, `country_code`, `subadmin1_code`, `name`, `active`) VALUES ('TZ.30.2201','TZ','TZ.30','{\"en\":\"Njombe Town\"}',1);
INSERT INTO `__PREFIX__subadmin2` (`code`, `country_code`, `subadmin1_code`, `name`, `active`) VALUES ('TZ.30.2202','TZ','TZ.30','{\"en\":\"Wanging’ombe\"}',1);
INSERT INTO `__PREFIX__subadmin2` (`code`, `country_code`, `subadmin1_code`, `name`, `active`) VALUES ('TZ.02.0607','TZ','TZ.02','{\"en\":\"Kibaha Town\"}',1);
INSERT INTO `__PREFIX__subadmin2` (`code`, `country_code`, `subadmin1_code`, `name`, `active`) VALUES ('TZ.24.1501','TZ','TZ.24','{\"en\":\"Kalambo\"}',1);
INSERT INTO `__PREFIX__subadmin2` (`code`, `country_code`, `subadmin1_code`, `name`, `active`) VALUES ('TZ.14.1006','TZ','TZ.14','{\"en\":\"Nyasa\"}',1);
INSERT INTO `__PREFIX__subadmin2` (`code`, `country_code`, `subadmin1_code`, `name`, `active`) VALUES ('TZ.14.1004','TZ','TZ.14','{\"en\":\"Songea Municipal\"}',1);
INSERT INTO `__PREFIX__subadmin2` (`code`, `country_code`, `subadmin1_code`, `name`, `active`) VALUES ('TZ.15.1705','TZ','TZ.15','{\"en\":\"Kahama Town\"}',1);
INSERT INTO `__PREFIX__subadmin2` (`code`, `country_code`, `subadmin1_code`, `name`, `active`) VALUES ('TZ.31.2405','TZ','TZ.31','{\"en\":\"Busega\"}',1);
INSERT INTO `__PREFIX__subadmin2` (`code`, `country_code`, `subadmin1_code`, `name`, `active`) VALUES ('TZ.31.2402','TZ','TZ.31','{\"en\":\"Itilima\"}',1);
INSERT INTO `__PREFIX__subadmin2` (`code`, `country_code`, `subadmin1_code`, `name`, `active`) VALUES ('TZ.16.1305','TZ','TZ.16','{\"en\":\"Ikungi\"}',1);
INSERT INTO `__PREFIX__subadmin2` (`code`, `country_code`, `subadmin1_code`, `name`, `active`) VALUES ('TZ.16.1306','TZ','TZ.16','{\"en\":\"Mkalama\"}',1);
INSERT INTO `__PREFIX__subadmin2` (`code`, `country_code`, `subadmin1_code`, `name`, `active`) VALUES ('TZ.17.1407','TZ','TZ.17','{\"en\":\"Kaliua\"}',1);
INSERT INTO `__PREFIX__subadmin2` (`code`, `country_code`, `subadmin1_code`, `name`, `active`) VALUES ('TZ.18.0410','TZ','TZ.18','{\"en\":\"Handeni Town\"}',1);
INSERT INTO `__PREFIX__subadmin2` (`code`, `country_code`, `subadmin1_code`, `name`, `active`) VALUES ('TZ.18.0409','TZ','TZ.18','{\"en\":\"Korogwe Town\"}',1);
INSERT INTO `__PREFIX__subadmin2` (`code`, `country_code`, `subadmin1_code`, `name`, `active`) VALUES ('TZ.18.0408','TZ','TZ.18','{\"en\":\"Mkinga\"}',1);
INSERT INTO `__PREFIX__subadmin2` (`code`, `country_code`, `subadmin1_code`, `name`, `active`) VALUES ('TZ.21.5201','TZ','TZ.21','{\"en\":\"Kati\"}',1);
INSERT INTO `__PREFIX__subadmin2` (`code`, `country_code`, `subadmin1_code`, `name`, `active`) VALUES ('TZ.25.5301','TZ','TZ.25','{\"en\":\"Magharibi\"}',1);
INSERT INTO `__PREFIX__subadmin2` (`code`, `country_code`, `subadmin1_code`, `name`, `active`) VALUES ('TZ.22.5101','TZ','TZ.22','{\"en\":\"Kaskazini A\"}',1);
INSERT INTO `__PREFIX__subadmin2` (`code`, `country_code`, `subadmin1_code`, `name`, `active`) VALUES ('TZ.22.5102','TZ','TZ.22','{\"en\":\"Kaskazini B\"}',1);
INSERT INTO `__PREFIX__subadmin2` (`code`, `country_code`, `subadmin1_code`, `name`, `active`) VALUES ('TZ.21.5202','TZ','TZ.21','{\"en\":\"Kusini\"}',1);
INSERT INTO `__PREFIX__subadmin2` (`code`, `country_code`, `subadmin1_code`, `name`, `active`) VALUES ('TZ.25.5302','TZ','TZ.25','{\"en\":\"Mjini\"}',1);
INSERT INTO `__PREFIX__subadmin2` (`code`, `country_code`, `subadmin1_code`, `name`, `active`) VALUES ('TZ.11.0905','TZ','TZ.11','{\"en\":\"Mtwara Urban\"}',1);
INSERT INTO `__PREFIX__subadmin2` (`code`, `country_code`, `subadmin1_code`, `name`, `active`) VALUES ('TZ.32.6001','TZ','TZ.32','{\"en\":\"Songwe District\"}',1);
/*!40000 ALTER TABLE `__PREFIX__subadmin2` ENABLE KEYS */;

--
-- Dumping data for table `__PREFIX__cities`
--

/*!40000 ALTER TABLE `__PREFIX__cities` DISABLE KEYS */;
INSERT INTO `__PREFIX__cities` (`country_code`, `name`, `longitude`, `latitude`, `feature_class`, `feature_code`, `subadmin1_code`, `subadmin2_code`, `population`, `time_zone`, `active`, `created_at`, `updated_at`) VALUES ('TZ','{\"en\":\"Zanzibar\"}',39.20,-6.16,'P','PPLA','TZ.25','TZ.25.5302',403658,'Africa/Dar_es_Salaam',1,'2019-09-04 23:00:00','2019-09-04 23:00:00');
INSERT INTO `__PREFIX__cities` (`country_code`, `name`, `longitude`, `latitude`, `feature_class`, `feature_code`, `subadmin1_code`, `subadmin2_code`, `population`, `time_zone`, `active`, `created_at`, `updated_at`) VALUES ('TZ','{\"en\":\"Wete\"}',39.73,-5.06,'P','PPLA','TZ.13','TZ.13.5401',26450,'Africa/Dar_es_Salaam',1,'2016-07-25 23:00:00','2016-07-25 23:00:00');
INSERT INTO `__PREFIX__cities` (`country_code`, `name`, `longitude`, `latitude`, `feature_class`, `feature_code`, `subadmin1_code`, `subadmin2_code`, `population`, `time_zone`, `active`, `created_at`, `updated_at`) VALUES ('TZ','{\"en\":\"Vwawa\"}',32.93,-9.11,'P','PPLA','TZ.32','TZ.32.1206',40145,'Africa/Dar_es_Salaam',1,'2018-09-07 23:00:00','2018-09-07 23:00:00');
INSERT INTO `__PREFIX__cities` (`country_code`, `name`, `longitude`, `latitude`, `feature_class`, `feature_code`, `subadmin1_code`, `subadmin2_code`, `population`, `time_zone`, `active`, `created_at`, `updated_at`) VALUES ('TZ','{\"en\":\"Vikindu\"}',39.30,-7.01,'P','PPL','TZ.02','TZ.02.0604',23307,'Africa/Dar_es_Salaam',1,'2016-07-25 23:00:00','2016-07-25 23:00:00');
INSERT INTO `__PREFIX__cities` (`country_code`, `name`, `longitude`, `latitude`, `feature_class`, `feature_code`, `subadmin1_code`, `subadmin2_code`, `population`, `time_zone`, `active`, `created_at`, `updated_at`) VALUES ('TZ','{\"en\":\"Uyovu\"}',31.53,-3.28,'P','PPL','TZ.28','TZ.28.2504',60849,'Africa/Dar_es_Salaam',1,'2016-07-25 23:00:00','2016-07-25 23:00:00');
INSERT INTO `__PREFIX__cities` (`country_code`, `name`, `longitude`, `latitude`, `feature_class`, `feature_code`, `subadmin1_code`, `subadmin2_code`, `population`, `time_zone`, `active`, `created_at`, `updated_at`) VALUES ('TZ','{\"en\":\"Uvinza\"}',30.39,-5.10,'P','PPL','TZ.05','TZ.05.1605',24650,'Africa/Dar_es_Salaam',1,'2016-07-25 23:00:00','2016-07-25 23:00:00');
INSERT INTO `__PREFIX__cities` (`country_code`, `name`, `longitude`, `latitude`, `feature_class`, `feature_code`, `subadmin1_code`, `subadmin2_code`, `population`, `time_zone`, `active`, `created_at`, `updated_at`) VALUES ('TZ','{\"en\":\"Utete\"}',38.76,-7.99,'P','PPL','TZ.02','TZ.02.0605',11888,'Africa/Dar_es_Salaam',1,'2016-07-25 23:00:00','2016-07-25 23:00:00');
INSERT INTO `__PREFIX__cities` (`country_code`, `name`, `longitude`, `latitude`, `feature_class`, `feature_code`, `subadmin1_code`, `subadmin2_code`, `population`, `time_zone`, `active`, `created_at`, `updated_at`) VALUES ('TZ','{\"en\":\"Usoke\"}',32.35,-5.17,'P','PPL','TZ.17','TZ.17.1404',7295,'Africa/Dar_es_Salaam',1,'2016-07-25 23:00:00','2016-07-25 23:00:00');
INSERT INTO `__PREFIX__cities` (`country_code`, `name`, `longitude`, `latitude`, `feature_class`, `feature_code`, `subadmin1_code`, `subadmin2_code`, `population`, `time_zone`, `active`, `created_at`, `updated_at`) VALUES ('TZ','{\"en\":\"Ushirombo\"}',31.96,-3.49,'P','PPL','TZ.28','TZ.28.2504',95052,'Africa/Dar_es_Salaam',1,'2016-07-25 23:00:00','2016-07-25 23:00:00');
INSERT INTO `__PREFIX__cities` (`country_code`, `name`, `longitude`, `latitude`, `feature_class`, `feature_code`, `subadmin1_code`, `subadmin2_code`, `population`, `time_zone`, `active`, `created_at`, `updated_at`) VALUES ('TZ','{\"en\":\"Usevia\"}',31.23,-7.10,'P','PPL','TZ.29','TZ.29.2303',17742,'Africa/Dar_es_Salaam',1,'2016-07-25 23:00:00','2016-07-25 23:00:00');
INSERT INTO `__PREFIX__cities` (`country_code`, `name`, `longitude`, `latitude`, `feature_class`, `feature_code`, `subadmin1_code`, `subadmin2_code`, `population`, `time_zone`, `active`, `created_at`, `updated_at`) VALUES ('TZ','{\"en\":\"Usagara\"}',33.00,-2.68,'P','PPL','TZ.12','TZ.12.1907',15514,'Africa/Dar_es_Salaam',1,'2016-07-25 23:00:00','2016-07-25 23:00:00');
INSERT INTO `__PREFIX__cities` (`country_code`, `name`, `longitude`, `latitude`, `feature_class`, `feature_code`, `subadmin1_code`, `subadmin2_code`, `population`, `time_zone`, `active`, `created_at`, `updated_at`) VALUES ('TZ','{\"en\":\"Usa River\"}',36.85,-3.37,'P','PPL','TZ.26','TZ.26.0202',18726,'Africa/Dar_es_Salaam',1,'2016-07-25 23:00:00','2016-07-25 23:00:00');
INSERT INTO `__PREFIX__cities` (`country_code`, `name`, `longitude`, `latitude`, `feature_class`, `feature_code`, `subadmin1_code`, `subadmin2_code`, `population`, `time_zone`, `active`, `created_at`, `updated_at`) VALUES ('TZ','{\"en\":\"Urambo\"}',32.05,-5.07,'P','PPL','TZ.17','TZ.17.1404',23724,'Africa/Dar_es_Salaam',1,'2016-07-25 23:00:00','2016-07-25 23:00:00');
INSERT INTO `__PREFIX__cities` (`country_code`, `name`, `longitude`, `latitude`, `feature_class`, `feature_code`, `subadmin1_code`, `subadmin2_code`, `population`, `time_zone`, `active`, `created_at`, `updated_at`) VALUES ('TZ','{\"en\":\"Ulenje\"}',33.68,-8.93,'P','PPL','TZ.09','TZ.09.1202',12219,'Africa/Dar_es_Salaam',1,'2016-07-25 23:00:00','2016-07-25 23:00:00');
INSERT INTO `__PREFIX__cities` (`country_code`, `name`, `longitude`, `latitude`, `feature_class`, `feature_code`, `subadmin1_code`, `subadmin2_code`, `population`, `time_zone`, `active`, `created_at`, `updated_at`) VALUES ('TZ','{\"en\":\"Tunduma\"}',32.77,-9.30,'P','PPL','TZ.32','TZ.32.1210',36556,'Africa/Dar_es_Salaam',1,'2018-09-08 23:00:00','2018-09-08 23:00:00');
INSERT INTO `__PREFIX__cities` (`country_code`, `name`, `longitude`, `latitude`, `feature_class`, `feature_code`, `subadmin1_code`, `subadmin2_code`, `population`, `time_zone`, `active`, `created_at`, `updated_at`) VALUES ('TZ','{\"en\":\"Tumbi\"}',32.73,-5.07,'P','PPL','TZ.17','TZ.17.1406',32900,'Africa/Dar_es_Salaam',1,'2016-07-25 23:00:00','2016-07-25 23:00:00');
INSERT INTO `__PREFIX__cities` (`country_code`, `name`, `longitude`, `latitude`, `feature_class`, `feature_code`, `subadmin1_code`, `subadmin2_code`, `population`, `time_zone`, `active`, `created_at`, `updated_at`) VALUES ('TZ','{\"en\":\"Tukuyu\"}',33.65,-9.25,'P','PPL','TZ.09','TZ.09.1204',28398,'Africa/Dar_es_Salaam',1,'2016-07-25 23:00:00','2016-07-25 23:00:00');
INSERT INTO `__PREFIX__cities` (`country_code`, `name`, `longitude`, `latitude`, `feature_class`, `feature_code`, `subadmin1_code`, `subadmin2_code`, `population`, `time_zone`, `active`, `created_at`, `updated_at`) VALUES ('TZ','{\"en\":\"Tinde\"}',33.20,-3.88,'P','PPL','TZ.15','TZ.15.1703',22082,'Africa/Dar_es_Salaam',1,'2016-07-25 23:00:00','2016-07-25 23:00:00');
INSERT INTO `__PREFIX__cities` (`country_code`, `name`, `longitude`, `latitude`, `feature_class`, `feature_code`, `subadmin1_code`, `subadmin2_code`, `population`, `time_zone`, `active`, `created_at`, `updated_at`) VALUES ('TZ','{\"en\":\"Tarime\"}',34.37,-1.35,'P','PPL','TZ.08','TZ.08.2001',33094,'Africa/Dar_es_Salaam',1,'2016-07-25 23:00:00','2016-07-25 23:00:00');
INSERT INTO `__PREFIX__cities` (`country_code`, `name`, `longitude`, `latitude`, `feature_class`, `feature_code`, `subadmin1_code`, `subadmin2_code`, `population`, `time_zone`, `active`, `created_at`, `updated_at`) VALUES ('TZ','{\"en\":\"Tanga\"}',39.10,-5.07,'P','PPLA','TZ.18','TZ.18.0404',224876,'Africa/Dar_es_Salaam',1,'2019-09-04 23:00:00','2019-09-04 23:00:00');
INSERT INTO `__PREFIX__cities` (`country_code`, `name`, `longitude`, `latitude`, `feature_class`, `feature_code`, `subadmin1_code`, `subadmin2_code`, `population`, `time_zone`, `active`, `created_at`, `updated_at`) VALUES ('TZ','{\"en\":\"Tabora\"}',32.83,-5.02,'P','PPLA','TZ.17','TZ.17.1406',145292,'Africa/Dar_es_Salaam',1,'2016-07-25 23:00:00','2016-07-25 23:00:00');
INSERT INTO `__PREFIX__cities` (`country_code`, `name`, `longitude`, `latitude`, `feature_class`, `feature_code`, `subadmin1_code`, `subadmin2_code`, `population`, `time_zone`, `active`, `created_at`, `updated_at`) VALUES ('TZ','{\"en\":\"Sumbawanga\"}',31.62,-7.97,'P','PPLA','TZ.24','TZ.24.1504',89161,'Africa/Dar_es_Salaam',1,'2016-07-25 23:00:00','2016-07-25 23:00:00');
INSERT INTO `__PREFIX__cities` (`country_code`, `name`, `longitude`, `latitude`, `feature_class`, `feature_code`, `subadmin1_code`, `subadmin2_code`, `population`, `time_zone`, `active`, `created_at`, `updated_at`) VALUES ('TZ','{\"en\":\"Soni\"}',38.37,-4.85,'P','PPL','TZ.18','TZ.18.0401',12402,'Africa/Dar_es_Salaam',1,'2018-12-03 23:00:00','2018-12-03 23:00:00');
INSERT INTO `__PREFIX__cities` (`country_code`, `name`, `longitude`, `latitude`, `feature_class`, `feature_code`, `subadmin1_code`, `subadmin2_code`, `population`, `time_zone`, `active`, `created_at`, `updated_at`) VALUES ('TZ','{\"en\":\"Songwa\"}',33.52,-3.52,'P','PPL','TZ.15','TZ.15.1702',23618,'Africa/Dar_es_Salaam',1,'2016-07-25 23:00:00','2016-07-25 23:00:00');
INSERT INTO `__PREFIX__cities` (`country_code`, `name`, `longitude`, `latitude`, `feature_class`, `feature_code`, `subadmin1_code`, `subadmin2_code`, `population`, `time_zone`, `active`, `created_at`, `updated_at`) VALUES ('TZ','{\"en\":\"Somanda\"}',33.95,-3.37,'P','PPL','TZ.31','TZ.31.2404',33932,'Africa/Dar_es_Salaam',1,'2016-07-25 23:00:00','2016-07-25 23:00:00');
INSERT INTO `__PREFIX__cities` (`country_code`, `name`, `longitude`, `latitude`, `feature_class`, `feature_code`, `subadmin1_code`, `subadmin2_code`, `population`, `time_zone`, `active`, `created_at`, `updated_at`) VALUES ('TZ','{\"en\":\"Sokoni\"}',39.55,-6.43,'P','PPL','TZ.21','TZ.21.5202',25821,'Africa/Dar_es_Salaam',1,'2016-07-25 23:00:00','2016-07-25 23:00:00');
INSERT INTO `__PREFIX__cities` (`country_code`, `name`, `longitude`, `latitude`, `feature_class`, `feature_code`, `subadmin1_code`, `subadmin2_code`, `population`, `time_zone`, `active`, `created_at`, `updated_at`) VALUES ('TZ','{\"en\":\"Sirari\"}',34.48,-1.25,'P','PPL','TZ.08','TZ.08.2001',24317,'Africa/Dar_es_Salaam',1,'2016-07-25 23:00:00','2016-07-25 23:00:00');
INSERT INTO `__PREFIX__cities` (`country_code`, `name`, `longitude`, `latitude`, `feature_class`, `feature_code`, `subadmin1_code`, `subadmin2_code`, `population`, `time_zone`, `active`, `created_at`, `updated_at`) VALUES ('TZ','{\"en\":\"Singida\"}',34.74,-4.82,'P','PPLA','TZ.16','TZ.16.1304',62432,'Africa/Dar_es_Salaam',1,'2016-07-25 23:00:00','2016-07-25 23:00:00');
INSERT INTO `__PREFIX__cities` (`country_code`, `name`, `longitude`, `latitude`, `feature_class`, `feature_code`, `subadmin1_code`, `subadmin2_code`, `population`, `time_zone`, `active`, `created_at`, `updated_at`) VALUES ('TZ','{\"en\":\"Sikonge\"}',32.77,-5.63,'P','PPL','TZ.17','TZ.17.1405',27113,'Africa/Dar_es_Salaam',1,'2016-07-25 23:00:00','2016-07-25 23:00:00');
INSERT INTO `__PREFIX__cities` (`country_code`, `name`, `longitude`, `latitude`, `feature_class`, `feature_code`, `subadmin1_code`, `subadmin2_code`, `population`, `time_zone`, `active`, `created_at`, `updated_at`) VALUES ('TZ','{\"en\":\"Shinyanga\"}',33.42,-3.66,'P','PPLA','TZ.15','TZ.15.1701',107362,'Africa/Dar_es_Salaam',1,'2016-07-25 23:00:00','2016-07-25 23:00:00');
INSERT INTO `__PREFIX__cities` (`country_code`, `name`, `longitude`, `latitude`, `feature_class`, `feature_code`, `subadmin1_code`, `subadmin2_code`, `population`, `time_zone`, `active`, `created_at`, `updated_at`) VALUES ('TZ','{\"en\":\"Shelui\"}',34.20,-4.37,'P','PPL','TZ.16','TZ.16.1301',24817,'Africa/Dar_es_Salaam',1,'2016-07-25 23:00:00','2016-07-25 23:00:00');
INSERT INTO `__PREFIX__cities` (`country_code`, `name`, `longitude`, `latitude`, `feature_class`, `feature_code`, `subadmin1_code`, `subadmin2_code`, `population`, `time_zone`, `active`, `created_at`, `updated_at`) VALUES ('TZ','{\"en\":\"Sepuka\"}',34.53,-4.75,'P','PPL','TZ.16','TZ.16.1305',25657,'Africa/Dar_es_Salaam',1,'2016-07-25 23:00:00','2016-07-25 23:00:00');
INSERT INTO `__PREFIX__cities` (`country_code`, `name`, `longitude`, `latitude`, `feature_class`, `feature_code`, `subadmin1_code`, `subadmin2_code`, `population`, `time_zone`, `active`, `created_at`, `updated_at`) VALUES ('TZ','{\"en\":\"Same\"}',37.73,-4.07,'P','PPL','TZ.06','TZ.06.0303',17455,'Africa/Dar_es_Salaam',1,'2016-07-25 23:00:00','2016-07-25 23:00:00');
INSERT INTO `__PREFIX__cities` (`country_code`, `name`, `longitude`, `latitude`, `feature_class`, `feature_code`, `subadmin1_code`, `subadmin2_code`, `population`, `time_zone`, `active`, `created_at`, `updated_at`) VALUES ('TZ','{\"en\":\"Rulenge\"}',30.63,-2.72,'P','PPL','TZ.19','TZ.19.1805',22069,'Africa/Dar_es_Salaam',1,'2016-07-25 23:00:00','2016-07-25 23:00:00');
INSERT INTO `__PREFIX__cities` (`country_code`, `name`, `longitude`, `latitude`, `feature_class`, `feature_code`, `subadmin1_code`, `subadmin2_code`, `population`, `time_zone`, `active`, `created_at`, `updated_at`) VALUES ('TZ','{\"en\":\"Rujewa\"}',34.38,-8.70,'P','PPL','TZ.09','TZ.09.1207',29228,'Africa/Dar_es_Salaam',1,'2016-07-25 23:00:00','2016-07-25 23:00:00');
INSERT INTO `__PREFIX__cities` (`country_code`, `name`, `longitude`, `latitude`, `feature_class`, `feature_code`, `subadmin1_code`, `subadmin2_code`, `population`, `time_zone`, `active`, `created_at`, `updated_at`) VALUES ('TZ','{\"en\":\"Puma\"}',34.73,-5.00,'P','PPL','TZ.16','TZ.16.1305',17092,'Africa/Dar_es_Salaam',1,'2016-07-25 23:00:00','2016-07-25 23:00:00');
INSERT INTO `__PREFIX__cities` (`country_code`, `name`, `longitude`, `latitude`, `feature_class`, `feature_code`, `subadmin1_code`, `subadmin2_code`, `population`, `time_zone`, `active`, `created_at`, `updated_at`) VALUES ('TZ','{\"en\":\"Poli\"}',36.80,-3.33,'P','PPL','TZ.26','TZ.26.0202',9568,'Africa/Dar_es_Salaam',1,'2016-07-25 23:00:00','2016-07-25 23:00:00');
INSERT INTO `__PREFIX__cities` (`country_code`, `name`, `longitude`, `latitude`, `feature_class`, `feature_code`, `subadmin1_code`, `subadmin2_code`, `population`, `time_zone`, `active`, `created_at`, `updated_at`) VALUES ('TZ','{\"en\":\"Pangani\"}',38.97,-5.43,'P','PPL','TZ.18','TZ.18.0405',8343,'Africa/Dar_es_Salaam',1,'2016-07-25 23:00:00','2016-07-25 23:00:00');
INSERT INTO `__PREFIX__cities` (`country_code`, `name`, `longitude`, `latitude`, `feature_class`, `feature_code`, `subadmin1_code`, `subadmin2_code`, `population`, `time_zone`, `active`, `created_at`, `updated_at`) VALUES ('TZ','{\"en\":\"Old Shinyanga\"}',33.40,-3.55,'P','PPL','TZ.15','TZ.15.1701',23747,'Africa/Dar_es_Salaam',1,'2016-07-25 23:00:00','2016-07-25 23:00:00');
INSERT INTO `__PREFIX__cities` (`country_code`, `name`, `longitude`, `latitude`, `feature_class`, `feature_code`, `subadmin1_code`, `subadmin2_code`, `population`, `time_zone`, `active`, `created_at`, `updated_at`) VALUES ('TZ','{\"en\":\"Nzega\"}',33.18,-4.22,'P','PPL','TZ.17','TZ.17.1401',26584,'Africa/Dar_es_Salaam',1,'2016-07-25 23:00:00','2016-07-25 23:00:00');
INSERT INTO `__PREFIX__cities` (`country_code`, `name`, `longitude`, `latitude`, `feature_class`, `feature_code`, `subadmin1_code`, `subadmin2_code`, `population`, `time_zone`, `active`, `created_at`, `updated_at`) VALUES ('TZ','{\"en\":\"Nyanguge\"}',33.20,-2.55,'P','PPL','TZ.12','TZ.12.1902',10746,'Africa/Dar_es_Salaam',1,'2016-07-25 23:00:00','2016-07-25 23:00:00');
INSERT INTO `__PREFIX__cities` (`country_code`, `name`, `longitude`, `latitude`, `feature_class`, `feature_code`, `subadmin1_code`, `subadmin2_code`, `population`, `time_zone`, `active`, `created_at`, `updated_at`) VALUES ('TZ','{\"en\":\"Nyamuswa\"}',34.02,-1.90,'P','PPL','TZ.08','TZ.08.2004',16507,'Africa/Dar_es_Salaam',1,'2016-07-25 23:00:00','2016-07-25 23:00:00');
INSERT INTO `__PREFIX__cities` (`country_code`, `name`, `longitude`, `latitude`, `feature_class`, `feature_code`, `subadmin1_code`, `subadmin2_code`, `population`, `time_zone`, `active`, `created_at`, `updated_at`) VALUES ('TZ','{\"en\":\"Nyalikungu\"}',33.78,-3.18,'P','PPL','TZ.31','TZ.31.2404',24648,'Africa/Dar_es_Salaam',1,'2016-07-25 23:00:00','2016-07-25 23:00:00');
INSERT INTO `__PREFIX__cities` (`country_code`, `name`, `longitude`, `latitude`, `feature_class`, `feature_code`, `subadmin1_code`, `subadmin2_code`, `population`, `time_zone`, `active`, `created_at`, `updated_at`) VALUES ('TZ','{\"en\":\"Nyakahanga\"}',31.14,-1.60,'P','PPL','TZ.19','TZ.19.1801',14611,'Africa/Dar_es_Salaam',1,'2016-07-25 23:00:00','2016-07-25 23:00:00');
INSERT INTO `__PREFIX__cities` (`country_code`, `name`, `longitude`, `latitude`, `feature_class`, `feature_code`, `subadmin1_code`, `subadmin2_code`, `population`, `time_zone`, `active`, `created_at`, `updated_at`) VALUES ('TZ','{\"en\":\"Nyakabindi\"}',33.98,-2.63,'P','PPL','TZ.31','TZ.31.2401',18428,'Africa/Dar_es_Salaam',1,'2016-07-25 23:00:00','2016-07-25 23:00:00');
INSERT INTO `__PREFIX__cities` (`country_code`, `name`, `longitude`, `latitude`, `feature_class`, `feature_code`, `subadmin1_code`, `subadmin2_code`, `population`, `time_zone`, `active`, `created_at`, `updated_at`) VALUES ('TZ','{\"en\":\"Nsunga\"}',31.39,-1.14,'P','PPL','TZ.19','TZ.19.1807',20049,'Africa/Dar_es_Salaam',1,'2016-07-25 23:00:00','2016-07-25 23:00:00');
INSERT INTO `__PREFIX__cities` (`country_code`, `name`, `longitude`, `latitude`, `feature_class`, `feature_code`, `subadmin1_code`, `subadmin2_code`, `population`, `time_zone`, `active`, `created_at`, `updated_at`) VALUES ('TZ','{\"en\":\"Nshamba\"}',31.55,-1.80,'P','PPL','TZ.19','TZ.19.1803',19815,'Africa/Dar_es_Salaam',1,'2016-07-25 23:00:00','2016-07-25 23:00:00');
INSERT INTO `__PREFIX__cities` (`country_code`, `name`, `longitude`, `latitude`, `feature_class`, `feature_code`, `subadmin1_code`, `subadmin2_code`, `population`, `time_zone`, `active`, `created_at`, `updated_at`) VALUES ('TZ','{\"en\":\"Nkove\"}',30.85,-7.95,'P','PPL','TZ.24','TZ.24.1503',5389,'Africa/Dar_es_Salaam',1,'2016-07-25 23:00:00','2016-07-25 23:00:00');
INSERT INTO `__PREFIX__cities` (`country_code`, `name`, `longitude`, `latitude`, `feature_class`, `feature_code`, `subadmin1_code`, `subadmin2_code`, `population`, `time_zone`, `active`, `created_at`, `updated_at`) VALUES ('TZ','{\"en\":\"Nkoaranga\"}',36.80,-3.33,'P','PPL','TZ.26','TZ.26.0202',14738,'Africa/Dar_es_Salaam',1,'2016-07-25 23:00:00','2016-07-25 23:00:00');
INSERT INTO `__PREFIX__cities` (`country_code`, `name`, `longitude`, `latitude`, `feature_class`, `feature_code`, `subadmin1_code`, `subadmin2_code`, `population`, `time_zone`, `active`, `created_at`, `updated_at`) VALUES ('TZ','{\"en\":\"Njombe\"}',34.77,-9.35,'P','PPLA','TZ.30','TZ.30.2201',46724,'Africa/Dar_es_Salaam',1,'2018-05-08 23:00:00','2018-05-08 23:00:00');
INSERT INTO `__PREFIX__cities` (`country_code`, `name`, `longitude`, `latitude`, `feature_class`, `feature_code`, `subadmin1_code`, `subadmin2_code`, `population`, `time_zone`, `active`, `created_at`, `updated_at`) VALUES ('TZ','{\"en\":\"Nguruka\"}',31.04,-5.11,'P','PPL','TZ.05','TZ.05.1605',39135,'Africa/Dar_es_Salaam',1,'2016-07-25 23:00:00','2016-07-25 23:00:00');
INSERT INTO `__PREFIX__cities` (`country_code`, `name`, `longitude`, `latitude`, `feature_class`, `feature_code`, `subadmin1_code`, `subadmin2_code`, `population`, `time_zone`, `active`, `created_at`, `updated_at`) VALUES ('TZ','{\"en\":\"Ngudu\"}',33.33,-2.97,'P','PPL','TZ.12','TZ.12.1904',22658,'Africa/Dar_es_Salaam',1,'2016-07-25 23:00:00','2016-07-25 23:00:00');
INSERT INTO `__PREFIX__cities` (`country_code`, `name`, `longitude`, `latitude`, `feature_class`, `feature_code`, `subadmin1_code`, `subadmin2_code`, `population`, `time_zone`, `active`, `created_at`, `updated_at`) VALUES ('TZ','{\"en\":\"Ngorongoro\"}',35.49,-3.24,'P','PPL','TZ.26','TZ.26.0205',10836,'Africa/Dar_es_Salaam',1,'2016-07-25 23:00:00','2016-07-25 23:00:00');
INSERT INTO `__PREFIX__cities` (`country_code`, `name`, `longitude`, `latitude`, `feature_class`, `feature_code`, `subadmin1_code`, `subadmin2_code`, `population`, `time_zone`, `active`, `created_at`, `updated_at`) VALUES ('TZ','{\"en\":\"Ngerengere\"}',38.12,-6.75,'P','PPL','TZ.10','TZ.10.0502',17181,'Africa/Dar_es_Salaam',1,'2021-05-31 23:00:00','2021-05-31 23:00:00');
INSERT INTO `__PREFIX__cities` (`country_code`, `name`, `longitude`, `latitude`, `feature_class`, `feature_code`, `subadmin1_code`, `subadmin2_code`, `population`, `time_zone`, `active`, `created_at`, `updated_at`) VALUES ('TZ','{\"en\":\"Ngara\"}',30.66,-2.51,'P','PPL','TZ.19','TZ.19.1805',16890,'Africa/Dar_es_Salaam',1,'2016-07-25 23:00:00','2016-07-25 23:00:00');
INSERT INTO `__PREFIX__cities` (`country_code`, `name`, `longitude`, `latitude`, `feature_class`, `feature_code`, `subadmin1_code`, `subadmin2_code`, `population`, `time_zone`, `active`, `created_at`, `updated_at`) VALUES ('TZ','{\"en\":\"Ndungu\"}',38.05,-4.37,'P','PPL','TZ.06','TZ.06.0303',14545,'Africa/Dar_es_Salaam',1,'2016-07-25 23:00:00','2016-07-25 23:00:00');
INSERT INTO `__PREFIX__cities` (`country_code`, `name`, `longitude`, `latitude`, `feature_class`, `feature_code`, `subadmin1_code`, `subadmin2_code`, `population`, `time_zone`, `active`, `created_at`, `updated_at`) VALUES ('TZ','{\"en\":\"Ndago\"}',34.35,-4.60,'P','PPL','TZ.16','TZ.16.1301',13012,'Africa/Dar_es_Salaam',1,'2016-07-25 23:00:00','2016-07-25 23:00:00');
INSERT INTO `__PREFIX__cities` (`country_code`, `name`, `longitude`, `latitude`, `feature_class`, `feature_code`, `subadmin1_code`, `subadmin2_code`, `population`, `time_zone`, `active`, `created_at`, `updated_at`) VALUES ('TZ','{\"en\":\"Nansio\"}',33.05,-2.13,'P','PPL','TZ.08',NULL,6437,'Africa/Dar_es_Salaam',1,'2012-01-16 23:00:00','2012-01-16 23:00:00');
INSERT INTO `__PREFIX__cities` (`country_code`, `name`, `longitude`, `latitude`, `feature_class`, `feature_code`, `subadmin1_code`, `subadmin2_code`, `population`, `time_zone`, `active`, `created_at`, `updated_at`) VALUES ('TZ','{\"en\":\"Nangwa\"}',35.45,-4.47,'P','PPL','TZ.27','TZ.27.2102',18595,'Africa/Dar_es_Salaam',1,'2016-07-25 23:00:00','2016-07-25 23:00:00');
INSERT INTO `__PREFIX__cities` (`country_code`, `name`, `longitude`, `latitude`, `feature_class`, `feature_code`, `subadmin1_code`, `subadmin2_code`, `population`, `time_zone`, `active`, `created_at`, `updated_at`) VALUES ('TZ','{\"en\":\"Namanyere\"}',31.05,-7.52,'P','PPL','TZ.24','TZ.24.1503',28218,'Africa/Dar_es_Salaam',1,'2016-07-25 23:00:00','2016-07-25 23:00:00');
INSERT INTO `__PREFIX__cities` (`country_code`, `name`, `longitude`, `latitude`, `feature_class`, `feature_code`, `subadmin1_code`, `subadmin2_code`, `population`, `time_zone`, `active`, `created_at`, `updated_at`) VALUES ('TZ','{\"en\":\"Namanga\"}',36.78,-2.55,'P','PPL','TZ.26','TZ.26.0207',12048,'Africa/Dar_es_Salaam',1,'2016-07-25 23:00:00','2016-07-25 23:00:00');
INSERT INTO `__PREFIX__cities` (`country_code`, `name`, `longitude`, `latitude`, `feature_class`, `feature_code`, `subadmin1_code`, `subadmin2_code`, `population`, `time_zone`, `active`, `created_at`, `updated_at`) VALUES ('TZ','{\"en\":\"Nakatunguru\"}',33.07,-2.12,'P','PPL','TZ.08',NULL,6064,'Africa/Dar_es_Salaam',1,'2011-03-05 23:00:00','2011-03-05 23:00:00');
INSERT INTO `__PREFIX__cities` (`country_code`, `name`, `longitude`, `latitude`, `feature_class`, `feature_code`, `subadmin1_code`, `subadmin2_code`, `population`, `time_zone`, `active`, `created_at`, `updated_at`) VALUES ('TZ','{\"en\":\"Naberera\"}',36.93,-4.20,'P','PPL','TZ.27','TZ.27.2104',13499,'Africa/Dar_es_Salaam',1,'2018-12-03 23:00:00','2018-12-03 23:00:00');
INSERT INTO `__PREFIX__cities` (`country_code`, `name`, `longitude`, `latitude`, `feature_class`, `feature_code`, `subadmin1_code`, `subadmin2_code`, `population`, `time_zone`, `active`, `created_at`, `updated_at`) VALUES ('TZ','{\"en\":\"Mwembe\"}',37.85,-4.15,'P','PPL','TZ.06','TZ.06.0303',9032,'Africa/Dar_es_Salaam',1,'2016-07-25 23:00:00','2016-07-25 23:00:00');
INSERT INTO `__PREFIX__cities` (`country_code`, `name`, `longitude`, `latitude`, `feature_class`, `feature_code`, `subadmin1_code`, `subadmin2_code`, `population`, `time_zone`, `active`, `created_at`, `updated_at`) VALUES ('TZ','{\"en\":\"Mwaya\"}',33.95,-9.55,'P','PPL','TZ.09','TZ.09.1203',7558,'Africa/Dar_es_Salaam',1,'2016-07-25 23:00:00','2016-07-25 23:00:00');
INSERT INTO `__PREFIX__cities` (`country_code`, `name`, `longitude`, `latitude`, `feature_class`, `feature_code`, `subadmin1_code`, `subadmin2_code`, `population`, `time_zone`, `active`, `created_at`, `updated_at`) VALUES ('TZ','{\"en\":\"Mwanza\"}',32.90,-2.52,'P','PPLA','TZ.12','TZ.12.1903',436801,'Africa/Dar_es_Salaam',1,'2019-09-04 23:00:00','2019-09-04 23:00:00');
INSERT INTO `__PREFIX__cities` (`country_code`, `name`, `longitude`, `latitude`, `feature_class`, `feature_code`, `subadmin1_code`, `subadmin2_code`, `population`, `time_zone`, `active`, `created_at`, `updated_at`) VALUES ('TZ','{\"en\":\"Mwanga\"}',38.20,-4.80,'P','PPL','TZ.18','TZ.18.0402',12846,'Africa/Dar_es_Salaam',1,'2018-12-03 23:00:00','2018-12-03 23:00:00');
INSERT INTO `__PREFIX__cities` (`country_code`, `name`, `longitude`, `latitude`, `feature_class`, `feature_code`, `subadmin1_code`, `subadmin2_code`, `population`, `time_zone`, `active`, `created_at`, `updated_at`) VALUES ('TZ','{\"en\":\"Mwadui\"}',33.60,-3.55,'P','PPL','TZ.15','TZ.15.1702',23296,'Africa/Dar_es_Salaam',1,'2016-07-25 23:00:00','2016-07-25 23:00:00');
INSERT INTO `__PREFIX__cities` (`country_code`, `name`, `longitude`, `latitude`, `feature_class`, `feature_code`, `subadmin1_code`, `subadmin2_code`, `population`, `time_zone`, `active`, `created_at`, `updated_at`) VALUES ('TZ','{\"en\":\"Mvomero\"}',38.67,-6.25,'P','PPL','TZ.02','TZ.02.0601',31324,'Africa/Dar_es_Salaam',1,'2018-12-03 23:00:00','2018-12-03 23:00:00');
INSERT INTO `__PREFIX__cities` (`country_code`, `name`, `longitude`, `latitude`, `feature_class`, `feature_code`, `subadmin1_code`, `subadmin2_code`, `population`, `time_zone`, `active`, `created_at`, `updated_at`) VALUES ('TZ','{\"en\":\"Musoma\"}',33.80,-1.50,'P','PPLA','TZ.08','TZ.08.2005',121119,'Africa/Dar_es_Salaam',1,'2016-07-25 23:00:00','2016-07-25 23:00:00');
INSERT INTO `__PREFIX__cities` (`country_code`, `name`, `longitude`, `latitude`, `feature_class`, `feature_code`, `subadmin1_code`, `subadmin2_code`, `population`, `time_zone`, `active`, `created_at`, `updated_at`) VALUES ('TZ','{\"en\":\"Muriti\"}',32.92,-1.98,'P','PPL','TZ.08',NULL,20254,'Africa/Dar_es_Salaam',1,'2018-12-03 23:00:00','2018-12-03 23:00:00');
INSERT INTO `__PREFIX__cities` (`country_code`, `name`, `longitude`, `latitude`, `feature_class`, `feature_code`, `subadmin1_code`, `subadmin2_code`, `population`, `time_zone`, `active`, `created_at`, `updated_at`) VALUES ('TZ','{\"en\":\"Mungaa\"}',34.88,-4.97,'P','PPL','TZ.16','TZ.16.1305',16715,'Africa/Dar_es_Salaam',1,'2016-07-25 23:00:00','2016-07-25 23:00:00');
INSERT INTO `__PREFIX__cities` (`country_code`, `name`, `longitude`, `latitude`, `feature_class`, `feature_code`, `subadmin1_code`, `subadmin2_code`, `population`, `time_zone`, `active`, `created_at`, `updated_at`) VALUES ('TZ','{\"en\":\"Muleba\"}',31.65,-1.84,'P','PPL','TZ.19','TZ.19.1803',11555,'Africa/Dar_es_Salaam',1,'2018-12-03 23:00:00','2018-12-03 23:00:00');
INSERT INTO `__PREFIX__cities` (`country_code`, `name`, `longitude`, `latitude`, `feature_class`, `feature_code`, `subadmin1_code`, `subadmin2_code`, `population`, `time_zone`, `active`, `created_at`, `updated_at`) VALUES ('TZ','{\"en\":\"Muheza\"}',38.78,-5.17,'P','PPL','TZ.18','TZ.18.0403',17000,'Africa/Dar_es_Salaam',1,'2016-07-25 23:00:00','2016-07-25 23:00:00');
INSERT INTO `__PREFIX__cities` (`country_code`, `name`, `longitude`, `latitude`, `feature_class`, `feature_code`, `subadmin1_code`, `subadmin2_code`, `population`, `time_zone`, `active`, `created_at`, `updated_at`) VALUES ('TZ','{\"en\":\"Mugumu\"}',34.70,-1.85,'P','PPL','TZ.08','TZ.08.2002',18431,'Africa/Dar_es_Salaam',1,'2019-02-20 23:00:00','2019-02-20 23:00:00');
INSERT INTO `__PREFIX__cities` (`country_code`, `name`, `longitude`, `latitude`, `feature_class`, `feature_code`, `subadmin1_code`, `subadmin2_code`, `population`, `time_zone`, `active`, `created_at`, `updated_at`) VALUES ('TZ','{\"en\":\"Mugango\"}',33.70,-1.68,'P','PPL','TZ.08','TZ.08.2003',10550,'Africa/Dar_es_Salaam',1,'2016-07-25 23:00:00','2016-07-25 23:00:00');
INSERT INTO `__PREFIX__cities` (`country_code`, `name`, `longitude`, `latitude`, `feature_class`, `feature_code`, `subadmin1_code`, `subadmin2_code`, `population`, `time_zone`, `active`, `created_at`, `updated_at`) VALUES ('TZ','{\"en\":\"Mtwango\"}',34.80,-9.02,'P','PPL','TZ.30','TZ.30.2204',19040,'Africa/Dar_es_Salaam',1,'2016-07-25 23:00:00','2016-07-25 23:00:00');
INSERT INTO `__PREFIX__cities` (`country_code`, `name`, `longitude`, `latitude`, `feature_class`, `feature_code`, `subadmin1_code`, `subadmin2_code`, `population`, `time_zone`, `active`, `created_at`, `updated_at`) VALUES ('TZ','{\"en\":\"Mto wa Mbu\"}',35.85,-3.35,'P','PPL','TZ.26','TZ.26.0201',17754,'Africa/Dar_es_Salaam',1,'2016-07-25 23:00:00','2016-07-25 23:00:00');
INSERT INTO `__PREFIX__cities` (`country_code`, `name`, `longitude`, `latitude`, `feature_class`, `feature_code`, `subadmin1_code`, `subadmin2_code`, `population`, `time_zone`, `active`, `created_at`, `updated_at`) VALUES ('TZ','{\"en\":\"Mtinko\"}',34.85,-4.55,'P','PPL','TZ.16','TZ.16.1302',26725,'Africa/Dar_es_Salaam',1,'2016-07-25 23:00:00','2016-07-25 23:00:00');
INSERT INTO `__PREFIX__cities` (`country_code`, `name`, `longitude`, `latitude`, `feature_class`, `feature_code`, `subadmin1_code`, `subadmin2_code`, `population`, `time_zone`, `active`, `created_at`, `updated_at`) VALUES ('TZ','{\"en\":\"Mtimbira\"}',36.35,-8.78,'P','PPL','TZ.10','TZ.10.0504',11122,'Africa/Dar_es_Salaam',1,'2018-12-03 23:00:00','2018-12-03 23:00:00');
INSERT INTO `__PREFIX__cities` (`country_code`, `name`, `longitude`, `latitude`, `feature_class`, `feature_code`, `subadmin1_code`, `subadmin2_code`, `population`, `time_zone`, `active`, `created_at`, `updated_at`) VALUES ('TZ','{\"en\":\"Mtambile\"}',39.70,-5.38,'P','PPL','TZ.20','TZ.20.5502',6797,'Africa/Dar_es_Salaam',1,'2016-07-25 23:00:00','2016-07-25 23:00:00');
INSERT INTO `__PREFIX__cities` (`country_code`, `name`, `longitude`, `latitude`, `feature_class`, `feature_code`, `subadmin1_code`, `subadmin2_code`, `population`, `time_zone`, `active`, `created_at`, `updated_at`) VALUES ('TZ','{\"en\":\"Msowero\"}',37.20,-6.53,'P','PPL','TZ.10','TZ.10.0501',17861,'Africa/Dar_es_Salaam',1,'2018-12-03 23:00:00','2018-12-03 23:00:00');
INSERT INTO `__PREFIX__cities` (`country_code`, `name`, `longitude`, `latitude`, `feature_class`, `feature_code`, `subadmin1_code`, `subadmin2_code`, `population`, `time_zone`, `active`, `created_at`, `updated_at`) VALUES ('TZ','{\"en\":\"Msanga\"}',36.03,-6.05,'P','PPL','TZ.03','TZ.03.0104',5527,'Africa/Dar_es_Salaam',1,'2018-12-03 23:00:00','2018-12-03 23:00:00');
INSERT INTO `__PREFIX__cities` (`country_code`, `name`, `longitude`, `latitude`, `feature_class`, `feature_code`, `subadmin1_code`, `subadmin2_code`, `population`, `time_zone`, `active`, `created_at`, `updated_at`) VALUES ('TZ','{\"en\":\"Mpwapwa\"}',36.48,-6.35,'P','PPL','TZ.03','TZ.03.0102',19806,'Africa/Dar_es_Salaam',1,'2016-07-25 23:00:00','2016-07-25 23:00:00');
INSERT INTO `__PREFIX__cities` (`country_code`, `name`, `longitude`, `latitude`, `feature_class`, `feature_code`, `subadmin1_code`, `subadmin2_code`, `population`, `time_zone`, `active`, `created_at`, `updated_at`) VALUES ('TZ','{\"en\":\"Mpanda\"}',31.07,-6.34,'P','PPLA','TZ.29','TZ.29.2301',73338,'Africa/Dar_es_Salaam',1,'2019-12-07 23:00:00','2019-12-07 23:00:00');
INSERT INTO `__PREFIX__cities` (`country_code`, `name`, `longitude`, `latitude`, `feature_class`, `feature_code`, `subadmin1_code`, `subadmin2_code`, `population`, `time_zone`, `active`, `created_at`, `updated_at`) VALUES ('TZ','{\"en\":\"Moshi\"}',37.33,-3.35,'P','PPLA','TZ.06','TZ.06.0306',156959,'Africa/Dar_es_Salaam',1,'2016-07-25 23:00:00','2016-07-25 23:00:00');
INSERT INTO `__PREFIX__cities` (`country_code`, `name`, `longitude`, `latitude`, `feature_class`, `feature_code`, `subadmin1_code`, `subadmin2_code`, `population`, `time_zone`, `active`, `created_at`, `updated_at`) VALUES ('TZ','{\"en\":\"Morogoro\"}',37.66,-6.82,'P','PPLA','TZ.10','TZ.10.0505',250902,'Africa/Dar_es_Salaam',1,'2019-09-04 23:00:00','2019-09-04 23:00:00');
INSERT INTO `__PREFIX__cities` (`country_code`, `name`, `longitude`, `latitude`, `feature_class`, `feature_code`, `subadmin1_code`, `subadmin2_code`, `population`, `time_zone`, `active`, `created_at`, `updated_at`) VALUES ('TZ','{\"en\":\"Monduli\"}',36.45,-3.30,'P','PPL','TZ.26','TZ.26.0201',5694,'Africa/Dar_es_Salaam',1,'2018-12-03 23:00:00','2018-12-03 23:00:00');
INSERT INTO `__PREFIX__cities` (`country_code`, `name`, `longitude`, `latitude`, `feature_class`, `feature_code`, `subadmin1_code`, `subadmin2_code`, `population`, `time_zone`, `active`, `created_at`, `updated_at`) VALUES ('TZ','{\"en\":\"Mlowo\"}',32.98,-9.00,'P','PPL','TZ.32','TZ.32.1206',18737,'Africa/Dar_es_Salaam',1,'2018-09-08 23:00:00','2018-09-08 23:00:00');
INSERT INTO `__PREFIX__cities` (`country_code`, `name`, `longitude`, `latitude`, `feature_class`, `feature_code`, `subadmin1_code`, `subadmin2_code`, `population`, `time_zone`, `active`, `created_at`, `updated_at`) VALUES ('TZ','{\"en\":\"Mlimba\"}',35.82,-8.80,'P','PPL','TZ.10','TZ.10.0503',34970,'Africa/Dar_es_Salaam',1,'2016-07-25 23:00:00','2016-07-25 23:00:00');
INSERT INTO `__PREFIX__cities` (`country_code`, `name`, `longitude`, `latitude`, `feature_class`, `feature_code`, `subadmin1_code`, `subadmin2_code`, `population`, `time_zone`, `active`, `created_at`, `updated_at`) VALUES ('TZ','{\"en\":\"Mlangali\"}',34.52,-9.78,'P','PPL','TZ.30','TZ.30.2205',15168,'Africa/Dar_es_Salaam',1,'2016-07-25 23:00:00','2016-07-25 23:00:00');
INSERT INTO `__PREFIX__cities` (`country_code`, `name`, `longitude`, `latitude`, `feature_class`, `feature_code`, `subadmin1_code`, `subadmin2_code`, `population`, `time_zone`, `active`, `created_at`, `updated_at`) VALUES ('TZ','{\"en\":\"Mlandizi\"}',38.73,-6.70,'P','PPL','TZ.02','TZ.02.0602',29394,'Africa/Dar_es_Salaam',1,'2018-12-03 23:00:00','2018-12-03 23:00:00');
INSERT INTO `__PREFIX__cities` (`country_code`, `name`, `longitude`, `latitude`, `feature_class`, `feature_code`, `subadmin1_code`, `subadmin2_code`, `population`, `time_zone`, `active`, `created_at`, `updated_at`) VALUES ('TZ','{\"en\":\"Mlalo\"}',38.93,-4.93,'P','PPL','TZ.18','TZ.18.0408',15576,'Africa/Dar_es_Salaam',1,'2018-12-03 23:00:00','2018-12-03 23:00:00');
INSERT INTO `__PREFIX__cities` (`country_code`, `name`, `longitude`, `latitude`, `feature_class`, `feature_code`, `subadmin1_code`, `subadmin2_code`, `population`, `time_zone`, `active`, `created_at`, `updated_at`) VALUES ('TZ','{\"en\":\"Mkuranga\"}',39.21,-7.12,'P','PPL','TZ.02','TZ.02.0604',28037,'Africa/Dar_es_Salaam',1,'2016-07-25 23:00:00','2016-07-25 23:00:00');
INSERT INTO `__PREFIX__cities` (`country_code`, `name`, `longitude`, `latitude`, `feature_class`, `feature_code`, `subadmin1_code`, `subadmin2_code`, `population`, `time_zone`, `active`, `created_at`, `updated_at`) VALUES ('TZ','{\"en\":\"Mkokotoni\"}',39.26,-5.88,'P','PPLA','TZ.22','TZ.22.5101',2572,'Africa/Dar_es_Salaam',1,'2016-07-25 23:00:00','2016-07-25 23:00:00');
INSERT INTO `__PREFIX__cities` (`country_code`, `name`, `longitude`, `latitude`, `feature_class`, `feature_code`, `subadmin1_code`, `subadmin2_code`, `population`, `time_zone`, `active`, `created_at`, `updated_at`) VALUES ('TZ','{\"en\":\"Mwandiga\"}',29.66,-4.83,'P','PPL','TZ.05','TZ.05.1603',16822,'Africa/Dar_es_Salaam',1,'2016-07-25 23:00:00','2016-07-25 23:00:00');
INSERT INTO `__PREFIX__cities` (`country_code`, `name`, `longitude`, `latitude`, `feature_class`, `feature_code`, `subadmin1_code`, `subadmin2_code`, `population`, `time_zone`, `active`, `created_at`, `updated_at`) VALUES ('TZ','{\"en\":\"Misungwi\"}',33.08,-2.85,'P','PPL','TZ.12','TZ.12.1907',35530,'Africa/Dar_es_Salaam',1,'2016-07-25 23:00:00','2016-07-25 23:00:00');
INSERT INTO `__PREFIX__cities` (`country_code`, `name`, `longitude`, `latitude`, `feature_class`, `feature_code`, `subadmin1_code`, `subadmin2_code`, `population`, `time_zone`, `active`, `created_at`, `updated_at`) VALUES ('TZ','{\"en\":\"Misasi\"}',33.08,-3.00,'P','PPL','TZ.12','TZ.12.1907',14170,'Africa/Dar_es_Salaam',1,'2018-12-03 23:00:00','2018-12-03 23:00:00');
INSERT INTO `__PREFIX__cities` (`country_code`, `name`, `longitude`, `latitude`, `feature_class`, `feature_code`, `subadmin1_code`, `subadmin2_code`, `population`, `time_zone`, `active`, `created_at`, `updated_at`) VALUES ('TZ','{\"en\":\"Mikumi\"}',36.98,-7.40,'P','PPL','TZ.10','TZ.10.0501',16780,'Africa/Dar_es_Salaam',1,'2016-07-25 23:00:00','2016-07-25 23:00:00');
INSERT INTO `__PREFIX__cities` (`country_code`, `name`, `longitude`, `latitude`, `feature_class`, `feature_code`, `subadmin1_code`, `subadmin2_code`, `population`, `time_zone`, `active`, `created_at`, `updated_at`) VALUES ('TZ','{\"en\":\"Micheweni\"}',39.83,-4.97,'P','PPL','TZ.13','TZ.13.5402',9838,'Africa/Dar_es_Salaam',1,'2018-12-03 23:00:00','2018-12-03 23:00:00');
INSERT INTO `__PREFIX__cities` (`country_code`, `name`, `longitude`, `latitude`, `feature_class`, `feature_code`, `subadmin1_code`, `subadmin2_code`, `population`, `time_zone`, `active`, `created_at`, `updated_at`) VALUES ('TZ','{\"en\":\"Mhango\"}',32.85,-3.28,'P','PPL','TZ.15','TZ.15.1703',21553,'Africa/Dar_es_Salaam',1,'2018-12-03 23:00:00','2018-12-03 23:00:00');
INSERT INTO `__PREFIX__cities` (`country_code`, `name`, `longitude`, `latitude`, `feature_class`, `feature_code`, `subadmin1_code`, `subadmin2_code`, `population`, `time_zone`, `active`, `created_at`, `updated_at`) VALUES ('TZ','{\"en\":\"Mgandu\"}',34.13,-5.95,'P','PPL','TZ.16','TZ.16.1303',23718,'Africa/Dar_es_Salaam',1,'2016-07-25 23:00:00','2016-07-25 23:00:00');
INSERT INTO `__PREFIX__cities` (`country_code`, `name`, `longitude`, `latitude`, `feature_class`, `feature_code`, `subadmin1_code`, `subadmin2_code`, `population`, `time_zone`, `active`, `created_at`, `updated_at`) VALUES ('TZ','{\"en\":\"Mbulu\"}',35.53,-3.85,'P','PPL','TZ.27','TZ.27.2103',13430,'Africa/Dar_es_Salaam',1,'2016-07-25 23:00:00','2016-07-25 23:00:00');
INSERT INTO `__PREFIX__cities` (`country_code`, `name`, `longitude`, `latitude`, `feature_class`, `feature_code`, `subadmin1_code`, `subadmin2_code`, `population`, `time_zone`, `active`, `created_at`, `updated_at`) VALUES ('TZ','{\"en\":\"Mbuguni\"}',36.95,-3.57,'P','PPL','TZ.26','TZ.26.0202',16442,'Africa/Dar_es_Salaam',1,'2016-07-25 23:00:00','2016-07-25 23:00:00');
INSERT INTO `__PREFIX__cities` (`country_code`, `name`, `longitude`, `latitude`, `feature_class`, `feature_code`, `subadmin1_code`, `subadmin2_code`, `population`, `time_zone`, `active`, `created_at`, `updated_at`) VALUES ('TZ','{\"en\":\"Mbeya\"}',33.45,-8.90,'P','PPLA','TZ.09','TZ.09.1208',291649,'Africa/Dar_es_Salaam',1,'2016-07-25 23:00:00','2016-07-25 23:00:00');
INSERT INTO `__PREFIX__cities` (`country_code`, `name`, `longitude`, `latitude`, `feature_class`, `feature_code`, `subadmin1_code`, `subadmin2_code`, `population`, `time_zone`, `active`, `created_at`, `updated_at`) VALUES ('TZ','{\"en\":\"Mazinde\"}',38.22,-4.80,'P','PPL','TZ.18','TZ.18.0402',20534,'Africa/Dar_es_Salaam',1,'2016-07-25 23:00:00','2016-07-25 23:00:00');
INSERT INTO `__PREFIX__cities` (`country_code`, `name`, `longitude`, `latitude`, `feature_class`, `feature_code`, `subadmin1_code`, `subadmin2_code`, `population`, `time_zone`, `active`, `created_at`, `updated_at`) VALUES ('TZ','{\"en\":\"Matui\"}',38.25,-4.80,'P','PPL','TZ.18','TZ.18.0401',20241,'Africa/Dar_es_Salaam',1,'2018-12-03 23:00:00','2018-12-03 23:00:00');
INSERT INTO `__PREFIX__cities` (`country_code`, `name`, `longitude`, `latitude`, `feature_class`, `feature_code`, `subadmin1_code`, `subadmin2_code`, `population`, `time_zone`, `active`, `created_at`, `updated_at`) VALUES ('TZ','{\"en\":\"Matonga\"}',34.08,-2.38,'P','PPL','TZ.31','TZ.31.2401',11828,'Africa/Dar_es_Salaam',1,'2016-07-25 23:00:00','2016-07-25 23:00:00');
INSERT INTO `__PREFIX__cities` (`country_code`, `name`, `longitude`, `latitude`, `feature_class`, `feature_code`, `subadmin1_code`, `subadmin2_code`, `population`, `time_zone`, `active`, `created_at`, `updated_at`) VALUES ('TZ','{\"en\":\"Matamba\"}',33.97,-8.98,'P','PPL','TZ.30','TZ.30.2203',10642,'Africa/Dar_es_Salaam',1,'2018-12-03 23:00:00','2018-12-03 23:00:00');
INSERT INTO `__PREFIX__cities` (`country_code`, `name`, `longitude`, `latitude`, `feature_class`, `feature_code`, `subadmin1_code`, `subadmin2_code`, `population`, `time_zone`, `active`, `created_at`, `updated_at`) VALUES ('TZ','{\"en\":\"Matai\"}',31.52,-8.30,'P','PPL','TZ.24','TZ.24.1501',24070,'Africa/Dar_es_Salaam',1,'2018-12-03 23:00:00','2018-12-03 23:00:00');
INSERT INTO `__PREFIX__cities` (`country_code`, `name`, `longitude`, `latitude`, `feature_class`, `feature_code`, `subadmin1_code`, `subadmin2_code`, `population`, `time_zone`, `active`, `created_at`, `updated_at`) VALUES ('TZ','{\"en\":\"Maswa\"}',33.98,-2.68,'P','PPL','TZ.31','TZ.31.2401',22025,'Africa/Dar_es_Salaam',1,'2018-12-03 23:00:00','2018-12-03 23:00:00');
INSERT INTO `__PREFIX__cities` (`country_code`, `name`, `longitude`, `latitude`, `feature_class`, `feature_code`, `subadmin1_code`, `subadmin2_code`, `population`, `time_zone`, `active`, `created_at`, `updated_at`) VALUES ('TZ','{\"en\":\"Masumbwe\"}',32.18,-3.63,'P','PPL','TZ.28','TZ.28.2503',34780,'Africa/Dar_es_Salaam',1,'2018-12-03 23:00:00','2018-12-03 23:00:00');
INSERT INTO `__PREFIX__cities` (`country_code`, `name`, `longitude`, `latitude`, `feature_class`, `feature_code`, `subadmin1_code`, `subadmin2_code`, `population`, `time_zone`, `active`, `created_at`, `updated_at`) VALUES ('TZ','{\"en\":\"Masoko\"}',33.75,-9.33,'P','PPL','TZ.09','TZ.09.1204',12720,'Africa/Dar_es_Salaam',1,'2016-07-25 23:00:00','2016-07-25 23:00:00');
INSERT INTO `__PREFIX__cities` (`country_code`, `name`, `longitude`, `latitude`, `feature_class`, `feature_code`, `subadmin1_code`, `subadmin2_code`, `population`, `time_zone`, `active`, `created_at`, `updated_at`) VALUES ('TZ','{\"en\":\"Maramba\"}',38.62,-5.05,'P','PPL','TZ.18','TZ.18.0403',26531,'Africa/Dar_es_Salaam',1,'2018-12-03 23:00:00','2018-12-03 23:00:00');
INSERT INTO `__PREFIX__cities` (`country_code`, `name`, `longitude`, `latitude`, `feature_class`, `feature_code`, `subadmin1_code`, `subadmin2_code`, `population`, `time_zone`, `active`, `created_at`, `updated_at`) VALUES ('TZ','{\"en\":\"Maneromango\"}',38.78,-7.20,'P','PPL','TZ.02','TZ.02.0603',9402,'Africa/Dar_es_Salaam',1,'2016-07-25 23:00:00','2016-07-25 23:00:00');
INSERT INTO `__PREFIX__cities` (`country_code`, `name`, `longitude`, `latitude`, `feature_class`, `feature_code`, `subadmin1_code`, `subadmin2_code`, `population`, `time_zone`, `active`, `created_at`, `updated_at`) VALUES ('TZ','{\"en\":\"Malya\"}',33.52,-2.98,'P','PPL','TZ.12','TZ.12.1904',12627,'Africa/Dar_es_Salaam',1,'2016-07-25 23:00:00','2016-07-25 23:00:00');
INSERT INTO `__PREFIX__cities` (`country_code`, `name`, `longitude`, `latitude`, `feature_class`, `feature_code`, `subadmin1_code`, `subadmin2_code`, `population`, `time_zone`, `active`, `created_at`, `updated_at`) VALUES ('TZ','{\"en\":\"Malinyi\"}',36.13,-8.93,'P','PPL','TZ.10','TZ.10.0504',27041,'Africa/Dar_es_Salaam',1,'2018-12-03 23:00:00','2018-12-03 23:00:00');
INSERT INTO `__PREFIX__cities` (`country_code`, `name`, `longitude`, `latitude`, `feature_class`, `feature_code`, `subadmin1_code`, `subadmin2_code`, `population`, `time_zone`, `active`, `created_at`, `updated_at`) VALUES ('TZ','{\"en\":\"Malangali\"}',34.85,-8.57,'P','PPL','TZ.04','TZ.04.1102',7112,'Africa/Dar_es_Salaam',1,'2018-12-03 23:00:00','2018-12-03 23:00:00');
INSERT INTO `__PREFIX__cities` (`country_code`, `name`, `longitude`, `latitude`, `feature_class`, `feature_code`, `subadmin1_code`, `subadmin2_code`, `population`, `time_zone`, `active`, `created_at`, `updated_at`) VALUES ('TZ','{\"en\":\"Malampaka\"}',33.53,-3.13,'P','PPL','TZ.31','TZ.31.2404',16916,'Africa/Dar_es_Salaam',1,'2018-12-03 23:00:00','2018-12-03 23:00:00');
INSERT INTO `__PREFIX__cities` (`country_code`, `name`, `longitude`, `latitude`, `feature_class`, `feature_code`, `subadmin1_code`, `subadmin2_code`, `population`, `time_zone`, `active`, `created_at`, `updated_at`) VALUES ('TZ','{\"en\":\"Makuyuni\"}',38.10,-4.73,'P','PPL','TZ.18','TZ.18.0402',15516,'Africa/Dar_es_Salaam',1,'2018-12-03 23:00:00','2018-12-03 23:00:00');
INSERT INTO `__PREFIX__cities` (`country_code`, `name`, `longitude`, `latitude`, `feature_class`, `feature_code`, `subadmin1_code`, `subadmin2_code`, `population`, `time_zone`, `active`, `created_at`, `updated_at`) VALUES ('TZ','{\"en\":\"Makungu\"}',35.28,-8.73,'P','PPL','TZ.04','TZ.04.1102',10291,'Africa/Dar_es_Salaam',1,'2016-07-25 23:00:00','2016-07-25 23:00:00');
INSERT INTO `__PREFIX__cities` (`country_code`, `name`, `longitude`, `latitude`, `feature_class`, `feature_code`, `subadmin1_code`, `subadmin2_code`, `population`, `time_zone`, `active`, `created_at`, `updated_at`) VALUES ('TZ','{\"en\":\"Makumbako\"}',34.83,-8.85,'P','PPL','TZ.30','TZ.30.2206',53003,'Africa/Dar_es_Salaam',1,'2016-07-25 23:00:00','2016-07-25 23:00:00');
INSERT INTO `__PREFIX__cities` (`country_code`, `name`, `longitude`, `latitude`, `feature_class`, `feature_code`, `subadmin1_code`, `subadmin2_code`, `population`, `time_zone`, `active`, `created_at`, `updated_at`) VALUES ('TZ','{\"en\":\"Makanya\"}',37.83,-4.37,'P','PPL','TZ.06','TZ.06.0303',9505,'Africa/Dar_es_Salaam',1,'2016-07-25 23:00:00','2016-07-25 23:00:00');
INSERT INTO `__PREFIX__cities` (`country_code`, `name`, `longitude`, `latitude`, `feature_class`, `feature_code`, `subadmin1_code`, `subadmin2_code`, `population`, `time_zone`, `active`, `created_at`, `updated_at`) VALUES ('TZ','{\"en\":\"Majengo\"}',38.98,-5.15,'P','PPL','TZ.18','TZ.18.0404',9874,'Africa/Dar_es_Salaam',1,'2018-12-03 23:00:00','2018-12-03 23:00:00');
INSERT INTO `__PREFIX__cities` (`country_code`, `name`, `longitude`, `latitude`, `feature_class`, `feature_code`, `subadmin1_code`, `subadmin2_code`, `population`, `time_zone`, `active`, `created_at`, `updated_at`) VALUES ('TZ','{\"en\":\"Mahonda\"}',39.47,-6.45,'P','PPL','TZ.21','TZ.21.5202',5569,'Africa/Dar_es_Salaam',1,'2019-02-20 23:00:00','2019-02-20 23:00:00');
INSERT INTO `__PREFIX__cities` (`country_code`, `name`, `longitude`, `latitude`, `feature_class`, `feature_code`, `subadmin1_code`, `subadmin2_code`, `population`, `time_zone`, `active`, `created_at`, `updated_at`) VALUES ('TZ','{\"en\":\"Mahenge\"}',36.72,-8.68,'P','PPL','TZ.10','TZ.10.0504',7768,'Africa/Dar_es_Salaam',1,'2016-07-25 23:00:00','2016-07-25 23:00:00');
INSERT INTO `__PREFIX__cities` (`country_code`, `name`, `longitude`, `latitude`, `feature_class`, `feature_code`, `subadmin1_code`, `subadmin2_code`, `population`, `time_zone`, `active`, `created_at`, `updated_at`) VALUES ('TZ','{\"en\":\"Mahanje\"}',35.33,-9.93,'P','PPL','TZ.14','TZ.14.1002',15009,'Africa/Dar_es_Salaam',1,'2018-12-03 23:00:00','2018-12-03 23:00:00');
INSERT INTO `__PREFIX__cities` (`country_code`, `name`, `longitude`, `latitude`, `feature_class`, `feature_code`, `subadmin1_code`, `subadmin2_code`, `population`, `time_zone`, `active`, `created_at`, `updated_at`) VALUES ('TZ','{\"en\":\"Kihangara\"}',33.35,-2.58,'P','PPL','TZ.12','TZ.12.1902',19082,'Africa/Dar_es_Salaam',1,'2016-07-25 23:00:00','2016-07-25 23:00:00');
INSERT INTO `__PREFIX__cities` (`country_code`, `name`, `longitude`, `latitude`, `feature_class`, `feature_code`, `subadmin1_code`, `subadmin2_code`, `population`, `time_zone`, `active`, `created_at`, `updated_at`) VALUES ('TZ','{\"en\":\"Magugu\"}',35.77,-4.02,'P','PPL','TZ.27','TZ.27.2101',26131,'Africa/Dar_es_Salaam',1,'2016-07-25 23:00:00','2016-07-25 23:00:00');
INSERT INTO `__PREFIX__cities` (`country_code`, `name`, `longitude`, `latitude`, `feature_class`, `feature_code`, `subadmin1_code`, `subadmin2_code`, `population`, `time_zone`, `active`, `created_at`, `updated_at`) VALUES ('TZ','{\"en\":\"Magomeni\"}',39.25,-6.80,'P','PPLX','TZ.23','TZ.23.0701',19086,'Africa/Dar_es_Salaam',1,'2016-07-25 23:00:00','2016-07-25 23:00:00');
INSERT INTO `__PREFIX__cities` (`country_code`, `name`, `longitude`, `latitude`, `feature_class`, `feature_code`, `subadmin1_code`, `subadmin2_code`, `population`, `time_zone`, `active`, `created_at`, `updated_at`) VALUES ('TZ','{\"en\":\"Magomeni\"}',38.12,-5.23,'P','PPL','TZ.18','TZ.18.0406',8944,'Africa/Dar_es_Salaam',1,'2018-12-03 23:00:00','2018-12-03 23:00:00');
INSERT INTO `__PREFIX__cities` (`country_code`, `name`, `longitude`, `latitude`, `feature_class`, `feature_code`, `subadmin1_code`, `subadmin2_code`, `population`, `time_zone`, `active`, `created_at`, `updated_at`) VALUES ('TZ','{\"en\":\"Magole\"}',37.37,-6.38,'P','PPL','TZ.10','TZ.10.0501',18753,'Africa/Dar_es_Salaam',1,'2016-07-25 23:00:00','2016-07-25 23:00:00');
INSERT INTO `__PREFIX__cities` (`country_code`, `name`, `longitude`, `latitude`, `feature_class`, `feature_code`, `subadmin1_code`, `subadmin2_code`, `population`, `time_zone`, `active`, `created_at`, `updated_at`) VALUES ('TZ','{\"en\":\"Mafinga\"}',35.07,-7.25,'P','PPL','TZ.04','TZ.04.1101',34958,'Africa/Dar_es_Salaam',1,'2018-12-03 23:00:00','2018-12-03 23:00:00');
INSERT INTO `__PREFIX__cities` (`country_code`, `name`, `longitude`, `latitude`, `feature_class`, `feature_code`, `subadmin1_code`, `subadmin2_code`, `population`, `time_zone`, `active`, `created_at`, `updated_at`) VALUES ('TZ','{\"en\":\"Mabamba\"}',30.50,-3.60,'P','PPL','TZ.05','TZ.05.1601',14140,'Africa/Dar_es_Salaam',1,'2018-12-03 23:00:00','2018-12-03 23:00:00');
INSERT INTO `__PREFIX__cities` (`country_code`, `name`, `longitude`, `latitude`, `feature_class`, `feature_code`, `subadmin1_code`, `subadmin2_code`, `population`, `time_zone`, `active`, `created_at`, `updated_at`) VALUES ('TZ','{\"en\":\"Mabama\"}',32.53,-5.13,'P','PPL','TZ.17','TZ.17.1403',15320,'Africa/Dar_es_Salaam',1,'2018-12-03 23:00:00','2018-12-03 23:00:00');
INSERT INTO `__PREFIX__cities` (`country_code`, `name`, `longitude`, `latitude`, `feature_class`, `feature_code`, `subadmin1_code`, `subadmin2_code`, `population`, `time_zone`, `active`, `created_at`, `updated_at`) VALUES ('TZ','{\"en\":\"Lushoto\"}',38.28,-4.78,'P','PPL','TZ.18','TZ.18.0401',24197,'Africa/Dar_es_Salaam',1,'2017-08-27 23:00:00','2017-08-27 23:00:00');
INSERT INTO `__PREFIX__cities` (`country_code`, `name`, `longitude`, `latitude`, `feature_class`, `feature_code`, `subadmin1_code`, `subadmin2_code`, `population`, `time_zone`, `active`, `created_at`, `updated_at`) VALUES ('TZ','{\"en\":\"Lupiro\"}',36.67,-8.38,'P','PPL','TZ.10','TZ.10.0504',11430,'Africa/Dar_es_Salaam',1,'2018-12-03 23:00:00','2018-12-03 23:00:00');
INSERT INTO `__PREFIX__cities` (`country_code`, `name`, `longitude`, `latitude`, `feature_class`, `feature_code`, `subadmin1_code`, `subadmin2_code`, `population`, `time_zone`, `active`, `created_at`, `updated_at`) VALUES ('TZ','{\"en\":\"Lugoba\"}',38.33,-6.45,'P','PPL','TZ.02','TZ.02.0601',16902,'Africa/Dar_es_Salaam',1,'2018-12-03 23:00:00','2018-12-03 23:00:00');
INSERT INTO `__PREFIX__cities` (`country_code`, `name`, `longitude`, `latitude`, `feature_class`, `feature_code`, `subadmin1_code`, `subadmin2_code`, `population`, `time_zone`, `active`, `created_at`, `updated_at`) VALUES ('TZ','{\"en\":\"Longido\"}',36.70,-2.73,'P','PPLA2','TZ.26','TZ.26.0207',9403,'Africa/Dar_es_Salaam',1,'2016-07-25 23:00:00','2016-07-25 23:00:00');
INSERT INTO `__PREFIX__cities` (`country_code`, `name`, `longitude`, `latitude`, `feature_class`, `feature_code`, `subadmin1_code`, `subadmin2_code`, `population`, `time_zone`, `active`, `created_at`, `updated_at`) VALUES ('TZ','{\"en\":\"Liwale\"}',37.93,-9.77,'P','PPL','TZ.07','TZ.07.0804',19296,'Africa/Dar_es_Salaam',1,'2016-07-25 23:00:00','2016-07-25 23:00:00');
INSERT INTO `__PREFIX__cities` (`country_code`, `name`, `longitude`, `latitude`, `feature_class`, `feature_code`, `subadmin1_code`, `subadmin2_code`, `population`, `time_zone`, `active`, `created_at`, `updated_at`) VALUES ('TZ','{\"en\":\"Lembeni\"}',37.62,-3.78,'P','PPL','TZ.06','TZ.06.0302',16008,'Africa/Dar_es_Salaam',1,'2016-10-06 23:00:00','2016-10-06 23:00:00');
INSERT INTO `__PREFIX__cities` (`country_code`, `name`, `longitude`, `latitude`, `feature_class`, `feature_code`, `subadmin1_code`, `subadmin2_code`, `population`, `time_zone`, `active`, `created_at`, `updated_at`) VALUES ('TZ','{\"en\":\"Lalago\"}',33.95,-3.45,'P','PPL','TZ.31','TZ.31.2404',22551,'Africa/Dar_es_Salaam',1,'2018-12-03 23:00:00','2018-12-03 23:00:00');
INSERT INTO `__PREFIX__cities` (`country_code`, `name`, `longitude`, `latitude`, `feature_class`, `feature_code`, `subadmin1_code`, `subadmin2_code`, `population`, `time_zone`, `active`, `created_at`, `updated_at`) VALUES ('TZ','{\"en\":\"Laela\"}',32.05,-8.57,'P','PPL','TZ.24','TZ.24.1502',19185,'Africa/Dar_es_Salaam',1,'2018-12-03 23:00:00','2018-12-03 23:00:00');
INSERT INTO `__PREFIX__cities` (`country_code`, `name`, `longitude`, `latitude`, `feature_class`, `feature_code`, `subadmin1_code`, `subadmin2_code`, `population`, `time_zone`, `active`, `created_at`, `updated_at`) VALUES ('TZ','{\"en\":\"Kyela\"}',33.85,-9.58,'P','PPL','TZ.09','TZ.09.1203',30684,'Africa/Dar_es_Salaam',1,'2016-07-25 23:00:00','2016-07-25 23:00:00');
INSERT INTO `__PREFIX__cities` (`country_code`, `name`, `longitude`, `latitude`, `feature_class`, `feature_code`, `subadmin1_code`, `subadmin2_code`, `population`, `time_zone`, `active`, `created_at`, `updated_at`) VALUES ('TZ','{\"en\":\"Kyaka\"}',31.42,-1.25,'P','PPL','TZ.19','TZ.19.1807',13810,'Africa/Dar_es_Salaam',1,'2016-07-25 23:00:00','2016-07-25 23:00:00');
INSERT INTO `__PREFIX__cities` (`country_code`, `name`, `longitude`, `latitude`, `feature_class`, `feature_code`, `subadmin1_code`, `subadmin2_code`, `population`, `time_zone`, `active`, `created_at`, `updated_at`) VALUES ('TZ','{\"en\":\"Kwakoa\"}',37.72,-3.77,'P','PPL','TZ.06','TZ.06.0302',7514,'Africa/Dar_es_Salaam',1,'2018-12-03 23:00:00','2018-12-03 23:00:00');
INSERT INTO `__PREFIX__cities` (`country_code`, `name`, `longitude`, `latitude`, `feature_class`, `feature_code`, `subadmin1_code`, `subadmin2_code`, `population`, `time_zone`, `active`, `created_at`, `updated_at`) VALUES ('TZ','{\"en\":\"Kongwa\"}',36.42,-6.20,'P','PPL','TZ.03','TZ.03.0103',11840,'Africa/Dar_es_Salaam',1,'2016-07-25 23:00:00','2016-07-25 23:00:00');
INSERT INTO `__PREFIX__cities` (`country_code`, `name`, `longitude`, `latitude`, `feature_class`, `feature_code`, `subadmin1_code`, `subadmin2_code`, `population`, `time_zone`, `active`, `created_at`, `updated_at`) VALUES ('TZ','{\"en\":\"Kondoa\"}',35.78,-4.90,'P','PPL','TZ.03','TZ.03.0101',23518,'Africa/Dar_es_Salaam',1,'2016-07-25 23:00:00','2016-07-25 23:00:00');
INSERT INTO `__PREFIX__cities` (`country_code`, `name`, `longitude`, `latitude`, `feature_class`, `feature_code`, `subadmin1_code`, `subadmin2_code`, `population`, `time_zone`, `active`, `created_at`, `updated_at`) VALUES ('TZ','{\"en\":\"Konde\"}',39.75,-4.95,'P','PPL','TZ.13','TZ.13.5402',9530,'Africa/Dar_es_Salaam',1,'2018-12-03 23:00:00','2018-12-03 23:00:00');
INSERT INTO `__PREFIX__cities` (`country_code`, `name`, `longitude`, `latitude`, `feature_class`, `feature_code`, `subadmin1_code`, `subadmin2_code`, `population`, `time_zone`, `active`, `created_at`, `updated_at`) VALUES ('TZ','{\"en\":\"Koani\"}',39.28,-6.13,'P','PPLA','TZ.21','TZ.21.5201',2211,'Africa/Dar_es_Salaam',1,'2016-07-25 23:00:00','2016-07-25 23:00:00');
INSERT INTO `__PREFIX__cities` (`country_code`, `name`, `longitude`, `latitude`, `feature_class`, `feature_code`, `subadmin1_code`, `subadmin2_code`, `population`, `time_zone`, `active`, `created_at`, `updated_at`) VALUES ('TZ','{\"en\":\"Kiwira\"}',33.54,-9.17,'P','PPL','TZ.09','TZ.09.1204',21342,'Africa/Dar_es_Salaam',1,'2016-07-25 23:00:00','2016-07-25 23:00:00');
INSERT INTO `__PREFIX__cities` (`country_code`, `name`, `longitude`, `latitude`, `feature_class`, `feature_code`, `subadmin1_code`, `subadmin2_code`, `population`, `time_zone`, `active`, `created_at`, `updated_at`) VALUES ('TZ','{\"en\":\"Kisiwani\"}',37.95,-4.13,'P','PPL','TZ.06','TZ.06.0303',7126,'Africa/Dar_es_Salaam',1,'2016-07-25 23:00:00','2016-07-25 23:00:00');
INSERT INTO `__PREFIX__cities` (`country_code`, `name`, `longitude`, `latitude`, `feature_class`, `feature_code`, `subadmin1_code`, `subadmin2_code`, `population`, `time_zone`, `active`, `created_at`, `updated_at`) VALUES ('TZ','{\"en\":\"Kishapu\"}',33.87,-3.62,'P','PPL','TZ.15','TZ.15.1702',16371,'Africa/Dar_es_Salaam',1,'2018-12-03 23:00:00','2018-12-03 23:00:00');
INSERT INTO `__PREFIX__cities` (`country_code`, `name`, `longitude`, `latitude`, `feature_class`, `feature_code`, `subadmin1_code`, `subadmin2_code`, `population`, `time_zone`, `active`, `created_at`, `updated_at`) VALUES ('TZ','{\"en\":\"Kisesa\"}',34.15,-3.08,'P','PPL','TZ.31','TZ.31.2403',29804,'Africa/Dar_es_Salaam',1,'2018-07-03 23:00:00','2018-07-03 23:00:00');
INSERT INTO `__PREFIX__cities` (`country_code`, `name`, `longitude`, `latitude`, `feature_class`, `feature_code`, `subadmin1_code`, `subadmin2_code`, `population`, `time_zone`, `active`, `created_at`, `updated_at`) VALUES ('TZ','{\"en\":\"Kisarawe\"}',39.07,-6.90,'P','PPL','TZ.02','TZ.02.0603',12507,'Africa/Dar_es_Salaam',1,'2016-07-25 23:00:00','2016-07-25 23:00:00');
INSERT INTO `__PREFIX__cities` (`country_code`, `name`, `longitude`, `latitude`, `feature_class`, `feature_code`, `subadmin1_code`, `subadmin2_code`, `population`, `time_zone`, `active`, `created_at`, `updated_at`) VALUES ('TZ','{\"en\":\"Kisanga\"}',37.70,-7.44,'P','PPL','TZ.10','TZ.10.0502',10978,'Africa/Dar_es_Salaam',1,'2016-07-25 23:00:00','2016-07-25 23:00:00');
INSERT INTO `__PREFIX__cities` (`country_code`, `name`, `longitude`, `latitude`, `feature_class`, `feature_code`, `subadmin1_code`, `subadmin2_code`, `population`, `time_zone`, `active`, `created_at`, `updated_at`) VALUES ('TZ','{\"en\":\"Kirando\"}',30.60,-7.42,'P','PPL','TZ.24','TZ.24.1503',33111,'Africa/Dar_es_Salaam',1,'2018-12-03 23:00:00','2018-12-03 23:00:00');
INSERT INTO `__PREFIX__cities` (`country_code`, `name`, `longitude`, `latitude`, `feature_class`, `feature_code`, `subadmin1_code`, `subadmin2_code`, `population`, `time_zone`, `active`, `created_at`, `updated_at`) VALUES ('TZ','{\"en\":\"Kiomboi\"}',34.37,-4.27,'P','PPL','TZ.16','TZ.16.1301',23519,'Africa/Dar_es_Salaam',1,'2016-07-25 23:00:00','2016-07-25 23:00:00');
INSERT INTO `__PREFIX__cities` (`country_code`, `name`, `longitude`, `latitude`, `feature_class`, `feature_code`, `subadmin1_code`, `subadmin2_code`, `population`, `time_zone`, `active`, `created_at`, `updated_at`) VALUES ('TZ','{\"en\":\"Kintinku\"}',35.23,-5.88,'P','PPL','TZ.16','TZ.16.1303',7906,'Africa/Dar_es_Salaam',1,'2016-07-25 23:00:00','2016-07-25 23:00:00');
INSERT INTO `__PREFIX__cities` (`country_code`, `name`, `longitude`, `latitude`, `feature_class`, `feature_code`, `subadmin1_code`, `subadmin2_code`, `population`, `time_zone`, `active`, `created_at`, `updated_at`) VALUES ('TZ','{\"en\":\"Kingori\"}',36.98,-3.28,'P','PPL','TZ.26','TZ.26.0202',22839,'Africa/Dar_es_Salaam',1,'2016-07-25 23:00:00','2016-07-25 23:00:00');
INSERT INTO `__PREFIX__cities` (`country_code`, `name`, `longitude`, `latitude`, `feature_class`, `feature_code`, `subadmin1_code`, `subadmin2_code`, `population`, `time_zone`, `active`, `created_at`, `updated_at`) VALUES ('TZ','{\"en\":\"Kimamba\"}',37.13,-6.78,'P','PPL','TZ.10','TZ.10.0501',11235,'Africa/Dar_es_Salaam',1,'2018-12-03 23:00:00','2018-12-03 23:00:00');
INSERT INTO `__PREFIX__cities` (`country_code`, `name`, `longitude`, `latitude`, `feature_class`, `feature_code`, `subadmin1_code`, `subadmin2_code`, `population`, `time_zone`, `active`, `created_at`, `updated_at`) VALUES ('TZ','{\"en\":\"Kilosa\"}',36.98,-6.83,'P','PPL','TZ.10','TZ.10.0501',91889,'Africa/Dar_es_Salaam',1,'2016-07-25 23:00:00','2016-07-25 23:00:00');
INSERT INTO `__PREFIX__cities` (`country_code`, `name`, `longitude`, `latitude`, `feature_class`, `feature_code`, `subadmin1_code`, `subadmin2_code`, `population`, `time_zone`, `active`, `created_at`, `updated_at`) VALUES ('TZ','{\"en\":\"Kilindoni\"}',39.66,-7.91,'P','PPL','TZ.02','TZ.02.0606',12409,'Africa/Dar_es_Salaam',1,'2016-07-25 23:00:00','2016-07-25 23:00:00');
INSERT INTO `__PREFIX__cities` (`country_code`, `name`, `longitude`, `latitude`, `feature_class`, `feature_code`, `subadmin1_code`, `subadmin2_code`, `population`, `time_zone`, `active`, `created_at`, `updated_at`) VALUES ('TZ','{\"en\":\"Kilimatinde\"}',34.95,-5.85,'P','PPL','TZ.16','TZ.16.1303',5975,'Africa/Dar_es_Salaam',1,'2016-07-25 23:00:00','2016-07-25 23:00:00');
INSERT INTO `__PREFIX__cities` (`country_code`, `name`, `longitude`, `latitude`, `feature_class`, `feature_code`, `subadmin1_code`, `subadmin2_code`, `population`, `time_zone`, `active`, `created_at`, `updated_at`) VALUES ('TZ','{\"en\":\"Kihurio\"}',38.07,-4.47,'P','PPL','TZ.06','TZ.06.0303',8377,'Africa/Dar_es_Salaam',1,'2018-12-03 23:00:00','2018-12-03 23:00:00');
INSERT INTO `__PREFIX__cities` (`country_code`, `name`, `longitude`, `latitude`, `feature_class`, `feature_code`, `subadmin1_code`, `subadmin2_code`, `population`, `time_zone`, `active`, `created_at`, `updated_at`) VALUES ('TZ','{\"en\":\"Kigoma\"}',29.63,-4.88,'P','PPLA','TZ.05','TZ.05.1604',164268,'Africa/Dar_es_Salaam',1,'2019-09-04 23:00:00','2019-09-04 23:00:00');
INSERT INTO `__PREFIX__cities` (`country_code`, `name`, `longitude`, `latitude`, `feature_class`, `feature_code`, `subadmin1_code`, `subadmin2_code`, `population`, `time_zone`, `active`, `created_at`, `updated_at`) VALUES ('TZ','{\"en\":\"Kidodi\"}',37.00,-7.60,'P','PPL','TZ.10','TZ.10.0501',35953,'Africa/Dar_es_Salaam',1,'2016-07-25 23:00:00','2016-07-25 23:00:00');
INSERT INTO `__PREFIX__cities` (`country_code`, `name`, `longitude`, `latitude`, `feature_class`, `feature_code`, `subadmin1_code`, `subadmin2_code`, `population`, `time_zone`, `active`, `created_at`, `updated_at`) VALUES ('TZ','{\"en\":\"Kidatu\"}',36.96,-7.70,'P','PPL','TZ.10','TZ.10.0503',37542,'Africa/Dar_es_Salaam',1,'2016-07-25 23:00:00','2016-07-25 23:00:00');
INSERT INTO `__PREFIX__cities` (`country_code`, `name`, `longitude`, `latitude`, `feature_class`, `feature_code`, `subadmin1_code`, `subadmin2_code`, `population`, `time_zone`, `active`, `created_at`, `updated_at`) VALUES ('TZ','{\"en\":\"Kibondo\"}',30.72,-3.59,'P','PPL','TZ.05','TZ.05.1601',28666,'Africa/Dar_es_Salaam',1,'2018-12-03 23:00:00','2018-12-03 23:00:00');
INSERT INTO `__PREFIX__cities` (`country_code`, `name`, `longitude`, `latitude`, `feature_class`, `feature_code`, `subadmin1_code`, `subadmin2_code`, `population`, `time_zone`, `active`, `created_at`, `updated_at`) VALUES ('TZ','{\"en\":\"Kibiti\"}',38.94,-7.72,'P','PPL','TZ.02','TZ.02.0605',30163,'Africa/Dar_es_Salaam',1,'2016-07-25 23:00:00','2016-07-25 23:00:00');
INSERT INTO `__PREFIX__cities` (`country_code`, `name`, `longitude`, `latitude`, `feature_class`, `feature_code`, `subadmin1_code`, `subadmin2_code`, `population`, `time_zone`, `active`, `created_at`, `updated_at`) VALUES ('TZ','{\"en\":\"Kibaya\"}',36.57,-5.30,'P','PPL','TZ.27','TZ.27.2105',5028,'Africa/Dar_es_Salaam',1,'2018-12-03 23:00:00','2018-12-03 23:00:00');
INSERT INTO `__PREFIX__cities` (`country_code`, `name`, `longitude`, `latitude`, `feature_class`, `feature_code`, `subadmin1_code`, `subadmin2_code`, `population`, `time_zone`, `active`, `created_at`, `updated_at`) VALUES ('TZ','{\"en\":\"Kibara\"}',33.45,-2.15,'P','PPL','TZ.08','TZ.08.2004',17211,'Africa/Dar_es_Salaam',1,'2016-07-25 23:00:00','2016-07-25 23:00:00');
INSERT INTO `__PREFIX__cities` (`country_code`, `name`, `longitude`, `latitude`, `feature_class`, `feature_code`, `subadmin1_code`, `subadmin2_code`, `population`, `time_zone`, `active`, `created_at`, `updated_at`) VALUES ('TZ','{\"en\":\"Kibakwe\"}',36.37,-6.72,'P','PPL','TZ.03','TZ.03.0102',19526,'Africa/Dar_es_Salaam',1,'2016-07-25 23:00:00','2016-07-25 23:00:00');
INSERT INTO `__PREFIX__cities` (`country_code`, `name`, `longitude`, `latitude`, `feature_class`, `feature_code`, `subadmin1_code`, `subadmin2_code`, `population`, `time_zone`, `active`, `created_at`, `updated_at`) VALUES ('TZ','{\"en\":\"Kibaha\"}',38.92,-6.77,'P','PPLA','TZ.02','TZ.02.0607',23651,'Africa/Dar_es_Salaam',1,'2016-07-25 23:00:00','2016-07-25 23:00:00');
INSERT INTO `__PREFIX__cities` (`country_code`, `name`, `longitude`, `latitude`, `feature_class`, `feature_code`, `subadmin1_code`, `subadmin2_code`, `population`, `time_zone`, `active`, `created_at`, `updated_at`) VALUES ('TZ','{\"en\":\"Katumba\"}',33.62,-9.23,'P','PPL','TZ.09','TZ.09.1204',108558,'Africa/Dar_es_Salaam',1,'2016-07-25 23:00:00','2016-07-25 23:00:00');
INSERT INTO `__PREFIX__cities` (`country_code`, `name`, `longitude`, `latitude`, `feature_class`, `feature_code`, `subadmin1_code`, `subadmin2_code`, `population`, `time_zone`, `active`, `created_at`, `updated_at`) VALUES ('TZ','{\"en\":\"Katoro\"}',31.93,-3.00,'P','PPL','TZ.28','TZ.28.2505',49691,'Africa/Dar_es_Salaam',1,'2020-10-12 23:00:00','2020-10-12 23:00:00');
INSERT INTO `__PREFIX__cities` (`country_code`, `name`, `longitude`, `latitude`, `feature_class`, `feature_code`, `subadmin1_code`, `subadmin2_code`, `population`, `time_zone`, `active`, `created_at`, `updated_at`) VALUES ('TZ','{\"en\":\"Katoro\"}',31.50,-1.40,'P','PPL','TZ.19','TZ.19.1802',11925,'Africa/Dar_es_Salaam',1,'2016-07-25 23:00:00','2016-07-25 23:00:00');
INSERT INTO `__PREFIX__cities` (`country_code`, `name`, `longitude`, `latitude`, `feature_class`, `feature_code`, `subadmin1_code`, `subadmin2_code`, `population`, `time_zone`, `active`, `created_at`, `updated_at`) VALUES ('TZ','{\"en\":\"Katerero\"}',31.73,-1.40,'P','PPL','TZ.19','TZ.19.1802',18430,'Africa/Dar_es_Salaam',1,'2016-07-25 23:00:00','2016-07-25 23:00:00');
INSERT INTO `__PREFIX__cities` (`country_code`, `name`, `longitude`, `latitude`, `feature_class`, `feature_code`, `subadmin1_code`, `subadmin2_code`, `population`, `time_zone`, `active`, `created_at`, `updated_at`) VALUES ('TZ','{\"en\":\"Kasulu\"}',30.10,-4.58,'P','PPL','TZ.05','TZ.05.1608',37349,'Africa/Dar_es_Salaam',1,'2016-07-25 23:00:00','2016-07-25 23:00:00');
INSERT INTO `__PREFIX__cities` (`country_code`, `name`, `longitude`, `latitude`, `feature_class`, `feature_code`, `subadmin1_code`, `subadmin2_code`, `population`, `time_zone`, `active`, `created_at`, `updated_at`) VALUES ('TZ','{\"en\":\"Kasamwa\"}',32.43,-2.85,'P','PPL','TZ.28','TZ.28.2501',27681,'Africa/Dar_es_Salaam',1,'2016-07-25 23:00:00','2016-07-25 23:00:00');
INSERT INTO `__PREFIX__cities` (`country_code`, `name`, `longitude`, `latitude`, `feature_class`, `feature_code`, `subadmin1_code`, `subadmin2_code`, `population`, `time_zone`, `active`, `created_at`, `updated_at`) VALUES ('TZ','{\"en\":\"Karema\"}',30.44,-6.82,'P','PPL','TZ.29','TZ.29.2302',12630,'Africa/Dar_es_Salaam',1,'2016-07-25 23:00:00','2016-07-25 23:00:00');
INSERT INTO `__PREFIX__cities` (`country_code`, `name`, `longitude`, `latitude`, `feature_class`, `feature_code`, `subadmin1_code`, `subadmin2_code`, `population`, `time_zone`, `active`, `created_at`, `updated_at`) VALUES ('TZ','{\"en\":\"Kiratu\"}',35.67,-3.33,'P','PPL','TZ.26','TZ.26.0204',19803,'Africa/Dar_es_Salaam',1,'2018-04-22 23:00:00','2018-04-22 23:00:00');
INSERT INTO `__PREFIX__cities` (`country_code`, `name`, `longitude`, `latitude`, `feature_class`, `feature_code`, `subadmin1_code`, `subadmin2_code`, `population`, `time_zone`, `active`, `created_at`, `updated_at`) VALUES ('TZ','{\"en\":\"Kandete\"}',33.80,-9.15,'P','PPL','TZ.09','TZ.09.1204',10318,'Africa/Dar_es_Salaam',1,'2016-07-25 23:00:00','2016-07-25 23:00:00');
INSERT INTO `__PREFIX__cities` (`country_code`, `name`, `longitude`, `latitude`, `feature_class`, `feature_code`, `subadmin1_code`, `subadmin2_code`, `population`, `time_zone`, `active`, `created_at`, `updated_at`) VALUES ('TZ','{\"en\":\"Kamachumu\"}',31.62,-1.62,'P','PPL','TZ.19','TZ.19.1803',15701,'Africa/Dar_es_Salaam',1,'2016-07-25 23:00:00','2016-07-25 23:00:00');
INSERT INTO `__PREFIX__cities` (`country_code`, `name`, `longitude`, `latitude`, `feature_class`, `feature_code`, `subadmin1_code`, `subadmin2_code`, `population`, `time_zone`, `active`, `created_at`, `updated_at`) VALUES ('TZ','{\"en\":\"Kaliua\"}',31.79,-5.06,'P','PPL','TZ.17','TZ.17.1407',12362,'Africa/Dar_es_Salaam',1,'2016-07-25 23:00:00','2016-07-25 23:00:00');
INSERT INTO `__PREFIX__cities` (`country_code`, `name`, `longitude`, `latitude`, `feature_class`, `feature_code`, `subadmin1_code`, `subadmin2_code`, `population`, `time_zone`, `active`, `created_at`, `updated_at`) VALUES ('TZ','{\"en\":\"Kakonko\"}',30.96,-3.28,'P','PPL','TZ.05','TZ.05.1607',24688,'Africa/Dar_es_Salaam',1,'2016-07-25 23:00:00','2016-07-25 23:00:00');
INSERT INTO `__PREFIX__cities` (`country_code`, `name`, `longitude`, `latitude`, `feature_class`, `feature_code`, `subadmin1_code`, `subadmin2_code`, `population`, `time_zone`, `active`, `created_at`, `updated_at`) VALUES ('TZ','{\"en\":\"Kahama\"}',32.60,-3.83,'P','PPL','TZ.15','TZ.15.1705',36014,'Africa/Dar_es_Salaam',1,'2017-06-16 23:00:00','2017-06-16 23:00:00');
INSERT INTO `__PREFIX__cities` (`country_code`, `name`, `longitude`, `latitude`, `feature_class`, `feature_code`, `subadmin1_code`, `subadmin2_code`, `population`, `time_zone`, `active`, `created_at`, `updated_at`) VALUES ('TZ','{\"en\":\"Kabanga\"}',30.47,-2.64,'P','PPL','TZ.19','TZ.19.1805',19421,'Africa/Dar_es_Salaam',1,'2018-07-03 23:00:00','2018-07-03 23:00:00');
INSERT INTO `__PREFIX__cities` (`country_code`, `name`, `longitude`, `latitude`, `feature_class`, `feature_code`, `subadmin1_code`, `subadmin2_code`, `population`, `time_zone`, `active`, `created_at`, `updated_at`) VALUES ('TZ','{\"en\":\"Izazi\"}',35.73,-7.20,'P','PPL','TZ.04','TZ.04.1101',18010,'Africa/Dar_es_Salaam',1,'2016-07-25 23:00:00','2016-07-25 23:00:00');
INSERT INTO `__PREFIX__cities` (`country_code`, `name`, `longitude`, `latitude`, `feature_class`, `feature_code`, `subadmin1_code`, `subadmin2_code`, `population`, `time_zone`, `active`, `created_at`, `updated_at`) VALUES ('TZ','{\"en\":\"Itumba\"}',33.18,-9.40,'P','PPL','TZ.32','TZ.32.1205',13438,'Africa/Dar_es_Salaam',1,'2018-09-08 23:00:00','2018-09-08 23:00:00');
INSERT INTO `__PREFIX__cities` (`country_code`, `name`, `longitude`, `latitude`, `feature_class`, `feature_code`, `subadmin1_code`, `subadmin2_code`, `population`, `time_zone`, `active`, `created_at`, `updated_at`) VALUES ('TZ','{\"en\":\"Itigi\"}',34.48,-5.70,'P','PPL','TZ.16','TZ.16.1303',19711,'Africa/Dar_es_Salaam',1,'2016-07-25 23:00:00','2016-07-25 23:00:00');
INSERT INTO `__PREFIX__cities` (`country_code`, `name`, `longitude`, `latitude`, `feature_class`, `feature_code`, `subadmin1_code`, `subadmin2_code`, `population`, `time_zone`, `active`, `created_at`, `updated_at`) VALUES ('TZ','{\"en\":\"Issenye\"}',34.33,-2.00,'P','PPL','TZ.08','TZ.08.2002',7778,'Africa/Dar_es_Salaam',1,'2016-07-25 23:00:00','2016-07-25 23:00:00');
INSERT INTO `__PREFIX__cities` (`country_code`, `name`, `longitude`, `latitude`, `feature_class`, `feature_code`, `subadmin1_code`, `subadmin2_code`, `population`, `time_zone`, `active`, `created_at`, `updated_at`) VALUES ('TZ','{\"en\":\"Isaka\"}',32.93,-3.90,'P','PPL','TZ.15','TZ.15.1704',21094,'Africa/Dar_es_Salaam',1,'2016-07-25 23:00:00','2016-07-25 23:00:00');
INSERT INTO `__PREFIX__cities` (`country_code`, `name`, `longitude`, `latitude`, `feature_class`, `feature_code`, `subadmin1_code`, `subadmin2_code`, `population`, `time_zone`, `active`, `created_at`, `updated_at`) VALUES ('TZ','{\"en\":\"Iringa\"}',35.70,-7.77,'P','PPLA','TZ.04','TZ.04.1103',111820,'Africa/Dar_es_Salaam',1,'2016-07-25 23:00:00','2016-07-25 23:00:00');
INSERT INTO `__PREFIX__cities` (`country_code`, `name`, `longitude`, `latitude`, `feature_class`, `feature_code`, `subadmin1_code`, `subadmin2_code`, `population`, `time_zone`, `active`, `created_at`, `updated_at`) VALUES ('TZ','{\"en\":\"Ipinda\"}',33.90,-9.48,'P','PPL','TZ.09','TZ.09.1203',17775,'Africa/Dar_es_Salaam',1,'2016-07-25 23:00:00','2016-07-25 23:00:00');
INSERT INTO `__PREFIX__cities` (`country_code`, `name`, `longitude`, `latitude`, `feature_class`, `feature_code`, `subadmin1_code`, `subadmin2_code`, `population`, `time_zone`, `active`, `created_at`, `updated_at`) VALUES ('TZ','{\"en\":\"Inyonga\"}',32.07,-6.72,'P','PPL','TZ.29','TZ.29.2303',11790,'Africa/Dar_es_Salaam',1,'2016-07-25 23:00:00','2016-07-25 23:00:00');
INSERT INTO `__PREFIX__cities` (`country_code`, `name`, `longitude`, `latitude`, `feature_class`, `feature_code`, `subadmin1_code`, `subadmin2_code`, `population`, `time_zone`, `active`, `created_at`, `updated_at`) VALUES ('TZ','{\"en\":\"Ilula\"}',36.04,-7.68,'P','PPL','TZ.04','TZ.04.1104',29193,'Africa/Dar_es_Salaam',1,'2016-07-25 23:00:00','2016-07-25 23:00:00');
INSERT INTO `__PREFIX__cities` (`country_code`, `name`, `longitude`, `latitude`, `feature_class`, `feature_code`, `subadmin1_code`, `subadmin2_code`, `population`, `time_zone`, `active`, `created_at`, `updated_at`) VALUES ('TZ','{\"en\":\"Ilongero\"}',34.87,-4.67,'P','PPL','TZ.16','TZ.16.1302',17342,'Africa/Dar_es_Salaam',1,'2016-07-25 23:00:00','2016-07-25 23:00:00');
INSERT INTO `__PREFIX__cities` (`country_code`, `name`, `longitude`, `latitude`, `feature_class`, `feature_code`, `subadmin1_code`, `subadmin2_code`, `population`, `time_zone`, `active`, `created_at`, `updated_at`) VALUES ('TZ','{\"en\":\"Ilembula\"}',34.58,-8.90,'P','PPL','TZ.30','TZ.30.2202',18870,'Africa/Dar_es_Salaam',1,'2016-07-25 23:00:00','2016-07-25 23:00:00');
INSERT INTO `__PREFIX__cities` (`country_code`, `name`, `longitude`, `latitude`, `feature_class`, `feature_code`, `subadmin1_code`, `subadmin2_code`, `population`, `time_zone`, `active`, `created_at`, `updated_at`) VALUES ('TZ','{\"en\":\"Ikwiriri\"}',38.97,-7.96,'P','PPL','TZ.02','TZ.02.0605',13071,'Africa/Dar_es_Salaam',1,'2016-07-25 23:00:00','2016-07-25 23:00:00');
INSERT INTO `__PREFIX__cities` (`country_code`, `name`, `longitude`, `latitude`, `feature_class`, `feature_code`, `subadmin1_code`, `subadmin2_code`, `population`, `time_zone`, `active`, `created_at`, `updated_at`) VALUES ('TZ','{\"en\":\"Ikungi\"}',34.77,-5.13,'P','PPL','TZ.16','TZ.16.1305',19692,'Africa/Dar_es_Salaam',1,'2016-07-25 23:00:00','2016-07-25 23:00:00');
INSERT INTO `__PREFIX__cities` (`country_code`, `name`, `longitude`, `latitude`, `feature_class`, `feature_code`, `subadmin1_code`, `subadmin2_code`, `population`, `time_zone`, `active`, `created_at`, `updated_at`) VALUES ('TZ','{\"en\":\"Igurusi\"}',33.85,-8.85,'P','PPL','TZ.09',NULL,25000,'Africa/Dar_es_Salaam',1,'2022-01-10 23:00:00','2022-01-10 23:00:00');
INSERT INTO `__PREFIX__cities` (`country_code`, `name`, `longitude`, `latitude`, `feature_class`, `feature_code`, `subadmin1_code`, `subadmin2_code`, `population`, `time_zone`, `active`, `created_at`, `updated_at`) VALUES ('TZ','{\"en\":\"Igurubi\"}',33.70,-4.00,'P','PPL','TZ.17','TZ.17.1402',10083,'Africa/Dar_es_Salaam',1,'2016-07-25 23:00:00','2016-07-25 23:00:00');
INSERT INTO `__PREFIX__cities` (`country_code`, `name`, `longitude`, `latitude`, `feature_class`, `feature_code`, `subadmin1_code`, `subadmin2_code`, `population`, `time_zone`, `active`, `created_at`, `updated_at`) VALUES ('TZ','{\"en\":\"Igunga\"}',33.88,-4.28,'P','PPL','TZ.17','TZ.17.1402',35644,'Africa/Dar_es_Salaam',1,'2016-07-25 23:00:00','2016-07-25 23:00:00');
INSERT INTO `__PREFIX__cities` (`country_code`, `name`, `longitude`, `latitude`, `feature_class`, `feature_code`, `subadmin1_code`, `subadmin2_code`, `population`, `time_zone`, `active`, `created_at`, `updated_at`) VALUES ('TZ','{\"en\":\"Igugunu\"}',34.63,-4.57,'P','PPL','TZ.16','TZ.16.1306',22810,'Africa/Dar_es_Salaam',1,'2016-07-25 23:00:00','2016-07-25 23:00:00');
INSERT INTO `__PREFIX__cities` (`country_code`, `name`, `longitude`, `latitude`, `feature_class`, `feature_code`, `subadmin1_code`, `subadmin2_code`, `population`, `time_zone`, `active`, `created_at`, `updated_at`) VALUES ('TZ','{\"en\":\"Ifakara\"}',36.68,-8.13,'P','PPL','TZ.10','TZ.10.0503',49528,'Africa/Dar_es_Salaam',1,'2016-07-25 23:00:00','2016-07-25 23:00:00');
INSERT INTO `__PREFIX__cities` (`country_code`, `name`, `longitude`, `latitude`, `feature_class`, `feature_code`, `subadmin1_code`, `subadmin2_code`, `population`, `time_zone`, `active`, `created_at`, `updated_at`) VALUES ('TZ','{\"en\":\"Hedaru\"}',37.90,-4.50,'P','PPL','TZ.06','TZ.06.0303',20231,'Africa/Dar_es_Salaam',1,'2016-07-25 23:00:00','2016-07-25 23:00:00');
INSERT INTO `__PREFIX__cities` (`country_code`, `name`, `longitude`, `latitude`, `feature_class`, `feature_code`, `subadmin1_code`, `subadmin2_code`, `population`, `time_zone`, `active`, `created_at`, `updated_at`) VALUES ('TZ','{\"en\":\"Geita\"}',32.23,-2.87,'P','PPLA','TZ.28','TZ.28.2501',40000,'Africa/Dar_es_Salaam',1,'2018-05-08 23:00:00','2018-05-08 23:00:00');
INSERT INTO `__PREFIX__cities` (`country_code`, `name`, `longitude`, `latitude`, `feature_class`, `feature_code`, `subadmin1_code`, `subadmin2_code`, `population`, `time_zone`, `active`, `created_at`, `updated_at`) VALUES ('TZ','{\"en\":\"Geiro\"}',36.87,-6.15,'P','PPL','TZ.10','TZ.10.0507',37909,'Africa/Dar_es_Salaam',1,'2016-07-25 23:00:00','2016-07-25 23:00:00');
INSERT INTO `__PREFIX__cities` (`country_code`, `name`, `longitude`, `latitude`, `feature_class`, `feature_code`, `subadmin1_code`, `subadmin2_code`, `population`, `time_zone`, `active`, `created_at`, `updated_at`) VALUES ('TZ','{\"en\":\"Galappo\"}',35.85,-4.27,'P','PPL','TZ.27','TZ.27.2101',18528,'Africa/Dar_es_Salaam',1,'2016-07-25 23:00:00','2016-07-25 23:00:00');
INSERT INTO `__PREFIX__cities` (`country_code`, `name`, `longitude`, `latitude`, `feature_class`, `feature_code`, `subadmin1_code`, `subadmin2_code`, `population`, `time_zone`, `active`, `created_at`, `updated_at`) VALUES ('TZ','{\"en\":\"Endasak\"}',35.52,-4.42,'P','PPL','TZ.27','TZ.27.2102',14576,'Africa/Dar_es_Salaam',1,'2016-07-25 23:00:00','2016-07-25 23:00:00');
INSERT INTO `__PREFIX__cities` (`country_code`, `name`, `longitude`, `latitude`, `feature_class`, `feature_code`, `subadmin1_code`, `subadmin2_code`, `population`, `time_zone`, `active`, `created_at`, `updated_at`) VALUES ('TZ','{\"en\":\"Dunda\"}',34.25,-8.12,'P','PPL','TZ.09','TZ.09.1207',14080,'Africa/Dar_es_Salaam',1,'2016-07-25 23:00:00','2016-07-25 23:00:00');
INSERT INTO `__PREFIX__cities` (`country_code`, `name`, `longitude`, `latitude`, `feature_class`, `feature_code`, `subadmin1_code`, `subadmin2_code`, `population`, `time_zone`, `active`, `created_at`, `updated_at`) VALUES ('TZ','{\"en\":\"Dongobesh\"}',35.38,-4.07,'P','PPL','TZ.27','TZ.27.2103',18864,'Africa/Dar_es_Salaam',1,'2016-07-25 23:00:00','2016-07-25 23:00:00');
INSERT INTO `__PREFIX__cities` (`country_code`, `name`, `longitude`, `latitude`, `feature_class`, `feature_code`, `subadmin1_code`, `subadmin2_code`, `population`, `time_zone`, `active`, `created_at`, `updated_at`) VALUES ('TZ','{\"en\":\"Dodoma\"}',35.74,-6.17,'P','PPLC','TZ.03','TZ.03.0105',180541,'Africa/Dar_es_Salaam',1,'2019-09-04 23:00:00','2019-09-04 23:00:00');
INSERT INTO `__PREFIX__cities` (`country_code`, `name`, `longitude`, `latitude`, `feature_class`, `feature_code`, `subadmin1_code`, `subadmin2_code`, `population`, `time_zone`, `active`, `created_at`, `updated_at`) VALUES ('TZ','{\"en\":\"Dar es Salaam\"}',39.27,-6.82,'P','PPLA','TZ.23','TZ.23.0702',2698652,'Africa/Dar_es_Salaam',1,'2019-09-04 23:00:00','2019-09-04 23:00:00');
INSERT INTO `__PREFIX__cities` (`country_code`, `name`, `longitude`, `latitude`, `feature_class`, `feature_code`, `subadmin1_code`, `subadmin2_code`, `population`, `time_zone`, `active`, `created_at`, `updated_at`) VALUES ('TZ','{\"en\":\"Dareda\"}',35.55,-4.22,'P','PPL','TZ.27','TZ.27.2101',19876,'Africa/Dar_es_Salaam',1,'2016-07-25 23:00:00','2016-07-25 23:00:00');
INSERT INTO `__PREFIX__cities` (`country_code`, `name`, `longitude`, `latitude`, `feature_class`, `feature_code`, `subadmin1_code`, `subadmin2_code`, `population`, `time_zone`, `active`, `created_at`, `updated_at`) VALUES ('TZ','{\"en\":\"Chimala\"}',34.02,-8.86,'P','PPL','TZ.09','TZ.09.1207',24817,'Africa/Dar_es_Salaam',1,'2016-07-25 23:00:00','2016-07-25 23:00:00');
INSERT INTO `__PREFIX__cities` (`country_code`, `name`, `longitude`, `latitude`, `feature_class`, `feature_code`, `subadmin1_code`, `subadmin2_code`, `population`, `time_zone`, `active`, `created_at`, `updated_at`) VALUES ('TZ','{\"en\":\"Chato\"}',31.77,-2.64,'P','PPL','TZ.28','TZ.28.2505',27776,'Africa/Dar_es_Salaam',1,'2016-07-25 23:00:00','2016-07-25 23:00:00');
INSERT INTO `__PREFIX__cities` (`country_code`, `name`, `longitude`, `latitude`, `feature_class`, `feature_code`, `subadmin1_code`, `subadmin2_code`, `population`, `time_zone`, `active`, `created_at`, `updated_at`) VALUES ('TZ','{\"en\":\"Chanika\"}',38.02,-5.42,'P','PPL','TZ.18','TZ.18.0410',30905,'Africa/Dar_es_Salaam',1,'2018-12-03 23:00:00','2018-12-03 23:00:00');
INSERT INTO `__PREFIX__cities` (`country_code`, `name`, `longitude`, `latitude`, `feature_class`, `feature_code`, `subadmin1_code`, `subadmin2_code`, `population`, `time_zone`, `active`, `created_at`, `updated_at`) VALUES ('TZ','{\"en\":\"Chalinze\"}',38.35,-6.64,'P','PPL','TZ.02','TZ.02.0601',34335,'Africa/Dar_es_Salaam',1,'2016-07-25 23:00:00','2016-07-25 23:00:00');
INSERT INTO `__PREFIX__cities` (`country_code`, `name`, `longitude`, `latitude`, `feature_class`, `feature_code`, `subadmin1_code`, `subadmin2_code`, `population`, `time_zone`, `active`, `created_at`, `updated_at`) VALUES ('TZ','{\"en\":\"Chala\"}',31.27,-7.58,'P','PPL','TZ.24','TZ.24.1503',22624,'Africa/Dar_es_Salaam',1,'2018-12-03 23:00:00','2018-12-03 23:00:00');
INSERT INTO `__PREFIX__cities` (`country_code`, `name`, `longitude`, `latitude`, `feature_class`, `feature_code`, `subadmin1_code`, `subadmin2_code`, `population`, `time_zone`, `active`, `created_at`, `updated_at`) VALUES ('TZ','{\"en\":\"Chake Chake\"}',39.77,-5.25,'P','PPLA','TZ.20','TZ.20.5501',21686,'Africa/Dar_es_Salaam',1,'2016-07-25 23:00:00','2016-07-25 23:00:00');
INSERT INTO `__PREFIX__cities` (`country_code`, `name`, `longitude`, `latitude`, `feature_class`, `feature_code`, `subadmin1_code`, `subadmin2_code`, `population`, `time_zone`, `active`, `created_at`, `updated_at`) VALUES ('TZ','{\"en\":\"Butiama\"}',33.97,-1.77,'P','PPL','TZ.08','TZ.08.2007',16376,'Africa/Dar_es_Salaam',1,'2016-07-25 23:00:00','2016-07-25 23:00:00');
INSERT INTO `__PREFIX__cities` (`country_code`, `name`, `longitude`, `latitude`, `feature_class`, `feature_code`, `subadmin1_code`, `subadmin2_code`, `population`, `time_zone`, `active`, `created_at`, `updated_at`) VALUES ('TZ','{\"en\":\"Buseresere\"}',31.89,-3.05,'P','PPL','TZ.28','TZ.28.2505',52870,'Africa/Dar_es_Salaam',1,'2020-10-12 23:00:00','2020-10-12 23:00:00');
INSERT INTO `__PREFIX__cities` (`country_code`, `name`, `longitude`, `latitude`, `feature_class`, `feature_code`, `subadmin1_code`, `subadmin2_code`, `population`, `time_zone`, `active`, `created_at`, `updated_at`) VALUES ('TZ','{\"en\":\"Bungu\"}',39.06,-7.63,'P','PPL','TZ.02','TZ.02.0605',27873,'Africa/Dar_es_Salaam',1,'2016-07-25 23:00:00','2016-07-25 23:00:00');
INSERT INTO `__PREFIX__cities` (`country_code`, `name`, `longitude`, `latitude`, `feature_class`, `feature_code`, `subadmin1_code`, `subadmin2_code`, `population`, `time_zone`, `active`, `created_at`, `updated_at`) VALUES ('TZ','{\"en\":\"Bunda\"}',33.87,-2.02,'P','PPL','TZ.08','TZ.08.2004',58390,'Africa/Dar_es_Salaam',1,'2022-01-10 23:00:00','2022-01-10 23:00:00');
INSERT INTO `__PREFIX__cities` (`country_code`, `name`, `longitude`, `latitude`, `feature_class`, `feature_code`, `subadmin1_code`, `subadmin2_code`, `population`, `time_zone`, `active`, `created_at`, `updated_at`) VALUES ('TZ','{\"en\":\"Bukoba\"}',31.81,-1.33,'P','PPLA','TZ.19','TZ.19.1806',70628,'Africa/Dar_es_Salaam',1,'2019-09-04 23:00:00','2019-09-04 23:00:00');
INSERT INTO `__PREFIX__cities` (`country_code`, `name`, `longitude`, `latitude`, `feature_class`, `feature_code`, `subadmin1_code`, `subadmin2_code`, `population`, `time_zone`, `active`, `created_at`, `updated_at`) VALUES ('TZ','{\"en\":\"Bukene\"}',32.88,-4.23,'P','PPL','TZ.17','TZ.17.1401',7444,'Africa/Dar_es_Salaam',1,'2018-12-03 23:00:00','2018-12-03 23:00:00');
INSERT INTO `__PREFIX__cities` (`country_code`, `name`, `longitude`, `latitude`, `feature_class`, `feature_code`, `subadmin1_code`, `subadmin2_code`, `population`, `time_zone`, `active`, `created_at`, `updated_at`) VALUES ('TZ','{\"en\":\"Bugene\"}',31.14,-1.59,'P','PPL','TZ.19','TZ.19.1801',10609,'Africa/Dar_es_Salaam',1,'2018-12-03 23:00:00','2018-12-03 23:00:00');
INSERT INTO `__PREFIX__cities` (`country_code`, `name`, `longitude`, `latitude`, `feature_class`, `feature_code`, `subadmin1_code`, `subadmin2_code`, `population`, `time_zone`, `active`, `created_at`, `updated_at`) VALUES ('TZ','{\"en\":\"Bugarama\"}',30.53,-2.87,'P','PPL','TZ.19','TZ.19.1805',32494,'Africa/Dar_es_Salaam',1,'2018-12-03 23:00:00','2018-12-03 23:00:00');
INSERT INTO `__PREFIX__cities` (`country_code`, `name`, `longitude`, `latitude`, `feature_class`, `feature_code`, `subadmin1_code`, `subadmin2_code`, `population`, `time_zone`, `active`, `created_at`, `updated_at`) VALUES ('TZ','{\"en\":\"Biharamulo\"}',31.31,-2.63,'P','PPL','TZ.19','TZ.19.1804',34038,'Africa/Dar_es_Salaam',1,'2016-07-25 23:00:00','2016-07-25 23:00:00');
INSERT INTO `__PREFIX__cities` (`country_code`, `name`, `longitude`, `latitude`, `feature_class`, `feature_code`, `subadmin1_code`, `subadmin2_code`, `population`, `time_zone`, `active`, `created_at`, `updated_at`) VALUES ('TZ','{\"en\":\"Basotu\"}',35.08,-4.37,'P','PPL','TZ.27','TZ.27.2102',20937,'Africa/Dar_es_Salaam',1,'2016-07-25 23:00:00','2016-07-25 23:00:00');
INSERT INTO `__PREFIX__cities` (`country_code`, `name`, `longitude`, `latitude`, `feature_class`, `feature_code`, `subadmin1_code`, `subadmin2_code`, `population`, `time_zone`, `active`, `created_at`, `updated_at`) VALUES ('TZ','{\"en\":\"Bashanet\"}',35.42,-4.23,'P','PPL','TZ.27','TZ.27.2101',19087,'Africa/Dar_es_Salaam',1,'2016-07-25 23:00:00','2016-07-25 23:00:00');
INSERT INTO `__PREFIX__cities` (`country_code`, `name`, `longitude`, `latitude`, `feature_class`, `feature_code`, `subadmin1_code`, `subadmin2_code`, `population`, `time_zone`, `active`, `created_at`, `updated_at`) VALUES ('TZ','{\"en\":\"Bariadi\"}',33.98,-2.80,'P','PPLA3','TZ.31','TZ.31.2401',33865,'Africa/Dar_es_Salaam',1,'2016-07-25 23:00:00','2016-07-25 23:00:00');
INSERT INTO `__PREFIX__cities` (`country_code`, `name`, `longitude`, `latitude`, `feature_class`, `feature_code`, `subadmin1_code`, `subadmin2_code`, `population`, `time_zone`, `active`, `created_at`, `updated_at`) VALUES ('TZ','{\"en\":\"Bagamoyo\"}',38.90,-6.44,'P','PPL','TZ.02','TZ.02.0601',82426,'Africa/Dar_es_Salaam',1,'2016-07-25 23:00:00','2016-07-25 23:00:00');
INSERT INTO `__PREFIX__cities` (`country_code`, `name`, `longitude`, `latitude`, `feature_class`, `feature_code`, `subadmin1_code`, `subadmin2_code`, `population`, `time_zone`, `active`, `created_at`, `updated_at`) VALUES ('TZ','{\"en\":\"Babati\"}',35.75,-4.22,'P','PPLA','TZ.27','TZ.27.2106',34291,'Africa/Dar_es_Salaam',1,'2016-07-25 23:00:00','2016-07-25 23:00:00');
INSERT INTO `__PREFIX__cities` (`country_code`, `name`, `longitude`, `latitude`, `feature_class`, `feature_code`, `subadmin1_code`, `subadmin2_code`, `population`, `time_zone`, `active`, `created_at`, `updated_at`) VALUES ('TZ','{\"en\":\"Arusha\"}',36.68,-3.37,'P','PPLA','TZ.26','TZ.26.0203',341136,'Africa/Dar_es_Salaam',1,'2016-07-25 23:00:00','2016-07-25 23:00:00');
INSERT INTO `__PREFIX__cities` (`country_code`, `name`, `longitude`, `latitude`, `feature_class`, `feature_code`, `subadmin1_code`, `subadmin2_code`, `population`, `time_zone`, `active`, `created_at`, `updated_at`) VALUES ('TZ','{\"en\":\"Tingi\"}',35.03,-11.30,'P','PPL','TZ.14','TZ.14.1006',16315,'Africa/Dar_es_Salaam',1,'2016-07-25 23:00:00','2016-07-25 23:00:00');
INSERT INTO `__PREFIX__cities` (`country_code`, `name`, `longitude`, `latitude`, `feature_class`, `feature_code`, `subadmin1_code`, `subadmin2_code`, `population`, `time_zone`, `active`, `created_at`, `updated_at`) VALUES ('TZ','{\"en\":\"Tandahimba\"}',39.63,-10.75,'P','PPL','TZ.11','TZ.11.0904',17041,'Africa/Dar_es_Salaam',1,'2016-07-25 23:00:00','2016-07-25 23:00:00');
INSERT INTO `__PREFIX__cities` (`country_code`, `name`, `longitude`, `latitude`, `feature_class`, `feature_code`, `subadmin1_code`, `subadmin2_code`, `population`, `time_zone`, `active`, `created_at`, `updated_at`) VALUES ('TZ','{\"en\":\"Songea\"}',35.65,-10.68,'P','PPLA','TZ.14','TZ.14.1004',126449,'Africa/Dar_es_Salaam',1,'2016-07-25 23:00:00','2016-07-25 23:00:00');
INSERT INTO `__PREFIX__cities` (`country_code`, `name`, `longitude`, `latitude`, `feature_class`, `feature_code`, `subadmin1_code`, `subadmin2_code`, `population`, `time_zone`, `active`, `created_at`, `updated_at`) VALUES ('TZ','{\"en\":\"Ruangwa\"}',38.93,-10.07,'P','PPL','TZ.07','TZ.07.0805',11095,'Africa/Dar_es_Salaam',1,'2016-07-25 23:00:00','2016-07-25 23:00:00');
INSERT INTO `__PREFIX__cities` (`country_code`, `name`, `longitude`, `latitude`, `feature_class`, `feature_code`, `subadmin1_code`, `subadmin2_code`, `population`, `time_zone`, `active`, `created_at`, `updated_at`) VALUES ('TZ','{\"en\":\"Nyangao\"}',39.28,-10.33,'P','PPL','TZ.07','TZ.07.0802',16343,'Africa/Dar_es_Salaam',1,'2016-07-25 23:00:00','2016-07-25 23:00:00');
INSERT INTO `__PREFIX__cities` (`country_code`, `name`, `longitude`, `latitude`, `feature_class`, `feature_code`, `subadmin1_code`, `subadmin2_code`, `population`, `time_zone`, `active`, `created_at`, `updated_at`) VALUES ('TZ','{\"en\":\"Newala Kisimani\"}',39.28,-10.95,'P','PPL','TZ.11','TZ.11.0902',38099,'Africa/Dar_es_Salaam',1,'2016-07-25 23:00:00','2016-07-25 23:00:00');
INSERT INTO `__PREFIX__cities` (`country_code`, `name`, `longitude`, `latitude`, `feature_class`, `feature_code`, `subadmin1_code`, `subadmin2_code`, `population`, `time_zone`, `active`, `created_at`, `updated_at`) VALUES ('TZ','{\"en\":\"Nanyamba\"}',39.83,-10.68,'P','PPL','TZ.11','TZ.11.0901',19555,'Africa/Dar_es_Salaam',1,'2016-07-25 23:00:00','2016-07-25 23:00:00');
INSERT INTO `__PREFIX__cities` (`country_code`, `name`, `longitude`, `latitude`, `feature_class`, `feature_code`, `subadmin1_code`, `subadmin2_code`, `population`, `time_zone`, `active`, `created_at`, `updated_at`) VALUES ('TZ','{\"en\":\"Nanhyanga\"}',39.55,-10.80,'P','PPL','TZ.11','TZ.11.0904',13519,'Africa/Dar_es_Salaam',1,'2016-07-25 23:00:00','2016-07-25 23:00:00');
INSERT INTO `__PREFIX__cities` (`country_code`, `name`, `longitude`, `latitude`, `feature_class`, `feature_code`, `subadmin1_code`, `subadmin2_code`, `population`, `time_zone`, `active`, `created_at`, `updated_at`) VALUES ('TZ','{\"en\":\"Nangomba\"}',38.50,-10.90,'P','PPL','TZ.11','TZ.11.0906',23028,'Africa/Dar_es_Salaam',1,'2016-07-25 23:00:00','2016-07-25 23:00:00');
INSERT INTO `__PREFIX__cities` (`country_code`, `name`, `longitude`, `latitude`, `feature_class`, `feature_code`, `subadmin1_code`, `subadmin2_code`, `population`, `time_zone`, `active`, `created_at`, `updated_at`) VALUES ('TZ','{\"en\":\"Nanganga\"}',39.15,-10.38,'P','PPL','TZ.11',NULL,17468,'Africa/Dar_es_Salaam',1,'2011-03-05 23:00:00','2011-03-05 23:00:00');
INSERT INTO `__PREFIX__cities` (`country_code`, `name`, `longitude`, `latitude`, `feature_class`, `feature_code`, `subadmin1_code`, `subadmin2_code`, `population`, `time_zone`, `active`, `created_at`, `updated_at`) VALUES ('TZ','{\"en\":\"Namikupa\"}',39.60,-10.83,'P','PPL','TZ.11','TZ.11.0904',11733,'Africa/Dar_es_Salaam',1,'2016-07-25 23:00:00','2016-07-25 23:00:00');
INSERT INTO `__PREFIX__cities` (`country_code`, `name`, `longitude`, `latitude`, `feature_class`, `feature_code`, `subadmin1_code`, `subadmin2_code`, `population`, `time_zone`, `active`, `created_at`, `updated_at`) VALUES ('TZ','{\"en\":\"Namalenga\"}',39.10,-10.95,'P','PPL','TZ.11','TZ.11.0903',11204,'Africa/Dar_es_Salaam',1,'2016-07-25 23:00:00','2016-07-25 23:00:00');
INSERT INTO `__PREFIX__cities` (`country_code`, `name`, `longitude`, `latitude`, `feature_class`, `feature_code`, `subadmin1_code`, `subadmin2_code`, `population`, `time_zone`, `active`, `created_at`, `updated_at`) VALUES ('TZ','{\"en\":\"Nachingwea\"}',38.76,-10.37,'P','PPL','TZ.07','TZ.07.0803',18058,'Africa/Dar_es_Salaam',1,'2016-07-25 23:00:00','2016-07-25 23:00:00');
INSERT INTO `__PREFIX__cities` (`country_code`, `name`, `longitude`, `latitude`, `feature_class`, `feature_code`, `subadmin1_code`, `subadmin2_code`, `population`, `time_zone`, `active`, `created_at`, `updated_at`) VALUES ('TZ','{\"en\":\"Mtwara\"}',40.18,-10.27,'P','PPLA','TZ.11','TZ.11.0905',96602,'Africa/Dar_es_Salaam',1,'2016-07-25 23:00:00','2016-07-25 23:00:00');
INSERT INTO `__PREFIX__cities` (`country_code`, `name`, `longitude`, `latitude`, `feature_class`, `feature_code`, `subadmin1_code`, `subadmin2_code`, `population`, `time_zone`, `active`, `created_at`, `updated_at`) VALUES ('TZ','{\"en\":\"Mtama\"}',39.37,-10.30,'P','PPL','TZ.07','TZ.07.0802',11928,'Africa/Dar_es_Salaam',1,'2016-07-25 23:00:00','2016-07-25 23:00:00');
INSERT INTO `__PREFIX__cities` (`country_code`, `name`, `longitude`, `latitude`, `feature_class`, `feature_code`, `subadmin1_code`, `subadmin2_code`, `population`, `time_zone`, `active`, `created_at`, `updated_at`) VALUES ('TZ','{\"en\":\"Mingoyo\"}',39.62,-10.11,'P','PPL','TZ.07','TZ.07.0806',10480,'Africa/Dar_es_Salaam',1,'2016-07-25 23:00:00','2016-07-25 23:00:00');
INSERT INTO `__PREFIX__cities` (`country_code`, `name`, `longitude`, `latitude`, `feature_class`, `feature_code`, `subadmin1_code`, `subadmin2_code`, `population`, `time_zone`, `active`, `created_at`, `updated_at`) VALUES ('TZ','{\"en\":\"Mbinga\"}',35.02,-10.93,'P','PPL','TZ.14','TZ.14.1003',25192,'Africa/Dar_es_Salaam',1,'2016-07-25 23:00:00','2016-07-25 23:00:00');
INSERT INTO `__PREFIX__cities` (`country_code`, `name`, `longitude`, `latitude`, `feature_class`, `feature_code`, `subadmin1_code`, `subadmin2_code`, `population`, `time_zone`, `active`, `created_at`, `updated_at`) VALUES ('TZ','{\"en\":\"Mbekenyera\"}',38.98,-10.00,'P','PPL','TZ.07','TZ.07.0805',11794,'Africa/Dar_es_Salaam',1,'2018-12-03 23:00:00','2018-12-03 23:00:00');
INSERT INTO `__PREFIX__cities` (`country_code`, `name`, `longitude`, `latitude`, `feature_class`, `feature_code`, `subadmin1_code`, `subadmin2_code`, `population`, `time_zone`, `active`, `created_at`, `updated_at`) VALUES ('TZ','{\"en\":\"Mbamba Bay\"}',34.77,-11.28,'P','PPL','TZ.14',NULL,8997,'Africa/Dar_es_Salaam',1,'2012-01-16 23:00:00','2012-01-16 23:00:00');
INSERT INTO `__PREFIX__cities` (`country_code`, `name`, `longitude`, `latitude`, `feature_class`, `feature_code`, `subadmin1_code`, `subadmin2_code`, `population`, `time_zone`, `active`, `created_at`, `updated_at`) VALUES ('TZ','{\"en\":\"Matiri\"}',34.90,-10.75,'P','PPL','TZ.14','TZ.14.1003',18830,'Africa/Dar_es_Salaam',1,'2018-12-03 23:00:00','2018-12-03 23:00:00');
INSERT INTO `__PREFIX__cities` (`country_code`, `name`, `longitude`, `latitude`, `feature_class`, `feature_code`, `subadmin1_code`, `subadmin2_code`, `population`, `time_zone`, `active`, `created_at`, `updated_at`) VALUES ('TZ','{\"en\":\"Masuguru\"}',38.42,-11.37,'P','PPL','TZ.11','TZ.11.0906',7946,'Africa/Dar_es_Salaam',1,'2016-07-25 23:00:00','2016-07-25 23:00:00');
INSERT INTO `__PREFIX__cities` (`country_code`, `name`, `longitude`, `latitude`, `feature_class`, `feature_code`, `subadmin1_code`, `subadmin2_code`, `population`, `time_zone`, `active`, `created_at`, `updated_at`) VALUES ('TZ','{\"en\":\"Masasi\"}',38.80,-10.72,'P','PPL','TZ.11','TZ.11.0907',36032,'Africa/Dar_es_Salaam',1,'2016-07-25 23:00:00','2016-07-25 23:00:00');
INSERT INTO `__PREFIX__cities` (`country_code`, `name`, `longitude`, `latitude`, `feature_class`, `feature_code`, `subadmin1_code`, `subadmin2_code`, `population`, `time_zone`, `active`, `created_at`, `updated_at`) VALUES ('TZ','{\"en\":\"Maposeni\"}',35.40,-10.58,'P','PPL','TZ.14','TZ.14.1002',19472,'Africa/Dar_es_Salaam',1,'2018-12-03 23:00:00','2018-12-03 23:00:00');
INSERT INTO `__PREFIX__cities` (`country_code`, `name`, `longitude`, `latitude`, `feature_class`, `feature_code`, `subadmin1_code`, `subadmin2_code`, `population`, `time_zone`, `active`, `created_at`, `updated_at`) VALUES ('TZ','{\"en\":\"Manda\"}',34.58,-10.47,'P','PPL','TZ.30',NULL,8393,'Africa/Dar_es_Salaam',1,'2013-04-02 23:00:00','2013-04-02 23:00:00');
INSERT INTO `__PREFIX__cities` (`country_code`, `name`, `longitude`, `latitude`, `feature_class`, `feature_code`, `subadmin1_code`, `subadmin2_code`, `population`, `time_zone`, `active`, `created_at`, `updated_at`) VALUES ('TZ','{\"en\":\"Mahuta\"}',39.45,-10.87,'P','PPL','TZ.11','TZ.11.0904',13548,'Africa/Dar_es_Salaam',1,'2018-12-03 23:00:00','2018-12-03 23:00:00');
INSERT INTO `__PREFIX__cities` (`country_code`, `name`, `longitude`, `latitude`, `feature_class`, `feature_code`, `subadmin1_code`, `subadmin2_code`, `population`, `time_zone`, `active`, `created_at`, `updated_at`) VALUES ('TZ','{\"en\":\"Madimba\"}',40.33,-10.40,'P','PPL','TZ.11','TZ.11.0901',12507,'Africa/Dar_es_Salaam',1,'2018-12-03 23:00:00','2018-12-03 23:00:00');
INSERT INTO `__PREFIX__cities` (`country_code`, `name`, `longitude`, `latitude`, `feature_class`, `feature_code`, `subadmin1_code`, `subadmin2_code`, `population`, `time_zone`, `active`, `created_at`, `updated_at`) VALUES ('TZ','{\"en\":\"Lulindi\"}',39.13,-10.82,'P','PPL','TZ.11','TZ.11.0903',7807,'Africa/Dar_es_Salaam',1,'2018-12-03 23:00:00','2018-12-03 23:00:00');
INSERT INTO `__PREFIX__cities` (`country_code`, `name`, `longitude`, `latitude`, `feature_class`, `feature_code`, `subadmin1_code`, `subadmin2_code`, `population`, `time_zone`, `active`, `created_at`, `updated_at`) VALUES ('TZ','{\"en\":\"Lukuledi\"}',38.80,-10.57,'P','PPL','TZ.11','TZ.11.0903',29699,'Africa/Dar_es_Salaam',1,'2018-12-03 23:00:00','2018-12-03 23:00:00');
INSERT INTO `__PREFIX__cities` (`country_code`, `name`, `longitude`, `latitude`, `feature_class`, `feature_code`, `subadmin1_code`, `subadmin2_code`, `population`, `time_zone`, `active`, `created_at`, `updated_at`) VALUES ('TZ','{\"en\":\"Luchingu\"}',39.33,-10.90,'P','PPL','TZ.11','TZ.11.0902',25145,'Africa/Dar_es_Salaam',1,'2018-12-03 23:00:00','2018-12-03 23:00:00');
INSERT INTO `__PREFIX__cities` (`country_code`, `name`, `longitude`, `latitude`, `feature_class`, `feature_code`, `subadmin1_code`, `subadmin2_code`, `population`, `time_zone`, `active`, `created_at`, `updated_at`) VALUES ('TZ','{\"en\":\"Liuli\"}',34.63,-11.08,'P','PPL','TZ.14',NULL,13119,'Africa/Dar_es_Salaam',1,'2022-01-10 23:00:00','2022-01-10 23:00:00');
INSERT INTO `__PREFIX__cities` (`country_code`, `name`, `longitude`, `latitude`, `feature_class`, `feature_code`, `subadmin1_code`, `subadmin2_code`, `population`, `time_zone`, `active`, `created_at`, `updated_at`) VALUES ('TZ','{\"en\":\"Lindi\"}',39.72,-10.00,'P','PPLA','TZ.07','TZ.07.0806',41912,'Africa/Dar_es_Salaam',1,'2016-07-25 23:00:00','2016-07-25 23:00:00');
INSERT INTO `__PREFIX__cities` (`country_code`, `name`, `longitude`, `latitude`, `feature_class`, `feature_code`, `subadmin1_code`, `subadmin2_code`, `population`, `time_zone`, `active`, `created_at`, `updated_at`) VALUES ('TZ','{\"en\":\"Kitangari\"}',39.33,-10.65,'P','PPL','TZ.11','TZ.11.0902',10956,'Africa/Dar_es_Salaam',1,'2018-12-03 23:00:00','2018-12-03 23:00:00');
INSERT INTO `__PREFIX__cities` (`country_code`, `name`, `longitude`, `latitude`, `feature_class`, `feature_code`, `subadmin1_code`, `subadmin2_code`, `population`, `time_zone`, `active`, `created_at`, `updated_at`) VALUES ('TZ','{\"en\":\"Kitama\"}',39.73,-10.72,'P','PPL','TZ.11','TZ.11.0901',16232,'Africa/Dar_es_Salaam',1,'2018-12-03 23:00:00','2018-12-03 23:00:00');
INSERT INTO `__PREFIX__cities` (`country_code`, `name`, `longitude`, `latitude`, `feature_class`, `feature_code`, `subadmin1_code`, `subadmin2_code`, `population`, `time_zone`, `active`, `created_at`, `updated_at`) VALUES ('TZ','{\"en\":\"Kigonsera\"}',35.05,-10.80,'P','PPL','TZ.14','TZ.14.1003',22155,'Africa/Dar_es_Salaam',1,'2016-07-25 23:00:00','2016-07-25 23:00:00');
INSERT INTO `__PREFIX__cities` (`country_code`, `name`, `longitude`, `latitude`, `feature_class`, `feature_code`, `subadmin1_code`, `subadmin2_code`, `population`, `time_zone`, `active`, `created_at`, `updated_at`) VALUES ('TZ','{\"en\":\"Chiungutwa\"}',38.98,-10.88,'P','PPL','TZ.11','TZ.11.0903',12764,'Africa/Dar_es_Salaam',1,'2018-12-03 23:00:00','2018-12-03 23:00:00');
INSERT INTO `__PREFIX__cities` (`country_code`, `name`, `longitude`, `latitude`, `feature_class`, `feature_code`, `subadmin1_code`, `subadmin2_code`, `population`, `time_zone`, `active`, `created_at`, `updated_at`) VALUES ('TZ','{\"en\":\"Merelani\"}',36.98,-3.56,'P','PPL','TZ.26',NULL,50000,'Africa/Dar_es_Salaam',1,'2008-02-02 23:00:00','2008-02-02 23:00:00');
INSERT INTO `__PREFIX__cities` (`country_code`, `name`, `longitude`, `latitude`, `feature_class`, `feature_code`, `subadmin1_code`, `subadmin2_code`, `population`, `time_zone`, `active`, `created_at`, `updated_at`) VALUES ('TZ','{\"en\":\"Nungwi\"}',39.30,-5.73,'P','PPL','TZ.22','TZ.22.5101',8000,'Africa/Dar_es_Salaam',1,'2016-07-25 23:00:00','2016-07-25 23:00:00');
INSERT INTO `__PREFIX__cities` (`country_code`, `name`, `longitude`, `latitude`, `feature_class`, `feature_code`, `subadmin1_code`, `subadmin2_code`, `population`, `time_zone`, `active`, `created_at`, `updated_at`) VALUES ('TZ','{\"en\":\"Kisasa\"}',35.79,-6.18,'P','PPL','TZ.03','TZ.03.0105',10000,'Africa/Dar_es_Salaam',1,'2016-07-25 23:00:00','2016-07-25 23:00:00');
/*!40000 ALTER TABLE `__PREFIX__cities` ENABLE KEYS */;
/*!40103 SET TIME_ZONE=@OLD_TIME_ZONE */;

/*!40101 SET SQL_MODE=@OLD_SQL_MODE */;
/*!40014 SET FOREIGN_KEY_CHECKS=@OLD_FOREIGN_KEY_CHECKS */;
/*!40014 SET UNIQUE_CHECKS=@OLD_UNIQUE_CHECKS */;
/*!40101 SET CHARACTER_SET_CLIENT=@OLD_CHARACTER_SET_CLIENT */;
/*!40101 SET CHARACTER_SET_RESULTS=@OLD_CHARACTER_SET_RESULTS */;
/*!40101 SET COLLATION_CONNECTION=@OLD_COLLATION_CONNECTION */;
/*!40111 SET SQL_NOTES=@OLD_SQL_NOTES */;

-- Dump completed
