-- MySQL dump 10.13  Distrib 5.7.34, for osx10.12 (x86_64)
--
-- Host: 127.0.0.1    Database: laraclassifier
-- ------------------------------------------------------
-- Server version	5.7.34

/*!40101 SET @OLD_CHARACTER_SET_CLIENT=@@CHARACTER_SET_CLIENT */;
/*!40101 SET @OLD_CHARACTER_SET_RESULTS=@@CHARACTER_SET_RESULTS */;
/*!40101 SET @OLD_COLLATION_CONNECTION=@@COLLATION_CONNECTION */;
/*!40101 SET NAMES utf8 */;
/*!40103 SET @OLD_TIME_ZONE=@@TIME_ZONE */;
/*!40103 SET TIME_ZONE='+00:00' */;
/*!40014 SET @OLD_UNIQUE_CHECKS=@@UNIQUE_CHECKS, UNIQUE_CHECKS=0 */;
/*!40014 SET @OLD_FOREIGN_KEY_CHECKS=@@FOREIGN_KEY_CHECKS, FOREIGN_KEY_CHECKS=0 */;
/*!40101 SET @OLD_SQL_MODE=@@SQL_MODE, SQL_MODE='NO_AUTO_VALUE_ON_ZERO' */;
/*!40111 SET @OLD_SQL_NOTES=@@SQL_NOTES, SQL_NOTES=0 */;

--
-- Dumping data for table `__PREFIX__subadmin1`
--

/*!40000 ALTER TABLE `__PREFIX__subadmin1` DISABLE KEYS */;
INSERT INTO `__PREFIX__subadmin1` (`code`, `country_code`, `name`, `active`) VALUES ('UZ.09','UZ','{\"en\":\"Karakalpakstan\"}',1);
INSERT INTO `__PREFIX__subadmin1` (`code`, `country_code`, `name`, `active`) VALUES ('UZ.12','UZ','{\"en\":\"Surxondaryo\"}',1);
INSERT INTO `__PREFIX__subadmin1` (`code`, `country_code`, `name`, `active`) VALUES ('UZ.10','UZ','{\"en\":\"Samarqand\"}',1);
INSERT INTO `__PREFIX__subadmin1` (`code`, `country_code`, `name`, `active`) VALUES ('UZ.08','UZ','{\"en\":\"Qashqadaryo\"}',1);
INSERT INTO `__PREFIX__subadmin1` (`code`, `country_code`, `name`, `active`) VALUES ('UZ.02','UZ','{\"en\":\"Bukhara\"}',1);
INSERT INTO `__PREFIX__subadmin1` (`code`, `country_code`, `name`, `active`) VALUES ('UZ.14','UZ','{\"en\":\"Toshkent\"}',1);
INSERT INTO `__PREFIX__subadmin1` (`code`, `country_code`, `name`, `active`) VALUES ('UZ.13','UZ','{\"en\":\"Tashkent\"}',1);
INSERT INTO `__PREFIX__subadmin1` (`code`, `country_code`, `name`, `active`) VALUES ('UZ.16','UZ','{\"en\":\"Sirdaryo Region\"}',1);
INSERT INTO `__PREFIX__subadmin1` (`code`, `country_code`, `name`, `active`) VALUES ('UZ.07','UZ','{\"en\":\"Navoiy\"}',1);
INSERT INTO `__PREFIX__subadmin1` (`code`, `country_code`, `name`, `active`) VALUES ('UZ.06','UZ','{\"en\":\"Namangan\"}',1);
INSERT INTO `__PREFIX__subadmin1` (`code`, `country_code`, `name`, `active`) VALUES ('UZ.05','UZ','{\"en\":\"Xorazm\"}',1);
INSERT INTO `__PREFIX__subadmin1` (`code`, `country_code`, `name`, `active`) VALUES ('UZ.15','UZ','{\"en\":\"Jizzax\"}',1);
INSERT INTO `__PREFIX__subadmin1` (`code`, `country_code`, `name`, `active`) VALUES ('UZ.03','UZ','{\"en\":\"Fergana\"}',1);
INSERT INTO `__PREFIX__subadmin1` (`code`, `country_code`, `name`, `active`) VALUES ('UZ.01','UZ','{\"en\":\"Andijon\"}',1);
/*!40000 ALTER TABLE `__PREFIX__subadmin1` ENABLE KEYS */;

--
-- Dumping data for table `__PREFIX__subadmin2`
--

/*!40000 ALTER TABLE `__PREFIX__subadmin2` DISABLE KEYS */;
INSERT INTO `__PREFIX__subadmin2` (`code`, `country_code`, `subadmin1_code`, `name`, `active`) VALUES ('UZ.09.601276','UZ','UZ.09','{\"en\":\"Shumanay Tumani\"}',1);
INSERT INTO `__PREFIX__subadmin2` (`code`, `country_code`, `subadmin1_code`, `name`, `active`) VALUES ('UZ.09.601292','UZ','UZ.09','{\"en\":\"Nukus Tumani\"}',1);
INSERT INTO `__PREFIX__subadmin2` (`code`, `country_code`, `subadmin1_code`, `name`, `active`) VALUES ('UZ.09.601301','UZ','UZ.09','{\"en\":\"Mo’ynoq Tumani\"}',1);
INSERT INTO `__PREFIX__subadmin2` (`code`, `country_code`, `subadmin1_code`, `name`, `active`) VALUES ('UZ.09.601309','UZ','UZ.09','{\"en\":\"Qanliko‘l Tumani\"}',1);
INSERT INTO `__PREFIX__subadmin2` (`code`, `country_code`, `subadmin1_code`, `name`, `active`) VALUES ('UZ.09.601322','UZ','UZ.09','{\"en\":\"Qo‘ng‘irot Tumani\"}',1);
INSERT INTO `__PREFIX__subadmin2` (`code`, `country_code`, `subadmin1_code`, `name`, `active`) VALUES ('UZ.09.601340','UZ','UZ.09','{\"en\":\"Xo‘jayli Tumani\"}',1);
INSERT INTO `__PREFIX__subadmin2` (`code`, `country_code`, `subadmin1_code`, `name`, `active`) VALUES ('UZ.09.601347','UZ','UZ.09','{\"en\":\"Kegeyli Tumani\"}',1);
INSERT INTO `__PREFIX__subadmin2` (`code`, `country_code`, `subadmin1_code`, `name`, `active`) VALUES ('UZ.09.601394','UZ','UZ.09','{\"en\":\"Chimboy Tumani\"}',1);
INSERT INTO `__PREFIX__subadmin2` (`code`, `country_code`, `subadmin1_code`, `name`, `active`) VALUES ('UZ.09.601398','UZ','UZ.09','{\"en\":\"Bo‘zatov Tumani\"}',1);
INSERT INTO `__PREFIX__subadmin2` (`code`, `country_code`, `subadmin1_code`, `name`, `active`) VALUES ('UZ.15.1215692','UZ','UZ.15','{\"en\":\"Zomin Tumani\"}',1);
INSERT INTO `__PREFIX__subadmin2` (`code`, `country_code`, `subadmin1_code`, `name`, `active`) VALUES ('UZ.08.1215766','UZ','UZ.08','{\"en\":\"Yakkabog‘ Tumani\"}',1);
INSERT INTO `__PREFIX__subadmin2` (`code`, `country_code`, `subadmin1_code`, `name`, `active`) VALUES ('UZ.02.1215788','UZ','UZ.02','{\"en\":\"Vobkent Tumani\"}',1);
INSERT INTO `__PREFIX__subadmin2` (`code`, `country_code`, `subadmin1_code`, `name`, `active`) VALUES ('UZ.08.1215811','UZ','UZ.08','{\"en\":\"Usmon Yusupov Tumani\"}',1);
INSERT INTO `__PREFIX__subadmin2` (`code`, `country_code`, `subadmin1_code`, `name`, `active`) VALUES ('UZ.10.1215838','UZ','UZ.10','{\"en\":\"Urgut Tumani\"}',1);
INSERT INTO `__PREFIX__subadmin2` (`code`, `country_code`, `subadmin1_code`, `name`, `active`) VALUES ('UZ.08.1215855','UZ','UZ.08','{\"en\":\"Kasbi Tumani\"}',1);
INSERT INTO `__PREFIX__subadmin2` (`code`, `country_code`, `subadmin1_code`, `name`, `active`) VALUES ('UZ.02.1215958','UZ','UZ.02','{\"en\":\"Termiz Tumani\"}',1);
INSERT INTO `__PREFIX__subadmin2` (`code`, `country_code`, `subadmin1_code`, `name`, `active`) VALUES ('UZ.02.1216048','UZ','UZ.02','{\"en\":\"Jondor Tumani\"}',1);
INSERT INTO `__PREFIX__subadmin2` (`code`, `country_code`, `subadmin1_code`, `name`, `active`) VALUES ('UZ.10.1216079','UZ','UZ.10','{\"en\":\"Nurobod Tumani\"}',1);
INSERT INTO `__PREFIX__subadmin2` (`code`, `country_code`, `subadmin1_code`, `name`, `active`) VALUES ('UZ.12.1216113','UZ','UZ.12','{\"en\":\"Sho‘rchi Tumani\"}',1);
INSERT INTO `__PREFIX__subadmin2` (`code`, `country_code`, `subadmin1_code`, `name`, `active`) VALUES ('UZ.12.1216154','UZ','UZ.12','{\"en\":\"Sherobod Tumani\"}',1);
INSERT INTO `__PREFIX__subadmin2` (`code`, `country_code`, `subadmin1_code`, `name`, `active`) VALUES ('UZ.08.1216186','UZ','UZ.08','{\"en\":\"Shahrisabz Tumani\"}',1);
INSERT INTO `__PREFIX__subadmin2` (`code`, `country_code`, `subadmin1_code`, `name`, `active`) VALUES ('UZ.12.1216243','UZ','UZ.12','{\"en\":\"Sariosiyo Tumani\"}',1);
INSERT INTO `__PREFIX__subadmin2` (`code`, `country_code`, `subadmin1_code`, `name`, `active`) VALUES ('UZ.10.1216266','UZ','UZ.10','{\"en\":\"Samarqand Tumani\"}',1);
INSERT INTO `__PREFIX__subadmin2` (`code`, `country_code`, `subadmin1_code`, `name`, `active`) VALUES ('UZ.02.1216289','UZ','UZ.02','{\"en\":\"Romiton Tumani\"}',1);
INSERT INTO `__PREFIX__subadmin2` (`code`, `country_code`, `subadmin1_code`, `name`, `active`) VALUES ('UZ.10.1216337','UZ','UZ.10','{\"en\":\"Payariq Tumani\"}',1);
INSERT INTO `__PREFIX__subadmin2` (`code`, `country_code`, `subadmin1_code`, `name`, `active`) VALUES ('UZ.10.1216341','UZ','UZ.10','{\"en\":\"Pastdarg‘om Tumani\"}',1);
INSERT INTO `__PREFIX__subadmin2` (`code`, `country_code`, `subadmin1_code`, `name`, `active`) VALUES ('UZ.10.1216354','UZ','UZ.10','{\"en\":\"Paxtachi Tumani\"}',1);
INSERT INTO `__PREFIX__subadmin2` (`code`, `country_code`, `subadmin1_code`, `name`, `active`) VALUES ('UZ.08.1216399','UZ','UZ.08','{\"en\":\"Nishon Tumani\"}',1);
INSERT INTO `__PREFIX__subadmin2` (`code`, `country_code`, `subadmin1_code`, `name`, `active`) VALUES ('UZ.10.1216429','UZ','UZ.10','{\"en\":\"Narpay Tumani\"}',1);
INSERT INTO `__PREFIX__subadmin2` (`code`, `country_code`, `subadmin1_code`, `name`, `active`) VALUES ('UZ.08.1216474','UZ','UZ.08','{\"en\":\"Muborak Tumani\"}',1);
INSERT INTO `__PREFIX__subadmin2` (`code`, `country_code`, `subadmin1_code`, `name`, `active`) VALUES ('UZ.12.1216571','UZ','UZ.12','{\"en\":\"Qiziriq Tumani\"}',1);
INSERT INTO `__PREFIX__subadmin2` (`code`, `country_code`, `subadmin1_code`, `name`, `active`) VALUES ('UZ.07.1216582','UZ','UZ.07','{\"en\":\"Qiziltepa Tumani\"}',1);
INSERT INTO `__PREFIX__subadmin2` (`code`, `country_code`, `subadmin1_code`, `name`, `active`) VALUES ('UZ.12.1216685','UZ','UZ.12','{\"en\":\"Qumqŭrghon Tumani\"}',1);
INSERT INTO `__PREFIX__subadmin2` (`code`, `country_code`, `subadmin1_code`, `name`, `active`) VALUES ('UZ.08.1216786','UZ','UZ.08','{\"en\":\"Kitob Tumani\"}',1);
INSERT INTO `__PREFIX__subadmin2` (`code`, `country_code`, `subadmin1_code`, `name`, `active`) VALUES ('UZ.10.1216987','UZ','UZ.10','{\"en\":\"Kattaqo‘rg‘on Tumani\"}',1);
INSERT INTO `__PREFIX__subadmin2` (`code`, `country_code`, `subadmin1_code`, `name`, `active`) VALUES ('UZ.08.1217005','UZ','UZ.08','{\"en\":\"Koson Tumani\"}',1);
INSERT INTO `__PREFIX__subadmin2` (`code`, `country_code`, `subadmin1_code`, `name`, `active`) VALUES ('UZ.08.1217013','UZ','UZ.08','{\"en\":\"Qarshi Tumani\"}',1);
INSERT INTO `__PREFIX__subadmin2` (`code`, `country_code`, `subadmin1_code`, `name`, `active`) VALUES ('UZ.02.1217081','UZ','UZ.02','{\"en\":\"Qorakŭl Tumani\"}',1);
INSERT INTO `__PREFIX__subadmin2` (`code`, `country_code`, `subadmin1_code`, `name`, `active`) VALUES ('UZ.08.1217142','UZ','UZ.08','{\"en\":\"Qamashi Tumani\"}',1);
INSERT INTO `__PREFIX__subadmin2` (`code`, `country_code`, `subadmin1_code`, `name`, `active`) VALUES ('UZ.02.1217179','UZ','UZ.02','{\"en\":\"Kogon Tumani\"}',1);
INSERT INTO `__PREFIX__subadmin2` (`code`, `country_code`, `subadmin1_code`, `name`, `active`) VALUES ('UZ.10.1217214','UZ','UZ.10','{\"en\":\"Ishtixon Tumani\"}',1);
INSERT INTO `__PREFIX__subadmin2` (`code`, `country_code`, `subadmin1_code`, `name`, `active`) VALUES ('UZ.08.1217259','UZ','UZ.08','{\"en\":\"G‘uzor Tumani\"}',1);
INSERT INTO `__PREFIX__subadmin2` (`code`, `country_code`, `subadmin1_code`, `name`, `active`) VALUES ('UZ.15.1217334','UZ','UZ.15','{\"en\":\"G‘allaorol Tumani\"}',1);
INSERT INTO `__PREFIX__subadmin2` (`code`, `country_code`, `subadmin1_code`, `name`, `active`) VALUES ('UZ.12.1217341','UZ','UZ.12','{\"en\":\"Muzrabod Tumani\"}',1);
INSERT INTO `__PREFIX__subadmin2` (`code`, `country_code`, `subadmin1_code`, `name`, `active`) VALUES ('UZ.12.1217391','UZ','UZ.12','{\"en\":\"Jarqo‘rg‘on Tumani\"}',1);
INSERT INTO `__PREFIX__subadmin2` (`code`, `country_code`, `subadmin1_code`, `name`, `active`) VALUES ('UZ.10.1217412','UZ','UZ.10','{\"en\":\"Jomboy Tumani\"}',1);
INSERT INTO `__PREFIX__subadmin2` (`code`, `country_code`, `subadmin1_code`, `name`, `active`) VALUES ('UZ.12.1217476','UZ','UZ.12','{\"en\":\"Denov Tumani\"}',1);
INSERT INTO `__PREFIX__subadmin2` (`code`, `country_code`, `subadmin1_code`, `name`, `active`) VALUES ('UZ.08.1217479','UZ','UZ.08','{\"en\":\"Dehqonobod Tumani\"}',1);
INSERT INTO `__PREFIX__subadmin2` (`code`, `country_code`, `subadmin1_code`, `name`, `active`) VALUES ('UZ.08.1217538','UZ','UZ.08','{\"en\":\"Chiroqchi Tumani\"}',1);
INSERT INTO `__PREFIX__subadmin2` (`code`, `country_code`, `subadmin1_code`, `name`, `active`) VALUES ('UZ.10.1217655','UZ','UZ.10','{\"en\":\"Bulung‘ur Tumani\"}',1);
INSERT INTO `__PREFIX__subadmin2` (`code`, `country_code`, `subadmin1_code`, `name`, `active`) VALUES ('UZ.02.1217663','UZ','UZ.02','{\"en\":\"Bukhoro Tumani\"}',1);
INSERT INTO `__PREFIX__subadmin2` (`code`, `country_code`, `subadmin1_code`, `name`, `active`) VALUES ('UZ.12.1217733','UZ','UZ.12','{\"en\":\"Boysun Tumani\"}',1);
INSERT INTO `__PREFIX__subadmin2` (`code`, `country_code`, `subadmin1_code`, `name`, `active`) VALUES ('UZ.15.1217778','UZ','UZ.15','{\"en\":\"Baxmal Tumani\"}',1);
INSERT INTO `__PREFIX__subadmin2` (`code`, `country_code`, `subadmin1_code`, `name`, `active`) VALUES ('UZ.12.1217872','UZ','UZ.12','{\"en\":\"Angor Tumani\"}',1);
INSERT INTO `__PREFIX__subadmin2` (`code`, `country_code`, `subadmin1_code`, `name`, `active`) VALUES ('UZ.12.1217894','UZ','UZ.12','{\"en\":\"Oltinsoy Tumani\"}',1);
INSERT INTO `__PREFIX__subadmin2` (`code`, `country_code`, `subadmin1_code`, `name`, `active`) VALUES ('UZ.02.1217905','UZ','UZ.02','{\"en\":\"Olot Tumani\"}',1);
INSERT INTO `__PREFIX__subadmin2` (`code`, `country_code`, `subadmin1_code`, `name`, `active`) VALUES ('UZ.10.1217960','UZ','UZ.10','{\"en\":\"Oqdaryo Tumani\"}',1);
INSERT INTO `__PREFIX__subadmin2` (`code`, `country_code`, `subadmin1_code`, `name`, `active`) VALUES ('UZ.02.1346433','UZ','UZ.02','{\"en\":\"Qorovulbozor Tumani\"}',1);
INSERT INTO `__PREFIX__subadmin2` (`code`, `country_code`, `subadmin1_code`, `name`, `active`) VALUES ('UZ.02.1346437','UZ','UZ.02','{\"en\":\"Kogon Shahri\"}',1);
INSERT INTO `__PREFIX__subadmin2` (`code`, `country_code`, `subadmin1_code`, `name`, `active`) VALUES ('UZ.10.1346451','UZ','UZ.10','{\"en\":\"Chelak Tumani\"}',1);
INSERT INTO `__PREFIX__subadmin2` (`code`, `country_code`, `subadmin1_code`, `name`, `active`) VALUES ('UZ.10.1346455','UZ','UZ.10','{\"en\":\"Go`zalkent Tumani\"}',1);
INSERT INTO `__PREFIX__subadmin2` (`code`, `country_code`, `subadmin1_code`, `name`, `active`) VALUES ('UZ.10.1346462','UZ','UZ.10','{\"en\":\"Toyloq Tumani\"}',1);
INSERT INTO `__PREFIX__subadmin2` (`code`, `country_code`, `subadmin1_code`, `name`, `active`) VALUES ('UZ.10.1346463','UZ','UZ.10','{\"en\":\"Samarqand Shahri\"}',1);
INSERT INTO `__PREFIX__subadmin2` (`code`, `country_code`, `subadmin1_code`, `name`, `active`) VALUES ('UZ.10.1346465','UZ','UZ.10','{\"en\":\"Oqtosh Shahri\"}',1);
INSERT INTO `__PREFIX__subadmin2` (`code`, `country_code`, `subadmin1_code`, `name`, `active`) VALUES ('UZ.10.1346467','UZ','UZ.10','{\"en\":\"Urgut Shahri\"}',1);
INSERT INTO `__PREFIX__subadmin2` (`code`, `country_code`, `subadmin1_code`, `name`, `active`) VALUES ('UZ.08.1346479','UZ','UZ.08','{\"en\":\"Mirishkor Tumani\"}',1);
INSERT INTO `__PREFIX__subadmin2` (`code`, `country_code`, `subadmin1_code`, `name`, `active`) VALUES ('UZ.08.1346481','UZ','UZ.08','{\"en\":\"Qarshi Shahri\"}',1);
INSERT INTO `__PREFIX__subadmin2` (`code`, `country_code`, `subadmin1_code`, `name`, `active`) VALUES ('UZ.12.1346497','UZ','UZ.12','{\"en\":\"Uzun Tumani\"}',1);
INSERT INTO `__PREFIX__subadmin2` (`code`, `country_code`, `subadmin1_code`, `name`, `active`) VALUES ('UZ.12.1346534','UZ','UZ.12','{\"en\":\"Bandikhon Tumani\"}',1);
INSERT INTO `__PREFIX__subadmin2` (`code`, `country_code`, `subadmin1_code`, `name`, `active`) VALUES ('UZ.12.1346536','UZ','UZ.12','{\"en\":\"Termiz Shahri\"}',1);
INSERT INTO `__PREFIX__subadmin2` (`code`, `country_code`, `subadmin1_code`, `name`, `active`) VALUES ('UZ.12.1346537','UZ','UZ.12','{\"en\":\"Denov Shahri\"}',1);
INSERT INTO `__PREFIX__subadmin2` (`code`, `country_code`, `subadmin1_code`, `name`, `active`) VALUES ('UZ.15.1512277','UZ','UZ.15','{\"en\":\"Zarbdor Tumani\"}',1);
INSERT INTO `__PREFIX__subadmin2` (`code`, `country_code`, `subadmin1_code`, `name`, `active`) VALUES ('UZ.06.1512289','UZ','UZ.06','{\"en\":\"Mingbuloq Tumani\"}',1);
INSERT INTO `__PREFIX__subadmin2` (`code`, `country_code`, `subadmin1_code`, `name`, `active`) VALUES ('UZ.03.1512318','UZ','UZ.03','{\"en\":\"Yozyovon Tumani\"}',1);
INSERT INTO `__PREFIX__subadmin2` (`code`, `country_code`, `subadmin1_code`, `name`, `active`) VALUES ('UZ.06.1512349','UZ','UZ.06','{\"en\":\"Yangiqo‘rg‘on Tumani\"}',1);
INSERT INTO `__PREFIX__subadmin2` (`code`, `country_code`, `subadmin1_code`, `name`, `active`) VALUES ('UZ.05.1512360','UZ','UZ.05','{\"en\":\"Yangibozor Tumani\"}',1);
INSERT INTO `__PREFIX__subadmin2` (`code`, `country_code`, `subadmin1_code`, `name`, `active`) VALUES ('UZ.05.1512367','UZ','UZ.05','{\"en\":\"Yangiariq Tumani\"}',1);
INSERT INTO `__PREFIX__subadmin2` (`code`, `country_code`, `subadmin1_code`, `name`, `active`) VALUES ('UZ.16.1512404','UZ','UZ.16','{\"en\":\"Sayhunobod Tumani\"}',1);
INSERT INTO `__PREFIX__subadmin2` (`code`, `country_code`, `subadmin1_code`, `name`, `active`) VALUES ('UZ.03.1512439','UZ','UZ.03','{\"en\":\"O‘zbekiston Tumani\"}',1);
INSERT INTO `__PREFIX__subadmin2` (`code`, `country_code`, `subadmin1_code`, `name`, `active`) VALUES ('UZ.06.1512448','UZ','UZ.06','{\"en\":\"Uychi Tumani\"}',1);
INSERT INTO `__PREFIX__subadmin2` (`code`, `country_code`, `subadmin1_code`, `name`, `active`) VALUES ('UZ.05.1512467','UZ','UZ.05','{\"en\":\"Urganch Tumani\"}',1);
INSERT INTO `__PREFIX__subadmin2` (`code`, `country_code`, `subadmin1_code`, `name`, `active`) VALUES ('UZ.06.1512500','UZ','UZ.06','{\"en\":\"Uchqŭrghon Tumani\"}',1);
INSERT INTO `__PREFIX__subadmin2` (`code`, `country_code`, `subadmin1_code`, `name`, `active`) VALUES ('UZ.07.1512504','UZ','UZ.07','{\"en\":\"Uchkuduk District\"}',1);
INSERT INTO `__PREFIX__subadmin2` (`code`, `country_code`, `subadmin1_code`, `name`, `active`) VALUES ('UZ.09.1512534','UZ','UZ.09','{\"en\":\"To‘rtko‘l Tumani\"}',1);
INSERT INTO `__PREFIX__subadmin2` (`code`, `country_code`, `subadmin1_code`, `name`, `active`) VALUES ('UZ.06.1512548','UZ','UZ.06','{\"en\":\"Tŭraqŭrghon Tumani\"}',1);
INSERT INTO `__PREFIX__subadmin2` (`code`, `country_code`, `subadmin1_code`, `name`, `active`) VALUES ('UZ.03.1512646','UZ','UZ.03','{\"en\":\"Toshloq Tumani\"}',1);
INSERT INTO `__PREFIX__subadmin2` (`code`, `country_code`, `subadmin1_code`, `name`, `active`) VALUES ('UZ.14.1512652','UZ','UZ.14','{\"en\":\"Toshkent Tumani\"}',1);
INSERT INTO `__PREFIX__subadmin2` (`code`, `country_code`, `subadmin1_code`, `name`, `active`) VALUES ('UZ.07.1512673','UZ','UZ.07','{\"en\":\"Tomdi Tumani\"}',1);
INSERT INTO `__PREFIX__subadmin2` (`code`, `country_code`, `subadmin1_code`, `name`, `active`) VALUES ('UZ.09.1512698','UZ','UZ.09','{\"en\":\"Taxtako‘pir Tumani\"}',1);
INSERT INTO `__PREFIX__subadmin2` (`code`, `country_code`, `subadmin1_code`, `name`, `active`) VALUES ('UZ.16.1512717','UZ','UZ.16','{\"en\":\"Sirdaryo Tumani\"}',1);
INSERT INTO `__PREFIX__subadmin2` (`code`, `country_code`, `subadmin1_code`, `name`, `active`) VALUES ('UZ.14.1512751','UZ','UZ.14','{\"en\":\"Ŭrta Chirchiq Tumani\"}',1);
INSERT INTO `__PREFIX__subadmin2` (`code`, `country_code`, `subadmin1_code`, `name`, `active`) VALUES ('UZ.05.1512818','UZ','UZ.05','{\"en\":\"Shovot Tumani\"}',1);
INSERT INTO `__PREFIX__subadmin2` (`code`, `country_code`, `subadmin1_code`, `name`, `active`) VALUES ('UZ.02.1512837','UZ','UZ.02','{\"en\":\"Shofirkon Tumani\"}',1);
INSERT INTO `__PREFIX__subadmin2` (`code`, `country_code`, `subadmin1_code`, `name`, `active`) VALUES ('UZ.13.1512848','UZ','UZ.13','{\"en\":\"Sirgali Tumani\"}',1);
INSERT INTO `__PREFIX__subadmin2` (`code`, `country_code`, `subadmin1_code`, `name`, `active`) VALUES ('UZ.13.1512949','UZ','UZ.13','{\"en\":\"Sobir Rahimov Tumani\"}',1);
INSERT INTO `__PREFIX__subadmin2` (`code`, `country_code`, `subadmin1_code`, `name`, `active`) VALUES ('UZ.03.1512956','UZ','UZ.03','{\"en\":\"Rishton Tumani\"}',1);
INSERT INTO `__PREFIX__subadmin2` (`code`, `country_code`, `subadmin1_code`, `name`, `active`) VALUES ('UZ.14.1512985','UZ','UZ.14','{\"en\":\"Piskent Tumani\"}',1);
INSERT INTO `__PREFIX__subadmin2` (`code`, `country_code`, `subadmin1_code`, `name`, `active`) VALUES ('UZ.02.1513006','UZ','UZ.02','{\"en\":\"Peshku Tumani\"}',1);
INSERT INTO `__PREFIX__subadmin2` (`code`, `country_code`, `subadmin1_code`, `name`, `active`) VALUES ('UZ.14.1513016','UZ','UZ.14','{\"en\":\"Parkent Tumani\"}',1);
INSERT INTO `__PREFIX__subadmin2` (`code`, `country_code`, `subadmin1_code`, `name`, `active`) VALUES ('UZ.06.1513021','UZ','UZ.06','{\"en\":\"Pop Tumani\"}',1);
INSERT INTO `__PREFIX__subadmin2` (`code`, `country_code`, `subadmin1_code`, `name`, `active`) VALUES ('UZ.15.1513035','UZ','UZ.15','{\"en\":\"Paxtakor Tumani\"}',1);
INSERT INTO `__PREFIX__subadmin2` (`code`, `country_code`, `subadmin1_code`, `name`, `active`) VALUES ('UZ.01.1513039','UZ','UZ.01','{\"en\":\"Pakhtaobod Tumani\"}',1);
INSERT INTO `__PREFIX__subadmin2` (`code`, `country_code`, `subadmin1_code`, `name`, `active`) VALUES ('UZ.14.1513057','UZ','UZ.14','{\"en\":\"Qibray Tumani\"}',1);
INSERT INTO `__PREFIX__subadmin2` (`code`, `country_code`, `subadmin1_code`, `name`, `active`) VALUES ('UZ.13.1513066','UZ','UZ.13','{\"en\":\"Shaykhontohur Tumani\"}',1);
INSERT INTO `__PREFIX__subadmin2` (`code`, `country_code`, `subadmin1_code`, `name`, `active`) VALUES ('UZ.15.1513067','UZ','UZ.15','{\"en\":\"Zafarobod Tumani\"}',1);
INSERT INTO `__PREFIX__subadmin2` (`code`, `country_code`, `subadmin1_code`, `name`, `active`) VALUES ('UZ.07.1513082','UZ','UZ.07','{\"en\":\"Nurota Tumani\"}',1);
INSERT INTO `__PREFIX__subadmin2` (`code`, `country_code`, `subadmin1_code`, `name`, `active`) VALUES ('UZ.07.1513133','UZ','UZ.07','{\"en\":\"Navoiy Tumani\"}',1);
INSERT INTO `__PREFIX__subadmin2` (`code`, `country_code`, `subadmin1_code`, `name`, `active`) VALUES ('UZ.07.1513135','UZ','UZ.07','{\"en\":\"Navbahor Tumani\"}',1);
INSERT INTO `__PREFIX__subadmin2` (`code`, `country_code`, `subadmin1_code`, `name`, `active`) VALUES ('UZ.06.1513144','UZ','UZ.06','{\"en\":\"Norin Tumani\"}',1);
INSERT INTO `__PREFIX__subadmin2` (`code`, `country_code`, `subadmin1_code`, `name`, `active`) VALUES ('UZ.06.1513156','UZ','UZ.06','{\"en\":\"Namangan Tumani\"}',1);
INSERT INTO `__PREFIX__subadmin2` (`code`, `country_code`, `subadmin1_code`, `name`, `active`) VALUES ('UZ.01.1513193','UZ','UZ.01','{\"en\":\"Shahrikhon Tumani\"}',1);
INSERT INTO `__PREFIX__subadmin2` (`code`, `country_code`, `subadmin1_code`, `name`, `active`) VALUES ('UZ.15.1513202','UZ','UZ.15','{\"en\":\"Mirzachŭl Tumani\"}',1);
INSERT INTO `__PREFIX__subadmin2` (`code`, `country_code`, `subadmin1_code`, `name`, `active`) VALUES ('UZ.01.1513240','UZ','UZ.01','{\"en\":\"Marhamat Tumani\"}',1);
INSERT INTO `__PREFIX__subadmin2` (`code`, `country_code`, `subadmin1_code`, `name`, `active`) VALUES ('UZ.13.1513269','UZ','UZ.13','{\"en\":\"Mirobod Tumani\"}',1);
INSERT INTO `__PREFIX__subadmin2` (`code`, `country_code`, `subadmin1_code`, `name`, `active`) VALUES ('UZ.01.1513270','UZ','UZ.01','{\"en\":\"Asaka Tumani\"}',1);
INSERT INTO `__PREFIX__subadmin2` (`code`, `country_code`, `subadmin1_code`, `name`, `active`) VALUES ('UZ.03.1513272','UZ','UZ.03','{\"en\":\"Uchko‘prik Tumani\"}',1);
INSERT INTO `__PREFIX__subadmin2` (`code`, `country_code`, `subadmin1_code`, `name`, `active`) VALUES ('UZ.13.1513328','UZ','UZ.13','{\"en\":\"Mirzo Ulug‘bek Tumani\"}',1);
INSERT INTO `__PREFIX__subadmin2` (`code`, `country_code`, `subadmin1_code`, `name`, `active`) VALUES ('UZ.03.1513329','UZ','UZ.03','{\"en\":\"Quva Tumani\"}',1);
INSERT INTO `__PREFIX__subadmin2` (`code`, `country_code`, `subadmin1_code`, `name`, `active`) VALUES ('UZ.01.1513363','UZ','UZ.01','{\"en\":\"Qŭrghontepa Tumani\"}',1);
INSERT INTO `__PREFIX__subadmin2` (`code`, `country_code`, `subadmin1_code`, `name`, `active`) VALUES ('UZ.10.1513472','UZ','UZ.10','{\"en\":\"Qo‘shrabot Tumani\"}',1);
INSERT INTO `__PREFIX__subadmin2` (`code`, `country_code`, `subadmin1_code`, `name`, `active`) VALUES ('UZ.05.1513477','UZ','UZ.05','{\"en\":\"Qo’shko’pir Tumani\"}',1);
INSERT INTO `__PREFIX__subadmin2` (`code`, `country_code`, `subadmin1_code`, `name`, `active`) VALUES ('UZ.16.1513490','UZ','UZ.16','{\"en\":\"Mirzaobod Tumani\"}',1);
INSERT INTO `__PREFIX__subadmin2` (`code`, `country_code`, `subadmin1_code`, `name`, `active`) VALUES ('UZ.01.1513493','UZ','UZ.01','{\"en\":\"Ulug‘nor Tumani\"}',1);
INSERT INTO `__PREFIX__subadmin2` (`code`, `country_code`, `subadmin1_code`, `name`, `active`) VALUES ('UZ.14.1513498','UZ','UZ.14','{\"en\":\"Yuqori Chirchiq Tumani\"}',1);
INSERT INTO `__PREFIX__subadmin2` (`code`, `country_code`, `subadmin1_code`, `name`, `active`) VALUES ('UZ.13.1513546','UZ','UZ.13','{\"en\":\"Yunusobod Tumani\"}',1);
INSERT INTO `__PREFIX__subadmin2` (`code`, `country_code`, `subadmin1_code`, `name`, `active`) VALUES ('UZ.03.1513547','UZ','UZ.03','{\"en\":\"Beshariq Tumani\"}',1);
INSERT INTO `__PREFIX__subadmin2` (`code`, `country_code`, `subadmin1_code`, `name`, `active`) VALUES ('UZ.01.1513598','UZ','UZ.01','{\"en\":\"Khŭjaobod Tumani\"}',1);
INSERT INTO `__PREFIX__subadmin2` (`code`, `country_code`, `subadmin1_code`, `name`, `active`) VALUES ('UZ.05.1513603','UZ','UZ.05','{\"en\":\"Xiva Tumani\"}',1);
INSERT INTO `__PREFIX__subadmin2` (`code`, `country_code`, `subadmin1_code`, `name`, `active`) VALUES ('UZ.05.1513610','UZ','UZ.05','{\"en\":\"Hazorasp Tumani\"}',1);
INSERT INTO `__PREFIX__subadmin2` (`code`, `country_code`, `subadmin1_code`, `name`, `active`) VALUES ('UZ.16.1513618','UZ','UZ.16','{\"en\":\"Khovos Tumani\"}',1);
INSERT INTO `__PREFIX__subadmin2` (`code`, `country_code`, `subadmin1_code`, `name`, `active`) VALUES ('UZ.07.1513622','UZ','UZ.07','{\"en\":\"Xatirchi Tumani\"}',1);
INSERT INTO `__PREFIX__subadmin2` (`code`, `country_code`, `subadmin1_code`, `name`, `active`) VALUES ('UZ.05.1513635','UZ','UZ.05','{\"en\":\"Xonqa Tumani\"}',1);
INSERT INTO `__PREFIX__subadmin2` (`code`, `country_code`, `subadmin1_code`, `name`, `active`) VALUES ('UZ.13.1513648','UZ','UZ.13','{\"en\":\"Hamza Tumani\"}',1);
INSERT INTO `__PREFIX__subadmin2` (`code`, `country_code`, `subadmin1_code`, `name`, `active`) VALUES ('UZ.06.1513713','UZ','UZ.06','{\"en\":\"Kosonsoy Tumani\"}',1);
INSERT INTO `__PREFIX__subadmin2` (`code`, `country_code`, `subadmin1_code`, `name`, `active`) VALUES ('UZ.09.1513732','UZ','UZ.09','{\"en\":\"Qorao‘zak Tumani\"}',1);
INSERT INTO `__PREFIX__subadmin2` (`code`, `country_code`, `subadmin1_code`, `name`, `active`) VALUES ('UZ.07.1513830','UZ','UZ.07','{\"en\":\"Konimex Tumani\"}',1);
INSERT INTO `__PREFIX__subadmin2` (`code`, `country_code`, `subadmin1_code`, `name`, `active`) VALUES ('UZ.14.1513860','UZ','UZ.14','{\"en\":\"Zangiota Tumani\"}',1);
INSERT INTO `__PREFIX__subadmin2` (`code`, `country_code`, `subadmin1_code`, `name`, `active`) VALUES ('UZ.01.1513888','UZ','UZ.01','{\"en\":\"Izboskan Tumani\"}',1);
INSERT INTO `__PREFIX__subadmin2` (`code`, `country_code`, `subadmin1_code`, `name`, `active`) VALUES ('UZ.16.1513952','UZ','UZ.16','{\"en\":\"Sharof-Rashidow Tumani\"}',1);
INSERT INTO `__PREFIX__subadmin2` (`code`, `country_code`, `subadmin1_code`, `name`, `active`) VALUES ('UZ.05.1513961','UZ','UZ.05','{\"en\":\"Gurlan Tumani\"}',1);
INSERT INTO `__PREFIX__subadmin2` (`code`, `country_code`, `subadmin1_code`, `name`, `active`) VALUES ('UZ.16.1513967','UZ','UZ.16','{\"en\":\"Guliston Tumani\"}',1);
INSERT INTO `__PREFIX__subadmin2` (`code`, `country_code`, `subadmin1_code`, `name`, `active`) VALUES ('UZ.02.1513982','UZ','UZ.02','{\"en\":\"Ghijduwon Tumani\"}',1);
INSERT INTO `__PREFIX__subadmin2` (`code`, `country_code`, `subadmin1_code`, `name`, `active`) VALUES ('UZ.14.1514010','UZ','UZ.14','{\"en\":\"Quyi Chirchiq Tumani\"}',1);
INSERT INTO `__PREFIX__subadmin2` (`code`, `country_code`, `subadmin1_code`, `name`, `active`) VALUES ('UZ.03.1514016','UZ','UZ.03','{\"en\":\"Dang‘ara Tumani\"}',1);
INSERT INTO `__PREFIX__subadmin2` (`code`, `country_code`, `subadmin1_code`, `name`, `active`) VALUES ('UZ.03.1514017','UZ','UZ.03','{\"en\":\"Farg‘ona Tumani\"}',1);
INSERT INTO `__PREFIX__subadmin2` (`code`, `country_code`, `subadmin1_code`, `name`, `active`) VALUES ('UZ.15.1514024','UZ','UZ.15','{\"en\":\"Forish Tumani\"}',1);
INSERT INTO `__PREFIX__subadmin2` (`code`, `country_code`, `subadmin1_code`, `name`, `active`) VALUES ('UZ.09.1514037','UZ','UZ.09','{\"en\":\"Ellikqala Tumani\"}',1);
INSERT INTO `__PREFIX__subadmin2` (`code`, `country_code`, `subadmin1_code`, `name`, `active`) VALUES ('UZ.15.1514068','UZ','UZ.15','{\"en\":\"Jizzax Tumani\"}',1);
INSERT INTO `__PREFIX__subadmin2` (`code`, `country_code`, `subadmin1_code`, `name`, `active`) VALUES ('UZ.01.1514108','UZ','UZ.01','{\"en\":\"Jalolkuduk Tumani\"}',1);
INSERT INTO `__PREFIX__subadmin2` (`code`, `country_code`, `subadmin1_code`, `name`, `active`) VALUES ('UZ.15.1514124','UZ','UZ.15','{\"en\":\"Dŭstlik Tumani\"}',1);
INSERT INTO `__PREFIX__subadmin2` (`code`, `country_code`, `subadmin1_code`, `name`, `active`) VALUES ('UZ.06.1514190','UZ','UZ.06','{\"en\":\"Chust Tumani\"}',1);
INSERT INTO `__PREFIX__subadmin2` (`code`, `country_code`, `subadmin1_code`, `name`, `active`) VALUES ('UZ.14.1514214','UZ','UZ.14','{\"en\":\"Chinoz Tumani\"}',1);
INSERT INTO `__PREFIX__subadmin2` (`code`, `country_code`, `subadmin1_code`, `name`, `active`) VALUES ('UZ.13.1514229','UZ','UZ.13','{\"en\":\"Chilonzor Tumani\"}',1);
INSERT INTO `__PREFIX__subadmin2` (`code`, `country_code`, `subadmin1_code`, `name`, `active`) VALUES ('UZ.03.1514299','UZ','UZ.03','{\"en\":\"Buvayda Tumani\"}',1);
INSERT INTO `__PREFIX__subadmin2` (`code`, `country_code`, `subadmin1_code`, `name`, `active`) VALUES ('UZ.14.1514327','UZ','UZ.14','{\"en\":\"Bŭka Tumani\"}',1);
INSERT INTO `__PREFIX__subadmin2` (`code`, `country_code`, `subadmin1_code`, `name`, `active`) VALUES ('UZ.01.1514336','UZ','UZ.01','{\"en\":\"Bo‘z Tumani\"}',1);
INSERT INTO `__PREFIX__subadmin2` (`code`, `country_code`, `subadmin1_code`, `name`, `active`) VALUES ('UZ.14.1514338','UZ','UZ.14','{\"en\":\"Bŭstonliq Tumani\"}',1);
INSERT INTO `__PREFIX__subadmin2` (`code`, `country_code`, `subadmin1_code`, `name`, `active`) VALUES ('UZ.09.1514386','UZ','UZ.09','{\"en\":\"Beruniy Tumani\"}',1);
INSERT INTO `__PREFIX__subadmin2` (`code`, `country_code`, `subadmin1_code`, `name`, `active`) VALUES ('UZ.14.1514399','UZ','UZ.14','{\"en\":\"Bekobod Tumani\"}',1);
INSERT INTO `__PREFIX__subadmin2` (`code`, `country_code`, `subadmin1_code`, `name`, `active`) VALUES ('UZ.16.1514430','UZ','UZ.16','{\"en\":\"Boyowut Tumani\"}',1);
INSERT INTO `__PREFIX__subadmin2` (`code`, `country_code`, `subadmin1_code`, `name`, `active`) VALUES ('UZ.01.1514451','UZ','UZ.01','{\"en\":\"Baliqchi Tumani\"}',1);
INSERT INTO `__PREFIX__subadmin2` (`code`, `country_code`, `subadmin1_code`, `name`, `active`) VALUES ('UZ.03.1514482','UZ','UZ.03','{\"en\":\"Bag‘dod Tumani\"}',1);
INSERT INTO `__PREFIX__subadmin2` (`code`, `country_code`, `subadmin1_code`, `name`, `active`) VALUES ('UZ.05.1514485','UZ','UZ.05','{\"en\":\"Boghot Tumani\"}',1);
INSERT INTO `__PREFIX__subadmin2` (`code`, `country_code`, `subadmin1_code`, `name`, `active`) VALUES ('UZ.15.1514555','UZ','UZ.15','{\"en\":\"Arnasoy Tumani\"}',1);
INSERT INTO `__PREFIX__subadmin2` (`code`, `country_code`, `subadmin1_code`, `name`, `active`) VALUES ('UZ.01.1514584','UZ','UZ.01','{\"en\":\"Andijon Tumani\"}',1);
INSERT INTO `__PREFIX__subadmin2` (`code`, `country_code`, `subadmin1_code`, `name`, `active`) VALUES ('UZ.09.1514593','UZ','UZ.09','{\"en\":\"Amudaryo Tumani\"}',1);
INSERT INTO `__PREFIX__subadmin2` (`code`, `country_code`, `subadmin1_code`, `name`, `active`) VALUES ('UZ.01.1514606','UZ','UZ.01','{\"en\":\"Oltinkŭl Tumani\"}',1);
INSERT INTO `__PREFIX__subadmin2` (`code`, `country_code`, `subadmin1_code`, `name`, `active`) VALUES ('UZ.03.1514616','UZ','UZ.03','{\"en\":\"Oltiariq Tumani\"}',1);
INSERT INTO `__PREFIX__subadmin2` (`code`, `country_code`, `subadmin1_code`, `name`, `active`) VALUES ('UZ.13.1514665','UZ','UZ.13','{\"en\":\"Akmal Ikromow Tumani\"}',1);
INSERT INTO `__PREFIX__subadmin2` (`code`, `country_code`, `subadmin1_code`, `name`, `active`) VALUES ('UZ.14.1514667','UZ','UZ.14','{\"en\":\"Oqqŭrghon Tumani\"}',1);
INSERT INTO `__PREFIX__subadmin2` (`code`, `country_code`, `subadmin1_code`, `name`, `active`) VALUES ('UZ.03.1514681','UZ','UZ.03','{\"en\":\"Oxunboboyev Tumani\"}',1);
INSERT INTO `__PREFIX__subadmin2` (`code`, `country_code`, `subadmin1_code`, `name`, `active`) VALUES ('UZ.14.1514687','UZ','UZ.14','{\"en\":\"Ohangaron Tumani\"}',1);
INSERT INTO `__PREFIX__subadmin2` (`code`, `country_code`, `subadmin1_code`, `name`, `active`) VALUES ('UZ.16.1514705','UZ','UZ.16','{\"en\":\"Oqoltin Tumani\"}',1);
INSERT INTO `__PREFIX__subadmin2` (`code`, `country_code`, `subadmin1_code`, `name`, `active`) VALUES ('UZ.13.1536760','UZ','UZ.13','{\"en\":\"Bektemir Tumani\"}',1);
INSERT INTO `__PREFIX__subadmin2` (`code`, `country_code`, `subadmin1_code`, `name`, `active`) VALUES ('UZ.13.1536761','UZ','UZ.13','{\"en\":\"Yakkasaroy Tumani\"}',1);
INSERT INTO `__PREFIX__subadmin2` (`code`, `country_code`, `subadmin1_code`, `name`, `active`) VALUES ('UZ.05.1538226','UZ','UZ.05','{\"en\":\"Urganch Shahri\"}',1);
INSERT INTO `__PREFIX__subadmin2` (`code`, `country_code`, `subadmin1_code`, `name`, `active`) VALUES ('UZ.05.1538227','UZ','UZ.05','{\"en\":\"Pitnak Shahri\"}',1);
INSERT INTO `__PREFIX__subadmin2` (`code`, `country_code`, `subadmin1_code`, `name`, `active`) VALUES ('UZ.05.1538228','UZ','UZ.05','{\"en\":\"Khiwa Shahri\"}',1);
INSERT INTO `__PREFIX__subadmin2` (`code`, `country_code`, `subadmin1_code`, `name`, `active`) VALUES ('UZ.02.1538236','UZ','UZ.02','{\"en\":\"G’ijduvon Tumani\"}',1);
INSERT INTO `__PREFIX__subadmin2` (`code`, `country_code`, `subadmin1_code`, `name`, `active`) VALUES ('UZ.15.1538240','UZ','UZ.15','{\"en\":\"Jizzax Shahri\"}',1);
INSERT INTO `__PREFIX__subadmin2` (`code`, `country_code`, `subadmin1_code`, `name`, `active`) VALUES ('UZ.16.1538246','UZ','UZ.16','{\"en\":\"Mehnatobod Tumani\"}',1);
INSERT INTO `__PREFIX__subadmin2` (`code`, `country_code`, `subadmin1_code`, `name`, `active`) VALUES ('UZ.16.1538249','UZ','UZ.16','{\"en\":\"Guliston Shahri\"}',1);
INSERT INTO `__PREFIX__subadmin2` (`code`, `country_code`, `subadmin1_code`, `name`, `active`) VALUES ('UZ.16.1538250','UZ','UZ.16','{\"en\":\"Sirdaryo Shahri\"}',1);
INSERT INTO `__PREFIX__subadmin2` (`code`, `country_code`, `subadmin1_code`, `name`, `active`) VALUES ('UZ.16.1538251','UZ','UZ.16','{\"en\":\"Shirin Shahri\"}',1);
INSERT INTO `__PREFIX__subadmin2` (`code`, `country_code`, `subadmin1_code`, `name`, `active`) VALUES ('UZ.16.1538252','UZ','UZ.16','{\"en\":\"Yangiyer Shahri\"}',1);
INSERT INTO `__PREFIX__subadmin2` (`code`, `country_code`, `subadmin1_code`, `name`, `active`) VALUES ('UZ.16.1538253','UZ','UZ.16','{\"en\":\"Bakht Shahri\"}',1);
INSERT INTO `__PREFIX__subadmin2` (`code`, `country_code`, `subadmin1_code`, `name`, `active`) VALUES ('UZ.12.1538254','UZ','UZ.12','{\"en\":\"Yangiyŭl Tumani\"}',1);
INSERT INTO `__PREFIX__subadmin2` (`code`, `country_code`, `subadmin1_code`, `name`, `active`) VALUES ('UZ.14.1538256','UZ','UZ.14','{\"en\":\"Olmaliq Shahri\"}',1);
INSERT INTO `__PREFIX__subadmin2` (`code`, `country_code`, `subadmin1_code`, `name`, `active`) VALUES ('UZ.14.1538257','UZ','UZ.14','{\"en\":\"Angren Shahri\"}',1);
INSERT INTO `__PREFIX__subadmin2` (`code`, `country_code`, `subadmin1_code`, `name`, `active`) VALUES ('UZ.14.1538258','UZ','UZ.14','{\"en\":\"Ohangaron Shahri\"}',1);
INSERT INTO `__PREFIX__subadmin2` (`code`, `country_code`, `subadmin1_code`, `name`, `active`) VALUES ('UZ.14.1538259','UZ','UZ.14','{\"en\":\"Bekobod Shahri\"}',1);
INSERT INTO `__PREFIX__subadmin2` (`code`, `country_code`, `subadmin1_code`, `name`, `active`) VALUES ('UZ.14.1538260','UZ','UZ.14','{\"en\":\"Chirchiq Shahri\"}',1);
INSERT INTO `__PREFIX__subadmin2` (`code`, `country_code`, `subadmin1_code`, `name`, `active`) VALUES ('UZ.14.1538261','UZ','UZ.14','{\"en\":\"Yangiobod Shahri\"}',1);
INSERT INTO `__PREFIX__subadmin2` (`code`, `country_code`, `subadmin1_code`, `name`, `active`) VALUES ('UZ.06.1538272','UZ','UZ.06','{\"en\":\"Chortoq Tumani\"}',1);
INSERT INTO `__PREFIX__subadmin2` (`code`, `country_code`, `subadmin1_code`, `name`, `active`) VALUES ('UZ.01.1538281','UZ','UZ.01','{\"en\":\"Buloqboshi Tumani\"}',1);
INSERT INTO `__PREFIX__subadmin2` (`code`, `country_code`, `subadmin1_code`, `name`, `active`) VALUES ('UZ.01.1538282','UZ','UZ.01','{\"en\":\"Andijon Shahri\"}',1);
INSERT INTO `__PREFIX__subadmin2` (`code`, `country_code`, `subadmin1_code`, `name`, `active`) VALUES ('UZ.01.1538283','UZ','UZ.01','{\"en\":\"Asaka Shahri\"}',1);
INSERT INTO `__PREFIX__subadmin2` (`code`, `country_code`, `subadmin1_code`, `name`, `active`) VALUES ('UZ.01.1538284','UZ','UZ.01','{\"en\":\"Qorasuw Shahri\"}',1);
INSERT INTO `__PREFIX__subadmin2` (`code`, `country_code`, `subadmin1_code`, `name`, `active`) VALUES ('UZ.01.1538285','UZ','UZ.01','{\"en\":\"Khonobod Shahri\"}',1);
INSERT INTO `__PREFIX__subadmin2` (`code`, `country_code`, `subadmin1_code`, `name`, `active`) VALUES ('UZ.01.1538286','UZ','UZ.01','{\"en\":\"Shahrikhon Shahri\"}',1);
INSERT INTO `__PREFIX__subadmin2` (`code`, `country_code`, `subadmin1_code`, `name`, `active`) VALUES ('UZ.03.1538294','UZ','UZ.03','{\"en\":\"Furqat Tumani\"}',1);
INSERT INTO `__PREFIX__subadmin2` (`code`, `country_code`, `subadmin1_code`, `name`, `active`) VALUES ('UZ.03.1538295','UZ','UZ.03','{\"en\":\"So‘x Tumani\"}',1);
INSERT INTO `__PREFIX__subadmin2` (`code`, `country_code`, `subadmin1_code`, `name`, `active`) VALUES ('UZ.03.1538296','UZ','UZ.03','{\"en\":\"Farg‘ona Shahri\"}',1);
INSERT INTO `__PREFIX__subadmin2` (`code`, `country_code`, `subadmin1_code`, `name`, `active`) VALUES ('UZ.03.1538297','UZ','UZ.03','{\"en\":\"Qo‘qon Shahri\"}',1);
INSERT INTO `__PREFIX__subadmin2` (`code`, `country_code`, `subadmin1_code`, `name`, `active`) VALUES ('UZ.03.1538298','UZ','UZ.03','{\"en\":\"Quva Shahri\"}',1);
INSERT INTO `__PREFIX__subadmin2` (`code`, `country_code`, `subadmin1_code`, `name`, `active`) VALUES ('UZ.03.1538299','UZ','UZ.03','{\"en\":\"Quvasoy Shahri\"}',1);
INSERT INTO `__PREFIX__subadmin2` (`code`, `country_code`, `subadmin1_code`, `name`, `active`) VALUES ('UZ.03.1538300','UZ','UZ.03','{\"en\":\"Marg‘ilon Shahri\"}',1);
INSERT INTO `__PREFIX__subadmin2` (`code`, `country_code`, `subadmin1_code`, `name`, `active`) VALUES ('UZ.03.7668818','UZ','UZ.03','{\"en\":\"Altyarik\"}',1);
INSERT INTO `__PREFIX__subadmin2` (`code`, `country_code`, `subadmin1_code`, `name`, `active`) VALUES ('UZ.03.7668819','UZ','UZ.03','{\"en\":\"Bagdad\"}',1);
INSERT INTO `__PREFIX__subadmin2` (`code`, `country_code`, `subadmin1_code`, `name`, `active`) VALUES ('UZ.03.7668820','UZ','UZ.03','{\"en\":\"Rishtan\"}',1);
INSERT INTO `__PREFIX__subadmin2` (`code`, `country_code`, `subadmin1_code`, `name`, `active`) VALUES ('UZ.01.7668830','UZ','UZ.01','{\"en\":\"Ulugnar\"}',1);
INSERT INTO `__PREFIX__subadmin2` (`code`, `country_code`, `subadmin1_code`, `name`, `active`) VALUES ('UZ.02.7668831','UZ','UZ.02','{\"en\":\"Alat\"}',1);
INSERT INTO `__PREFIX__subadmin2` (`code`, `country_code`, `subadmin1_code`, `name`, `active`) VALUES ('UZ.08.7668833','UZ','UZ.08','{\"en\":\"Mirishkar\"}',1);
INSERT INTO `__PREFIX__subadmin2` (`code`, `country_code`, `subadmin1_code`, `name`, `active`) VALUES ('UZ.10.7668834','UZ','UZ.10','{\"en\":\"Pastdargom\"}',1);
INSERT INTO `__PREFIX__subadmin2` (`code`, `country_code`, `subadmin1_code`, `name`, `active`) VALUES ('UZ.16.7668840','UZ','UZ.16','{\"en\":\"Bayaut\"}',1);
INSERT INTO `__PREFIX__subadmin2` (`code`, `country_code`, `subadmin1_code`, `name`, `active`) VALUES ('UZ.03.7668842','UZ','UZ.03','{\"en\":\"Yazyavan\"}',1);
INSERT INTO `__PREFIX__subadmin2` (`code`, `country_code`, `subadmin1_code`, `name`, `active`) VALUES ('UZ.08.8714362','UZ','UZ.08','{\"en\":\"Kamashi District\"}',1);
INSERT INTO `__PREFIX__subadmin2` (`code`, `country_code`, `subadmin1_code`, `name`, `active`) VALUES ('UZ.08.8714363','UZ','UZ.08','{\"en\":\"Guzar District\"}',1);
INSERT INTO `__PREFIX__subadmin2` (`code`, `country_code`, `subadmin1_code`, `name`, `active`) VALUES ('UZ.07.8714365','UZ','UZ.07','{\"en\":\"Navbakhor Tumani\"}',1);
INSERT INTO `__PREFIX__subadmin2` (`code`, `country_code`, `subadmin1_code`, `name`, `active`) VALUES ('UZ.10.9166490','UZ','UZ.10','{\"en\":\"Toyloq District\"}',1);
INSERT INTO `__PREFIX__subadmin2` (`code`, `country_code`, `subadmin1_code`, `name`, `active`) VALUES ('UZ.06.11611821','UZ','UZ.06','{\"en\":\"Pap District\"}',1);
/*!40000 ALTER TABLE `__PREFIX__subadmin2` ENABLE KEYS */;

--
-- Dumping data for table `__PREFIX__cities`
--

/*!40000 ALTER TABLE `__PREFIX__cities` DISABLE KEYS */;
INSERT INTO `__PREFIX__cities` (`country_code`, `name`, `longitude`, `latitude`, `feature_class`, `feature_code`, `subadmin1_code`, `subadmin2_code`, `population`, `time_zone`, `active`, `created_at`, `updated_at`) VALUES ('UZ','{\"en\":\"Nukus\"}',59.61,42.45,'P','PPLA','UZ.09',NULL,230006,'Asia/Samarkand',1,'2019-09-04 23:00:00','2019-09-04 23:00:00');
INSERT INTO `__PREFIX__cities` (`country_code`, `name`, `longitude`, `latitude`, `feature_class`, `feature_code`, `subadmin1_code`, `subadmin2_code`, `population`, `time_zone`, `active`, `created_at`, `updated_at`) VALUES ('UZ','{\"en\":\"Mŭynoq\"}',59.02,43.77,'P','PPL','UZ.09',NULL,13000,'Asia/Samarkand',1,'2021-12-02 23:00:00','2021-12-02 23:00:00');
INSERT INTO `__PREFIX__cities` (`country_code`, `name`, `longitude`, `latitude`, `feature_class`, `feature_code`, `subadmin1_code`, `subadmin2_code`, `population`, `time_zone`, `active`, `created_at`, `updated_at`) VALUES ('UZ','{\"en\":\"Qŭnghirot\"}',58.84,43.04,'P','PPL','UZ.09',NULL,80090,'Asia/Samarkand',1,'2021-12-04 23:00:00','2021-12-04 23:00:00');
INSERT INTO `__PREFIX__cities` (`country_code`, `name`, `longitude`, `latitude`, `feature_class`, `feature_code`, `subadmin1_code`, `subadmin2_code`, `population`, `time_zone`, `active`, `created_at`, `updated_at`) VALUES ('UZ','{\"en\":\"Xo‘jayli Shahri\"}',59.45,42.41,'P','PPLA2','UZ.09',NULL,50000,'Asia/Samarkand',1,'2020-06-09 23:00:00','2020-06-09 23:00:00');
INSERT INTO `__PREFIX__cities` (`country_code`, `name`, `longitude`, `latitude`, `feature_class`, `feature_code`, `subadmin1_code`, `subadmin2_code`, `population`, `time_zone`, `active`, `created_at`, `updated_at`) VALUES ('UZ','{\"en\":\"Kegeyli Shahar\"}',59.61,42.78,'P','PPLA2','UZ.09',NULL,14147,'Asia/Samarkand',1,'2012-01-16 23:00:00','2012-01-16 23:00:00');
INSERT INTO `__PREFIX__cities` (`country_code`, `name`, `longitude`, `latitude`, `feature_class`, `feature_code`, `subadmin1_code`, `subadmin2_code`, `population`, `time_zone`, `active`, `created_at`, `updated_at`) VALUES ('UZ','{\"en\":\"Oltinko‘l\"}',58.90,43.07,'P','PPL','UZ.09',NULL,59122,'Asia/Samarkand',1,'2016-10-06 23:00:00','2016-10-06 23:00:00');
INSERT INTO `__PREFIX__cities` (`country_code`, `name`, `longitude`, `latitude`, `feature_class`, `feature_code`, `subadmin1_code`, `subadmin2_code`, `population`, `time_zone`, `active`, `created_at`, `updated_at`) VALUES ('UZ','{\"en\":\"Zomin Shaharchasi\"}',68.40,39.96,'P','PPLA2','UZ.15',NULL,27077,'Asia/Samarkand',1,'2020-02-06 23:00:00','2020-02-06 23:00:00');
INSERT INTO `__PREFIX__cities` (`country_code`, `name`, `longitude`, `latitude`, `feature_class`, `feature_code`, `subadmin1_code`, `subadmin2_code`, `population`, `time_zone`, `active`, `created_at`, `updated_at`) VALUES ('UZ','{\"en\":\"Nishon Tumani\"}',65.68,38.69,'P','PPL','UZ.08',NULL,10558,'Asia/Samarkand',1,'2012-01-16 23:00:00','2012-01-16 23:00:00');
INSERT INTO `__PREFIX__cities` (`country_code`, `name`, `longitude`, `latitude`, `feature_class`, `feature_code`, `subadmin1_code`, `subadmin2_code`, `population`, `time_zone`, `active`, `created_at`, `updated_at`) VALUES ('UZ','{\"en\":\"Urgut Shahri\"}',67.26,39.42,'P','PPLA2','UZ.10',NULL,47373,'Asia/Samarkand',1,'2020-02-06 23:00:00','2020-02-06 23:00:00');
INSERT INTO `__PREFIX__cities` (`country_code`, `name`, `longitude`, `latitude`, `feature_class`, `feature_code`, `subadmin1_code`, `subadmin2_code`, `population`, `time_zone`, `active`, `created_at`, `updated_at`) VALUES ('UZ','{\"en\":\"Tirmiz\"}',67.28,37.22,'P','PPLA','UZ.12',NULL,140385,'Asia/Samarkand',1,'2011-07-08 23:00:00','2011-07-08 23:00:00');
INSERT INTO `__PREFIX__cities` (`country_code`, `name`, `longitude`, `latitude`, `feature_class`, `feature_code`, `subadmin1_code`, `subadmin2_code`, `population`, `time_zone`, `active`, `created_at`, `updated_at`) VALUES ('UZ','{\"en\":\"Sho‘rchi\"}',67.79,38.00,'P','PPL','UZ.12',NULL,24900,'Asia/Samarkand',1,'2020-06-09 23:00:00','2020-06-09 23:00:00');
INSERT INTO `__PREFIX__cities` (`country_code`, `name`, `longitude`, `latitude`, `feature_class`, `feature_code`, `subadmin1_code`, `subadmin2_code`, `population`, `time_zone`, `active`, `created_at`, `updated_at`) VALUES ('UZ','{\"en\":\"Shahrisabz\"}',66.83,39.06,'P','PPL','UZ.08',NULL,57051,'Asia/Samarkand',1,'2021-12-02 23:00:00','2021-12-02 23:00:00');
INSERT INTO `__PREFIX__cities` (`country_code`, `name`, `longitude`, `latitude`, `feature_class`, `feature_code`, `subadmin1_code`, `subadmin2_code`, `population`, `time_zone`, `active`, `created_at`, `updated_at`) VALUES ('UZ','{\"en\":\"Shohimardon\"}',71.81,39.98,'P','PPL','UZ.03',NULL,5100,'Asia/Bishkek',1,'2021-12-02 23:00:00','2021-12-02 23:00:00');
INSERT INTO `__PREFIX__cities` (`country_code`, `name`, `longitude`, `latitude`, `feature_class`, `feature_code`, `subadmin1_code`, `subadmin2_code`, `population`, `time_zone`, `active`, `created_at`, `updated_at`) VALUES ('UZ','{\"en\":\"Samarkand\"}',66.96,39.65,'P','PPLA','UZ.10',NULL,319366,'Asia/Samarkand',1,'2019-01-08 23:00:00','2019-01-08 23:00:00');
INSERT INTO `__PREFIX__cities` (`country_code`, `name`, `longitude`, `latitude`, `feature_class`, `feature_code`, `subadmin1_code`, `subadmin2_code`, `population`, `time_zone`, `active`, `created_at`, `updated_at`) VALUES ('UZ','{\"en\":\"Romitan Shahri\"}',64.38,39.93,'P','PPLA2','UZ.02',NULL,12927,'Asia/Samarkand',1,'2020-02-06 23:00:00','2020-02-06 23:00:00');
INSERT INTO `__PREFIX__cities` (`country_code`, `name`, `longitude`, `latitude`, `feature_class`, `feature_code`, `subadmin1_code`, `subadmin2_code`, `population`, `time_zone`, `active`, `created_at`, `updated_at`) VALUES ('UZ','{\"en\":\"Qarshi\"}',65.79,38.86,'P','PPLA','UZ.08',NULL,222898,'Asia/Samarkand',1,'2013-05-11 23:00:00','2013-05-11 23:00:00');
INSERT INTO `__PREFIX__cities` (`country_code`, `name`, `longitude`, `latitude`, `feature_class`, `feature_code`, `subadmin1_code`, `subadmin2_code`, `population`, `time_zone`, `active`, `created_at`, `updated_at`) VALUES ('UZ','{\"en\":\"Muborak\"}',65.15,39.26,'P','PPL','UZ.08',NULL,29180,'Asia/Samarkand',1,'2010-08-08 23:00:00','2010-08-08 23:00:00');
INSERT INTO `__PREFIX__cities` (`country_code`, `name`, `longitude`, `latitude`, `feature_class`, `feature_code`, `subadmin1_code`, `subadmin2_code`, `population`, `time_zone`, `active`, `created_at`, `updated_at`) VALUES ('UZ','{\"en\":\"Kitob\"}',66.89,39.12,'P','PPL','UZ.08',NULL,41938,'Asia/Samarkand',1,'2021-12-02 23:00:00','2021-12-02 23:00:00');
INSERT INTO `__PREFIX__cities` (`country_code`, `name`, `longitude`, `latitude`, `feature_class`, `feature_code`, `subadmin1_code`, `subadmin2_code`, `population`, `time_zone`, `active`, `created_at`, `updated_at`) VALUES ('UZ','{\"en\":\"Kattaqo’rg’on Shahri\"}',66.27,39.91,'P','PPLA2','UZ.10',NULL,59382,'Asia/Samarkand',1,'2020-06-09 23:00:00','2020-06-09 23:00:00');
INSERT INTO `__PREFIX__cities` (`country_code`, `name`, `longitude`, `latitude`, `feature_class`, `feature_code`, `subadmin1_code`, `subadmin2_code`, `population`, `time_zone`, `active`, `created_at`, `updated_at`) VALUES ('UZ','{\"en\":\"Koson\"}',65.58,39.04,'P','PPL','UZ.08',NULL,59681,'Asia/Samarkand',1,'2021-12-02 23:00:00','2021-12-02 23:00:00');
INSERT INTO `__PREFIX__cities` (`country_code`, `name`, `longitude`, `latitude`, `feature_class`, `feature_code`, `subadmin1_code`, `subadmin2_code`, `population`, `time_zone`, `active`, `created_at`, `updated_at`) VALUES ('UZ','{\"en\":\"Qorovulbozor\"}',64.79,39.50,'P','PPL','UZ.02',NULL,9548,'Asia/Samarkand',1,'2021-12-03 23:00:00','2021-12-03 23:00:00');
INSERT INTO `__PREFIX__cities` (`country_code`, `name`, `longitude`, `latitude`, `feature_class`, `feature_code`, `subadmin1_code`, `subadmin2_code`, `population`, `time_zone`, `active`, `created_at`, `updated_at`) VALUES ('UZ','{\"en\":\"Karakul’\"}',63.83,39.53,'P','PPL','UZ.02',NULL,22487,'Asia/Samarkand',1,'2020-06-09 23:00:00','2020-06-09 23:00:00');
INSERT INTO `__PREFIX__cities` (`country_code`, `name`, `longitude`, `latitude`, `feature_class`, `feature_code`, `subadmin1_code`, `subadmin2_code`, `population`, `time_zone`, `active`, `created_at`, `updated_at`) VALUES ('UZ','{\"en\":\"Kogon Shahri\"}',64.55,39.73,'P','PPLA2','UZ.02',NULL,62620,'Asia/Samarkand',1,'2020-02-06 23:00:00','2020-02-06 23:00:00');
INSERT INTO `__PREFIX__cities` (`country_code`, `name`, `longitude`, `latitude`, `feature_class`, `feature_code`, `subadmin1_code`, `subadmin2_code`, `population`, `time_zone`, `active`, `created_at`, `updated_at`) VALUES ('UZ','{\"en\":\"Ishtixon Shahri\"}',66.49,39.97,'P','PPLA2','UZ.10',NULL,13024,'Asia/Samarkand',1,'2020-02-06 23:00:00','2020-02-06 23:00:00');
INSERT INTO `__PREFIX__cities` (`country_code`, `name`, `longitude`, `latitude`, `feature_class`, `feature_code`, `subadmin1_code`, `subadmin2_code`, `population`, `time_zone`, `active`, `created_at`, `updated_at`) VALUES ('UZ','{\"en\":\"G‘uzor\"}',66.25,38.62,'P','PPL','UZ.08',NULL,25368,'Asia/Samarkand',1,'2021-12-02 23:00:00','2021-12-02 23:00:00');
INSERT INTO `__PREFIX__cities` (`country_code`, `name`, `longitude`, `latitude`, `feature_class`, `feature_code`, `subadmin1_code`, `subadmin2_code`, `population`, `time_zone`, `active`, `created_at`, `updated_at`) VALUES ('UZ','{\"en\":\"Galaosiyo Shahri\"}',64.45,39.86,'P','PPLA2','UZ.02',NULL,15620,'Asia/Samarkand',1,'2020-02-06 23:00:00','2020-02-06 23:00:00');
INSERT INTO `__PREFIX__cities` (`country_code`, `name`, `longitude`, `latitude`, `feature_class`, `feature_code`, `subadmin1_code`, `subadmin2_code`, `population`, `time_zone`, `active`, `created_at`, `updated_at`) VALUES ('UZ','{\"en\":\"Juma Shahri\"}',66.66,39.72,'P','PPLA2','UZ.10',NULL,19920,'Asia/Samarkand',1,'2020-02-06 23:00:00','2020-02-06 23:00:00');
INSERT INTO `__PREFIX__cities` (`country_code`, `name`, `longitude`, `latitude`, `feature_class`, `feature_code`, `subadmin1_code`, `subadmin2_code`, `population`, `time_zone`, `active`, `created_at`, `updated_at`) VALUES ('UZ','{\"en\":\"Jomboy Shahri\"}',67.09,39.70,'P','PPLA2','UZ.10',NULL,14429,'Asia/Samarkand',1,'2020-02-06 23:00:00','2020-02-06 23:00:00');
INSERT INTO `__PREFIX__cities` (`country_code`, `name`, `longitude`, `latitude`, `feature_class`, `feature_code`, `subadmin1_code`, `subadmin2_code`, `population`, `time_zone`, `active`, `created_at`, `updated_at`) VALUES ('UZ','{\"en\":\"Denov\"}',67.90,38.27,'P','PPL','UZ.12',NULL,68994,'Asia/Samarkand',1,'2021-12-02 23:00:00','2021-12-02 23:00:00');
INSERT INTO `__PREFIX__cities` (`country_code`, `name`, `longitude`, `latitude`, `feature_class`, `feature_code`, `subadmin1_code`, `subadmin2_code`, `population`, `time_zone`, `active`, `created_at`, `updated_at`) VALUES ('UZ','{\"en\":\"Dahbed\"}',66.92,39.76,'P','PPL','UZ.10',NULL,8044,'Asia/Samarkand',1,'2020-02-06 23:00:00','2020-02-06 23:00:00');
INSERT INTO `__PREFIX__cities` (`country_code`, `name`, `longitude`, `latitude`, `feature_class`, `feature_code`, `subadmin1_code`, `subadmin2_code`, `population`, `time_zone`, `active`, `created_at`, `updated_at`) VALUES ('UZ','{\"en\":\"Chiroqchi\"}',66.57,39.03,'P','PPL','UZ.08',NULL,19356,'Asia/Samarkand',1,'2012-01-16 23:00:00','2012-01-16 23:00:00');
INSERT INTO `__PREFIX__cities` (`country_code`, `name`, `longitude`, `latitude`, `feature_class`, `feature_code`, `subadmin1_code`, `subadmin2_code`, `population`, `time_zone`, `active`, `created_at`, `updated_at`) VALUES ('UZ','{\"en\":\"Chelak\"}',66.86,39.92,'P','PPL','UZ.10',NULL,16727,'Asia/Samarkand',1,'2020-02-06 23:00:00','2020-02-06 23:00:00');
INSERT INTO `__PREFIX__cities` (`country_code`, `name`, `longitude`, `latitude`, `feature_class`, `feature_code`, `subadmin1_code`, `subadmin2_code`, `population`, `time_zone`, `active`, `created_at`, `updated_at`) VALUES ('UZ','{\"en\":\"Charxin\"}',66.83,39.69,'P','PPL','UZ.10',NULL,13791,'Asia/Samarkand',1,'2021-12-02 23:00:00','2021-12-02 23:00:00');
INSERT INTO `__PREFIX__cities` (`country_code`, `name`, `longitude`, `latitude`, `feature_class`, `feature_code`, `subadmin1_code`, `subadmin2_code`, `population`, `time_zone`, `active`, `created_at`, `updated_at`) VALUES ('UZ','{\"en\":\"Bulung’ur Shahri\"}',67.27,39.76,'P','PPLA2','UZ.10',NULL,26815,'Asia/Samarkand',1,'2020-06-09 23:00:00','2020-06-09 23:00:00');
INSERT INTO `__PREFIX__cities` (`country_code`, `name`, `longitude`, `latitude`, `feature_class`, `feature_code`, `subadmin1_code`, `subadmin2_code`, `population`, `time_zone`, `active`, `created_at`, `updated_at`) VALUES ('UZ','{\"en\":\"Bukhara\"}',64.43,39.77,'P','PPLA','UZ.02',NULL,247644,'Asia/Samarkand',1,'2019-09-04 23:00:00','2019-09-04 23:00:00');
INSERT INTO `__PREFIX__cities` (`country_code`, `name`, `longitude`, `latitude`, `feature_class`, `feature_code`, `subadmin1_code`, `subadmin2_code`, `population`, `time_zone`, `active`, `created_at`, `updated_at`) VALUES ('UZ','{\"en\":\"Beshkent\"}',65.65,38.82,'P','PPL','UZ.08',NULL,17010,'Asia/Samarkand',1,'2021-12-02 23:00:00','2021-12-02 23:00:00');
INSERT INTO `__PREFIX__cities` (`country_code`, `name`, `longitude`, `latitude`, `feature_class`, `feature_code`, `subadmin1_code`, `subadmin2_code`, `population`, `time_zone`, `active`, `created_at`, `updated_at`) VALUES ('UZ','{\"en\":\"Boysun\"}',67.21,38.21,'P','PPL','UZ.12',NULL,26934,'Asia/Samarkand',1,'2021-12-02 23:00:00','2021-12-02 23:00:00');
INSERT INTO `__PREFIX__cities` (`country_code`, `name`, `longitude`, `latitude`, `feature_class`, `feature_code`, `subadmin1_code`, `subadmin2_code`, `population`, `time_zone`, `active`, `created_at`, `updated_at`) VALUES ('UZ','{\"en\":\"Olot Shahri\"}',63.80,39.41,'P','PPLA2','UZ.02',NULL,11984,'Asia/Samarkand',1,'2020-02-06 23:00:00','2020-02-06 23:00:00');
INSERT INTO `__PREFIX__cities` (`country_code`, `name`, `longitude`, `latitude`, `feature_class`, `feature_code`, `subadmin1_code`, `subadmin2_code`, `population`, `time_zone`, `active`, `created_at`, `updated_at`) VALUES ('UZ','{\"en\":\"Oqtosh\"}',65.93,39.92,'P','PPL','UZ.10',NULL,38307,'Asia/Samarkand',1,'2012-01-16 23:00:00','2012-01-16 23:00:00');
INSERT INTO `__PREFIX__cities` (`country_code`, `name`, `longitude`, `latitude`, `feature_class`, `feature_code`, `subadmin1_code`, `subadmin2_code`, `population`, `time_zone`, `active`, `created_at`, `updated_at`) VALUES ('UZ','{\"en\":\"Zafar\"}',68.90,40.98,'P','PPL','UZ.14',NULL,24781,'Asia/Tashkent',1,'2013-11-07 23:00:00','2013-11-07 23:00:00');
INSERT INTO `__PREFIX__cities` (`country_code`, `name`, `longitude`, `latitude`, `feature_class`, `feature_code`, `subadmin1_code`, `subadmin2_code`, `population`, `time_zone`, `active`, `created_at`, `updated_at`) VALUES ('UZ','{\"en\":\"Yaypan\"}',70.82,40.38,'P','PPLA2','UZ.03',NULL,20332,'Asia/Tashkent',1,'2015-09-05 23:00:00','2015-09-05 23:00:00');
INSERT INTO `__PREFIX__cities` (`country_code`, `name`, `longitude`, `latitude`, `feature_class`, `feature_code`, `subadmin1_code`, `subadmin2_code`, `population`, `time_zone`, `active`, `created_at`, `updated_at`) VALUES ('UZ','{\"en\":\"Yangiyŭl\"}',69.05,41.11,'P','PPL','UZ.14',NULL,60000,'Asia/Tashkent',1,'2021-12-02 23:00:00','2021-12-02 23:00:00');
INSERT INTO `__PREFIX__cities` (`country_code`, `name`, `longitude`, `latitude`, `feature_class`, `feature_code`, `subadmin1_code`, `subadmin2_code`, `population`, `time_zone`, `active`, `created_at`, `updated_at`) VALUES ('UZ','{\"en\":\"Yangiyer\"}',68.82,40.27,'P','PPL','UZ.16',NULL,32500,'Asia/Tashkent',1,'2021-12-02 23:00:00','2021-12-02 23:00:00');
INSERT INTO `__PREFIX__cities` (`country_code`, `name`, `longitude`, `latitude`, `feature_class`, `feature_code`, `subadmin1_code`, `subadmin2_code`, `population`, `time_zone`, `active`, `created_at`, `updated_at`) VALUES ('UZ','{\"en\":\"Yangirabot\"}',65.96,40.03,'P','PPLA2','UZ.07',NULL,25027,'Asia/Samarkand',1,'2012-01-16 23:00:00','2012-01-16 23:00:00');
INSERT INTO `__PREFIX__cities` (`country_code`, `name`, `longitude`, `latitude`, `feature_class`, `feature_code`, `subadmin1_code`, `subadmin2_code`, `population`, `time_zone`, `active`, `created_at`, `updated_at`) VALUES ('UZ','{\"en\":\"Yangiqo‘rg‘on\"}',71.72,41.19,'P','PPL','UZ.06',NULL,28422,'Asia/Tashkent',1,'2020-06-09 23:00:00','2020-06-09 23:00:00');
INSERT INTO `__PREFIX__cities` (`country_code`, `name`, `longitude`, `latitude`, `feature_class`, `feature_code`, `subadmin1_code`, `subadmin2_code`, `population`, `time_zone`, `active`, `created_at`, `updated_at`) VALUES ('UZ','{\"en\":\"Yangiobod\"}',70.09,41.12,'P','PPL','UZ.14',NULL,24900,'Asia/Tashkent',1,'2010-07-28 23:00:00','2010-07-28 23:00:00');
INSERT INTO `__PREFIX__cities` (`country_code`, `name`, `longitude`, `latitude`, `feature_class`, `feature_code`, `subadmin1_code`, `subadmin2_code`, `population`, `time_zone`, `active`, `created_at`, `updated_at`) VALUES ('UZ','{\"en\":\"Vobkent Shahri\"}',64.50,40.00,'P','PPLA2','UZ.02',NULL,16697,'Asia/Samarkand',1,'2020-02-06 23:00:00','2020-02-06 23:00:00');
INSERT INTO `__PREFIX__cities` (`country_code`, `name`, `longitude`, `latitude`, `feature_class`, `feature_code`, `subadmin1_code`, `subadmin2_code`, `population`, `time_zone`, `active`, `created_at`, `updated_at`) VALUES ('UZ','{\"en\":\"Uychi\"}',71.92,41.08,'P','PPL','UZ.06',NULL,29683,'Asia/Tashkent',1,'2012-01-16 23:00:00','2012-01-16 23:00:00');
INSERT INTO `__PREFIX__cities` (`country_code`, `name`, `longitude`, `latitude`, `feature_class`, `feature_code`, `subadmin1_code`, `subadmin2_code`, `population`, `time_zone`, `active`, `created_at`, `updated_at`) VALUES ('UZ','{\"en\":\"Ŭrtaowul\"}',69.15,41.19,'P','PPL','UZ.14',NULL,14047,'Asia/Tashkent',1,'2021-12-02 23:00:00','2021-12-02 23:00:00');
INSERT INTO `__PREFIX__cities` (`country_code`, `name`, `longitude`, `latitude`, `feature_class`, `feature_code`, `subadmin1_code`, `subadmin2_code`, `population`, `time_zone`, `active`, `created_at`, `updated_at`) VALUES ('UZ','{\"en\":\"Urganch\"}',60.62,41.55,'P','PPLA','UZ.05',NULL,150110,'Asia/Samarkand',1,'2020-04-07 23:00:00','2020-04-07 23:00:00');
INSERT INTO `__PREFIX__cities` (`country_code`, `name`, `longitude`, `latitude`, `feature_class`, `feature_code`, `subadmin1_code`, `subadmin2_code`, `population`, `time_zone`, `active`, `created_at`, `updated_at`) VALUES ('UZ','{\"en\":\"Dashtobod\"}',68.49,40.13,'P','PPL','UZ.15',NULL,19718,'Asia/Tashkent',1,'2021-12-02 23:00:00','2021-12-02 23:00:00');
INSERT INTO `__PREFIX__cities` (`country_code`, `name`, `longitude`, `latitude`, `feature_class`, `feature_code`, `subadmin1_code`, `subadmin2_code`, `population`, `time_zone`, `active`, `created_at`, `updated_at`) VALUES ('UZ','{\"en\":\"Uchqŭrghon Shahri\"}',72.08,41.11,'P','PPLA2','UZ.06',NULL,33323,'Asia/Tashkent',1,'2020-06-09 23:00:00','2020-06-09 23:00:00');
INSERT INTO `__PREFIX__cities` (`country_code`, `name`, `longitude`, `latitude`, `feature_class`, `feature_code`, `subadmin1_code`, `subadmin2_code`, `population`, `time_zone`, `active`, `created_at`, `updated_at`) VALUES ('UZ','{\"en\":\"Tŭytepa\"}',69.36,41.03,'P','PPL','UZ.14',NULL,20682,'Asia/Tashkent',1,'2021-12-02 23:00:00','2021-12-02 23:00:00');
INSERT INTO `__PREFIX__cities` (`country_code`, `name`, `longitude`, `latitude`, `feature_class`, `feature_code`, `subadmin1_code`, `subadmin2_code`, `population`, `time_zone`, `active`, `created_at`, `updated_at`) VALUES ('UZ','{\"en\":\"To‘rqao‘rg‘on\"}',71.51,41.00,'P','PPL','UZ.06',NULL,27862,'Asia/Tashkent',1,'2021-12-02 23:00:00','2021-12-02 23:00:00');
INSERT INTO `__PREFIX__cities` (`country_code`, `name`, `longitude`, `latitude`, `feature_class`, `feature_code`, `subadmin1_code`, `subadmin2_code`, `population`, `time_zone`, `active`, `created_at`, `updated_at`) VALUES ('UZ','{\"en\":\"Toshloq\"}',71.77,40.48,'P','PPLA2','UZ.03',NULL,26686,'Asia/Tashkent',1,'2015-09-05 23:00:00','2015-09-05 23:00:00');
INSERT INTO `__PREFIX__cities` (`country_code`, `name`, `longitude`, `latitude`, `feature_class`, `feature_code`, `subadmin1_code`, `subadmin2_code`, `population`, `time_zone`, `active`, `created_at`, `updated_at`) VALUES ('UZ','{\"en\":\"Tashkent\"}',69.22,41.26,'P','PPLC','UZ.13',NULL,1978028,'Asia/Tashkent',1,'2019-09-04 23:00:00','2019-09-04 23:00:00');
INSERT INTO `__PREFIX__cities` (`country_code`, `name`, `longitude`, `latitude`, `feature_class`, `feature_code`, `subadmin1_code`, `subadmin2_code`, `population`, `time_zone`, `active`, `created_at`, `updated_at`) VALUES ('UZ','{\"en\":\"Toshbuloq\"}',71.58,40.92,'P','PPL','UZ.06',NULL,28562,'Asia/Tashkent',1,'2016-04-09 23:00:00','2016-04-09 23:00:00');
INSERT INTO `__PREFIX__cities` (`country_code`, `name`, `longitude`, `latitude`, `feature_class`, `feature_code`, `subadmin1_code`, `subadmin2_code`, `population`, `time_zone`, `active`, `created_at`, `updated_at`) VALUES ('UZ','{\"en\":\"Sirdaryo\"}',68.66,40.84,'P','PPL','UZ.16',NULL,26816,'Asia/Tashkent',1,'2021-12-02 23:00:00','2021-12-02 23:00:00');
INSERT INTO `__PREFIX__cities` (`country_code`, `name`, `longitude`, `latitude`, `feature_class`, `feature_code`, `subadmin1_code`, `subadmin2_code`, `population`, `time_zone`, `active`, `created_at`, `updated_at`) VALUES ('UZ','{\"en\":\"Shovot\"}',60.29,41.66,'P','PPLA2','UZ.05',NULL,26950,'Asia/Samarkand',1,'2020-04-07 23:00:00','2020-04-07 23:00:00');
INSERT INTO `__PREFIX__cities` (`country_code`, `name`, `longitude`, `latitude`, `feature_class`, `feature_code`, `subadmin1_code`, `subadmin2_code`, `population`, `time_zone`, `active`, `created_at`, `updated_at`) VALUES ('UZ','{\"en\":\"Shofirkon Shahri\"}',64.50,40.12,'P','PPLA2','UZ.02',NULL,26527,'Asia/Samarkand',1,'2020-02-06 23:00:00','2020-02-06 23:00:00');
INSERT INTO `__PREFIX__cities` (`country_code`, `name`, `longitude`, `latitude`, `feature_class`, `feature_code`, `subadmin1_code`, `subadmin2_code`, `population`, `time_zone`, `active`, `created_at`, `updated_at`) VALUES ('UZ','{\"en\":\"Salor\"}',69.38,41.37,'P','PPL','UZ.14',NULL,26494,'Asia/Tashkent',1,'2012-01-16 23:00:00','2012-01-16 23:00:00');
INSERT INTO `__PREFIX__cities` (`country_code`, `name`, `longitude`, `latitude`, `feature_class`, `feature_code`, `subadmin1_code`, `subadmin2_code`, `population`, `time_zone`, `active`, `created_at`, `updated_at`) VALUES ('UZ','{\"en\":\"Qo’shko’pir\"}',60.35,41.53,'P','PPLA2','UZ.05',NULL,16948,'Asia/Samarkand',1,'2020-06-09 23:00:00','2020-06-09 23:00:00');
INSERT INTO `__PREFIX__cities` (`country_code`, `name`, `longitude`, `latitude`, `feature_class`, `feature_code`, `subadmin1_code`, `subadmin2_code`, `population`, `time_zone`, `active`, `created_at`, `updated_at`) VALUES ('UZ','{\"en\":\"Qo‘qon\"}',70.94,40.53,'P','PPL','UZ.03',NULL,254700,'Asia/Tashkent',1,'2021-11-09 23:00:00','2021-11-09 23:00:00');
INSERT INTO `__PREFIX__cities` (`country_code`, `name`, `longitude`, `latitude`, `feature_class`, `feature_code`, `subadmin1_code`, `subadmin2_code`, `population`, `time_zone`, `active`, `created_at`, `updated_at`) VALUES ('UZ','{\"en\":\"Piskent\"}',69.35,40.90,'P','PPL','UZ.14',NULL,27865,'Asia/Tashkent',1,'2021-12-02 23:00:00','2021-12-02 23:00:00');
INSERT INTO `__PREFIX__cities` (`country_code`, `name`, `longitude`, `latitude`, `feature_class`, `feature_code`, `subadmin1_code`, `subadmin2_code`, `population`, `time_zone`, `active`, `created_at`, `updated_at`) VALUES ('UZ','{\"en\":\"Payshamba Shahri\"}',66.23,40.01,'P','PPLA2','UZ.10',NULL,24772,'Asia/Samarkand',1,'2020-02-06 23:00:00','2020-02-06 23:00:00');
INSERT INTO `__PREFIX__cities` (`country_code`, `name`, `longitude`, `latitude`, `feature_class`, `feature_code`, `subadmin1_code`, `subadmin2_code`, `population`, `time_zone`, `active`, `created_at`, `updated_at`) VALUES ('UZ','{\"en\":\"Parkent\"}',69.68,41.29,'P','PPL','UZ.14',NULL,35973,'Asia/Tashkent',1,'2016-03-09 23:00:00','2016-03-09 23:00:00');
INSERT INTO `__PREFIX__cities` (`country_code`, `name`, `longitude`, `latitude`, `feature_class`, `feature_code`, `subadmin1_code`, `subadmin2_code`, `population`, `time_zone`, `active`, `created_at`, `updated_at`) VALUES ('UZ','{\"en\":\"Pop\"}',71.11,40.87,'P','PPL','UZ.06',NULL,28000,'Asia/Tashkent',1,'2021-12-02 23:00:00','2021-12-02 23:00:00');
INSERT INTO `__PREFIX__cities` (`country_code`, `name`, `longitude`, `latitude`, `feature_class`, `feature_code`, `subadmin1_code`, `subadmin2_code`, `population`, `time_zone`, `active`, `created_at`, `updated_at`) VALUES ('UZ','{\"en\":\"Paxtakor Shahri\"}',67.96,40.31,'P','PPLA2','UZ.15',NULL,21384,'Asia/Samarkand',1,'2020-02-06 23:00:00','2020-02-06 23:00:00');
INSERT INTO `__PREFIX__cities` (`country_code`, `name`, `longitude`, `latitude`, `feature_class`, `feature_code`, `subadmin1_code`, `subadmin2_code`, `population`, `time_zone`, `active`, `created_at`, `updated_at`) VALUES ('UZ','{\"en\":\"Olmaliq\"}',69.60,40.84,'P','PPL','UZ.14',NULL,121109,'Asia/Tashkent',1,'2021-12-02 23:00:00','2021-12-02 23:00:00');
INSERT INTO `__PREFIX__cities` (`country_code`, `name`, `longitude`, `latitude`, `feature_class`, `feature_code`, `subadmin1_code`, `subadmin2_code`, `population`, `time_zone`, `active`, `created_at`, `updated_at`) VALUES ('UZ','{\"en\":\"Ohangaron\"}',69.64,40.91,'P','PPL','UZ.14',NULL,35516,'Asia/Tashkent',1,'2021-12-02 23:00:00','2021-12-02 23:00:00');
INSERT INTO `__PREFIX__cities` (`country_code`, `name`, `longitude`, `latitude`, `feature_class`, `feature_code`, `subadmin1_code`, `subadmin2_code`, `population`, `time_zone`, `active`, `created_at`, `updated_at`) VALUES ('UZ','{\"en\":\"Nurota\"}',65.69,40.56,'P','PPL','UZ.07',NULL,29403,'Asia/Samarkand',1,'2012-01-16 23:00:00','2012-01-16 23:00:00');
INSERT INTO `__PREFIX__cities` (`country_code`, `name`, `longitude`, `latitude`, `feature_class`, `feature_code`, `subadmin1_code`, `subadmin2_code`, `population`, `time_zone`, `active`, `created_at`, `updated_at`) VALUES ('UZ','{\"en\":\"Novyy Turtkul’\"}',61.02,41.55,'P','PPL','UZ.09',NULL,48908,'Asia/Samarkand',1,'2016-10-06 23:00:00','2016-10-06 23:00:00');
INSERT INTO `__PREFIX__cities` (`country_code`, `name`, `longitude`, `latitude`, `feature_class`, `feature_code`, `subadmin1_code`, `subadmin2_code`, `population`, `time_zone`, `active`, `created_at`, `updated_at`) VALUES ('UZ','{\"en\":\"Navoiy\"}',65.38,40.08,'P','PPLA','UZ.07',NULL,129725,'Asia/Samarkand',1,'2017-10-27 23:00:00','2017-10-27 23:00:00');
INSERT INTO `__PREFIX__cities` (`country_code`, `name`, `longitude`, `latitude`, `feature_class`, `feature_code`, `subadmin1_code`, `subadmin2_code`, `population`, `time_zone`, `active`, `created_at`, `updated_at`) VALUES ('UZ','{\"en\":\"Namangan\"}',71.67,41.00,'P','PPLA','UZ.06',NULL,432456,'Asia/Tashkent',1,'2019-09-04 23:00:00','2019-09-04 23:00:00');
INSERT INTO `__PREFIX__cities` (`country_code`, `name`, `longitude`, `latitude`, `feature_class`, `feature_code`, `subadmin1_code`, `subadmin2_code`, `population`, `time_zone`, `active`, `created_at`, `updated_at`) VALUES ('UZ','{\"en\":\"Marhamat\"}',72.31,40.48,'P','PPL','UZ.01',NULL,14646,'Asia/Tashkent',1,'2012-01-16 23:00:00','2012-01-16 23:00:00');
INSERT INTO `__PREFIX__cities` (`country_code`, `name`, `longitude`, `latitude`, `feature_class`, `feature_code`, `subadmin1_code`, `subadmin2_code`, `population`, `time_zone`, `active`, `created_at`, `updated_at`) VALUES ('UZ','{\"en\":\"Marg‘ilon\"}',71.72,40.47,'P','PPL','UZ.03',NULL,133490,'Asia/Tashkent',1,'2021-12-02 23:00:00','2021-12-02 23:00:00');
INSERT INTO `__PREFIX__cities` (`country_code`, `name`, `longitude`, `latitude`, `feature_class`, `feature_code`, `subadmin1_code`, `subadmin2_code`, `population`, `time_zone`, `active`, `created_at`, `updated_at`) VALUES ('UZ','{\"en\":\"Manghit\"}',60.06,42.12,'P','PPL','UZ.09',NULL,30854,'Asia/Samarkand',1,'2021-12-02 23:00:00','2021-12-02 23:00:00');
INSERT INTO `__PREFIX__cities` (`country_code`, `name`, `longitude`, `latitude`, `feature_class`, `feature_code`, `subadmin1_code`, `subadmin2_code`, `population`, `time_zone`, `active`, `created_at`, `updated_at`) VALUES ('UZ','{\"en\":\"Asaka\"}',72.24,40.64,'P','PPLA2','UZ.01',NULL,56736,'Asia/Tashkent',1,'2015-12-04 23:00:00','2015-12-04 23:00:00');
INSERT INTO `__PREFIX__cities` (`country_code`, `name`, `longitude`, `latitude`, `feature_class`, `feature_code`, `subadmin1_code`, `subadmin2_code`, `population`, `time_zone`, `active`, `created_at`, `updated_at`) VALUES ('UZ','{\"en\":\"Qiziltepa\"}',64.85,40.03,'P','PPL','UZ.07',NULL,13558,'Asia/Samarkand',1,'2021-12-02 23:00:00','2021-12-02 23:00:00');
INSERT INTO `__PREFIX__cities` (`country_code`, `name`, `longitude`, `latitude`, `feature_class`, `feature_code`, `subadmin1_code`, `subadmin2_code`, `population`, `time_zone`, `active`, `created_at`, `updated_at`) VALUES ('UZ','{\"en\":\"Quvasoy\"}',71.98,40.30,'P','PPLA2','UZ.03',NULL,32024,'Asia/Bishkek',1,'2015-11-06 23:00:00','2015-11-06 23:00:00');
INSERT INTO `__PREFIX__cities` (`country_code`, `name`, `longitude`, `latitude`, `feature_class`, `feature_code`, `subadmin1_code`, `subadmin2_code`, `population`, `time_zone`, `active`, `created_at`, `updated_at`) VALUES ('UZ','{\"en\":\"Qo‘rg‘ontepa\"}',72.76,40.73,'P','PPLA2','UZ.01',NULL,25861,'Asia/Tashkent',1,'2020-06-09 23:00:00','2020-06-09 23:00:00');
INSERT INTO `__PREFIX__cities` (`country_code`, `name`, `longitude`, `latitude`, `feature_class`, `feature_code`, `subadmin1_code`, `subadmin2_code`, `population`, `time_zone`, `active`, `created_at`, `updated_at`) VALUES ('UZ','{\"en\":\"Yangi Marg‘ilon\"}',71.72,40.43,'P','PPL','UZ.03',NULL,14114,'Asia/Tashkent',1,'2020-06-09 23:00:00','2020-06-09 23:00:00');
INSERT INTO `__PREFIX__cities` (`country_code`, `name`, `longitude`, `latitude`, `feature_class`, `feature_code`, `subadmin1_code`, `subadmin2_code`, `population`, `time_zone`, `active`, `created_at`, `updated_at`) VALUES ('UZ','{\"en\":\"Kirguli\"}',71.77,40.44,'P','PPL','UZ.03',NULL,20459,'Asia/Tashkent',1,'2015-11-06 23:00:00','2015-11-06 23:00:00');
INSERT INTO `__PREFIX__cities` (`country_code`, `name`, `longitude`, `latitude`, `feature_class`, `feature_code`, `subadmin1_code`, `subadmin2_code`, `population`, `time_zone`, `active`, `created_at`, `updated_at`) VALUES ('UZ','{\"en\":\"Qibray\"}',69.47,41.39,'P','PPL','UZ.14',NULL,27750,'Asia/Tashkent',1,'2012-01-16 23:00:00','2012-01-16 23:00:00');
INSERT INTO `__PREFIX__cities` (`country_code`, `name`, `longitude`, `latitude`, `feature_class`, `feature_code`, `subadmin1_code`, `subadmin2_code`, `population`, `time_zone`, `active`, `created_at`, `updated_at`) VALUES ('UZ','{\"en\":\"Xo‘jaobod\"}',72.56,40.67,'P','PPLA2','UZ.01',NULL,16889,'Asia/Tashkent',1,'2020-06-09 23:00:00','2020-06-09 23:00:00');
INSERT INTO `__PREFIX__cities` (`country_code`, `name`, `longitude`, `latitude`, `feature_class`, `feature_code`, `subadmin1_code`, `subadmin2_code`, `population`, `time_zone`, `active`, `created_at`, `updated_at`) VALUES ('UZ','{\"en\":\"Xiva\"}',60.36,41.39,'P','PPLA2','UZ.05',NULL,55567,'Asia/Samarkand',1,'2020-04-07 23:00:00','2020-04-07 23:00:00');
INSERT INTO `__PREFIX__cities` (`country_code`, `name`, `longitude`, `latitude`, `feature_class`, `feature_code`, `subadmin1_code`, `subadmin2_code`, `population`, `time_zone`, `active`, `created_at`, `updated_at`) VALUES ('UZ','{\"en\":\"Hamza\"}',71.51,40.43,'P','PPL','UZ.03',NULL,13470,'Asia/Tashkent',1,'2015-12-04 23:00:00','2015-12-04 23:00:00');
INSERT INTO `__PREFIX__cities` (`country_code`, `name`, `longitude`, `latitude`, `feature_class`, `feature_code`, `subadmin1_code`, `subadmin2_code`, `population`, `time_zone`, `active`, `created_at`, `updated_at`) VALUES ('UZ','{\"en\":\"Haqqulobod\"}',72.12,40.92,'P','PPL','UZ.06',NULL,26257,'Asia/Tashkent',1,'2021-12-02 23:00:00','2021-12-02 23:00:00');
INSERT INTO `__PREFIX__cities` (`country_code`, `name`, `longitude`, `latitude`, `feature_class`, `feature_code`, `subadmin1_code`, `subadmin2_code`, `population`, `time_zone`, `active`, `created_at`, `updated_at`) VALUES ('UZ','{\"en\":\"Kosonsoy\"}',71.55,41.25,'P','PPLA2','UZ.06',NULL,43684,'Asia/Tashkent',1,'2016-10-06 23:00:00','2016-10-06 23:00:00');
INSERT INTO `__PREFIX__cities` (`country_code`, `name`, `longitude`, `latitude`, `feature_class`, `feature_code`, `subadmin1_code`, `subadmin2_code`, `population`, `time_zone`, `active`, `created_at`, `updated_at`) VALUES ('UZ','{\"en\":\"Jizzax\"}',67.83,40.12,'P','PPLA','UZ.15',NULL,152642,'Asia/Samarkand',1,'2020-02-06 23:00:00','2020-02-06 23:00:00');
INSERT INTO `__PREFIX__cities` (`country_code`, `name`, `longitude`, `latitude`, `feature_class`, `feature_code`, `subadmin1_code`, `subadmin2_code`, `population`, `time_zone`, `active`, `created_at`, `updated_at`) VALUES ('UZ','{\"en\":\"Iskandar\"}',69.70,41.55,'P','PPL','UZ.14',NULL,27636,'Asia/Tashkent',1,'2012-01-16 23:00:00','2012-01-16 23:00:00');
INSERT INTO `__PREFIX__cities` (`country_code`, `name`, `longitude`, `latitude`, `feature_class`, `feature_code`, `subadmin1_code`, `subadmin2_code`, `population`, `time_zone`, `active`, `created_at`, `updated_at`) VALUES ('UZ','{\"en\":\"Hazorasp\"}',61.07,41.32,'P','PPLA2','UZ.05',NULL,17643,'Asia/Samarkand',1,'2020-04-07 23:00:00','2020-04-07 23:00:00');
INSERT INTO `__PREFIX__cities` (`country_code`, `name`, `longitude`, `latitude`, `feature_class`, `feature_code`, `subadmin1_code`, `subadmin2_code`, `population`, `time_zone`, `active`, `created_at`, `updated_at`) VALUES ('UZ','{\"en\":\"Gurlan\"}',60.39,41.84,'P','PPLA2','UZ.05',NULL,27506,'Asia/Samarkand',1,'2020-04-07 23:00:00','2020-04-07 23:00:00');
INSERT INTO `__PREFIX__cities` (`country_code`, `name`, `longitude`, `latitude`, `feature_class`, `feature_code`, `subadmin1_code`, `subadmin2_code`, `population`, `time_zone`, `active`, `created_at`, `updated_at`) VALUES ('UZ','{\"en\":\"Guliston\"}',68.78,40.49,'P','PPLA','UZ.16',NULL,53373,'Asia/Tashkent',1,'2019-09-04 23:00:00','2019-09-04 23:00:00');
INSERT INTO `__PREFIX__cities` (`country_code`, `name`, `longitude`, `latitude`, `feature_class`, `feature_code`, `subadmin1_code`, `subadmin2_code`, `population`, `time_zone`, `active`, `created_at`, `updated_at`) VALUES ('UZ','{\"en\":\"G’ijduvon Shahri\"}',64.68,40.10,'P','PPLA2','UZ.02',NULL,41070,'Asia/Samarkand',1,'2020-06-09 23:00:00','2020-06-09 23:00:00');
INSERT INTO `__PREFIX__cities` (`country_code`, `name`, `longitude`, `latitude`, `feature_class`, `feature_code`, `subadmin1_code`, `subadmin2_code`, `population`, `time_zone`, `active`, `created_at`, `updated_at`) VALUES ('UZ','{\"en\":\"Gazli\"}',63.46,40.13,'P','PPL','UZ.02',NULL,11446,'Asia/Samarkand',1,'2020-02-06 23:00:00','2020-02-06 23:00:00');
INSERT INTO `__PREFIX__cities` (`country_code`, `name`, `longitude`, `latitude`, `feature_class`, `feature_code`, `subadmin1_code`, `subadmin2_code`, `population`, `time_zone`, `active`, `created_at`, `updated_at`) VALUES ('UZ','{\"en\":\"G‘azalkent\"}',69.77,41.56,'P','PPL','UZ.14',NULL,24700,'Asia/Tashkent',1,'2020-06-09 23:00:00','2020-06-09 23:00:00');
INSERT INTO `__PREFIX__cities` (`country_code`, `name`, `longitude`, `latitude`, `feature_class`, `feature_code`, `subadmin1_code`, `subadmin2_code`, `population`, `time_zone`, `active`, `created_at`, `updated_at`) VALUES ('UZ','{\"en\":\"Gagarin Shahri\"}',68.17,40.66,'P','PPLA2','UZ.15',NULL,24856,'Asia/Samarkand',1,'2021-07-26 23:00:00','2021-07-26 23:00:00');
INSERT INTO `__PREFIX__cities` (`country_code`, `name`, `longitude`, `latitude`, `feature_class`, `feature_code`, `subadmin1_code`, `subadmin2_code`, `population`, `time_zone`, `active`, `created_at`, `updated_at`) VALUES ('UZ','{\"en\":\"Fergana\"}',71.78,40.38,'P','PPLA','UZ.03',NULL,164322,'Asia/Tashkent',1,'2019-09-04 23:00:00','2019-09-04 23:00:00');
INSERT INTO `__PREFIX__cities` (`country_code`, `name`, `longitude`, `latitude`, `feature_class`, `feature_code`, `subadmin1_code`, `subadmin2_code`, `population`, `time_zone`, `active`, `created_at`, `updated_at`) VALUES ('UZ','{\"en\":\"Amir Timur\"}',68.94,41.02,'P','PPLA','UZ.14',NULL,0,'Asia/Tashkent',1,'2013-08-10 23:00:00','2013-08-10 23:00:00');
INSERT INTO `__PREFIX__cities` (`country_code`, `name`, `longitude`, `latitude`, `feature_class`, `feature_code`, `subadmin1_code`, `subadmin2_code`, `population`, `time_zone`, `active`, `created_at`, `updated_at`) VALUES ('UZ','{\"en\":\"Do’stlik Shahri\"}',68.03,40.53,'P','PPLA2','UZ.15',NULL,16524,'Asia/Samarkand',1,'2021-07-26 23:00:00','2021-07-26 23:00:00');
INSERT INTO `__PREFIX__cities` (`country_code`, `name`, `longitude`, `latitude`, `feature_class`, `feature_code`, `subadmin1_code`, `subadmin2_code`, `population`, `time_zone`, `active`, `created_at`, `updated_at`) VALUES ('UZ','{\"en\":\"Dardoq\"}',72.83,40.82,'P','PPL','UZ.01',NULL,26055,'Asia/Tashkent',1,'2021-12-03 23:00:00','2021-12-03 23:00:00');
INSERT INTO `__PREFIX__cities` (`country_code`, `name`, `longitude`, `latitude`, `feature_class`, `feature_code`, `subadmin1_code`, `subadmin2_code`, `population`, `time_zone`, `active`, `created_at`, `updated_at`) VALUES ('UZ','{\"en\":\"Chust\"}',71.24,41.00,'P','PPLA2','UZ.06','UZ.06.1514190',64966,'Asia/Tashkent',1,'2021-01-16 23:00:00','2021-01-16 23:00:00');
INSERT INTO `__PREFIX__cities` (`country_code`, `name`, `longitude`, `latitude`, `feature_class`, `feature_code`, `subadmin1_code`, `subadmin2_code`, `population`, `time_zone`, `active`, `created_at`, `updated_at`) VALUES ('UZ','{\"en\":\"Chirchiq\"}',69.58,41.47,'P','PPL','UZ.14',NULL,170400,'Asia/Tashkent',1,'2021-11-09 23:00:00','2021-11-09 23:00:00');
INSERT INTO `__PREFIX__cities` (`country_code`, `name`, `longitude`, `latitude`, `feature_class`, `feature_code`, `subadmin1_code`, `subadmin2_code`, `population`, `time_zone`, `active`, `created_at`, `updated_at`) VALUES ('UZ','{\"en\":\"Chinoz\"}',68.76,40.94,'P','PPL','UZ.14',NULL,24553,'Asia/Tashkent',1,'2021-12-02 23:00:00','2021-12-02 23:00:00');
INSERT INTO `__PREFIX__cities` (`country_code`, `name`, `longitude`, `latitude`, `feature_class`, `feature_code`, `subadmin1_code`, `subadmin2_code`, `population`, `time_zone`, `active`, `created_at`, `updated_at`) VALUES ('UZ','{\"en\":\"Chortoq\"}',71.82,41.07,'P','PPLA2','UZ.06',NULL,49844,'Asia/Tashkent',1,'2016-04-09 23:00:00','2016-04-09 23:00:00');
INSERT INTO `__PREFIX__cities` (`country_code`, `name`, `longitude`, `latitude`, `feature_class`, `feature_code`, `subadmin1_code`, `subadmin2_code`, `population`, `time_zone`, `active`, `created_at`, `updated_at`) VALUES ('UZ','{\"en\":\"Bo‘ka\"}',69.19,40.81,'P','PPL','UZ.14',NULL,19642,'Asia/Tashkent',1,'2020-06-09 23:00:00','2020-06-09 23:00:00');
INSERT INTO `__PREFIX__cities` (`country_code`, `name`, `longitude`, `latitude`, `feature_class`, `feature_code`, `subadmin1_code`, `subadmin2_code`, `population`, `time_zone`, `active`, `created_at`, `updated_at`) VALUES ('UZ','{\"en\":\"Beshariq\"}',70.61,40.44,'P','PPLA2','UZ.03',NULL,21984,'Asia/Tashkent',1,'2015-09-05 23:00:00','2015-09-05 23:00:00');
INSERT INTO `__PREFIX__cities` (`country_code`, `name`, `longitude`, `latitude`, `feature_class`, `feature_code`, `subadmin1_code`, `subadmin2_code`, `population`, `time_zone`, `active`, `created_at`, `updated_at`) VALUES ('UZ','{\"en\":\"Beruniy\"}',60.75,41.69,'P','PPL','UZ.09',NULL,66090,'Asia/Samarkand',1,'2021-12-02 23:00:00','2021-12-02 23:00:00');
INSERT INTO `__PREFIX__cities` (`country_code`, `name`, `longitude`, `latitude`, `feature_class`, `feature_code`, `subadmin1_code`, `subadmin2_code`, `population`, `time_zone`, `active`, `created_at`, `updated_at`) VALUES ('UZ','{\"en\":\"Bektemir\"}',69.33,41.21,'P','PPL','UZ.13',NULL,26380,'Asia/Tashkent',1,'2012-01-16 23:00:00','2012-01-16 23:00:00');
INSERT INTO `__PREFIX__cities` (`country_code`, `name`, `longitude`, `latitude`, `feature_class`, `feature_code`, `subadmin1_code`, `subadmin2_code`, `population`, `time_zone`, `active`, `created_at`, `updated_at`) VALUES ('UZ','{\"en\":\"Bekobod\"}',69.27,40.22,'P','PPL','UZ.14',NULL,86259,'Asia/Tashkent',1,'2021-12-02 23:00:00','2021-12-02 23:00:00');
INSERT INTO `__PREFIX__cities` (`country_code`, `name`, `longitude`, `latitude`, `feature_class`, `feature_code`, `subadmin1_code`, `subadmin2_code`, `population`, `time_zone`, `active`, `created_at`, `updated_at`) VALUES ('UZ','{\"en\":\"Angren\"}',70.14,41.02,'P','PPL','UZ.14',NULL,126957,'Asia/Tashkent',1,'2012-01-16 23:00:00','2012-01-16 23:00:00');
INSERT INTO `__PREFIX__cities` (`country_code`, `name`, `longitude`, `latitude`, `feature_class`, `feature_code`, `subadmin1_code`, `subadmin2_code`, `population`, `time_zone`, `active`, `created_at`, `updated_at`) VALUES ('UZ','{\"en\":\"Andijon\"}',72.34,40.78,'P','PPLA','UZ.01',NULL,318419,'Asia/Tashkent',1,'2017-02-19 23:00:00','2017-02-19 23:00:00');
INSERT INTO `__PREFIX__cities` (`country_code`, `name`, `longitude`, `latitude`, `feature_class`, `feature_code`, `subadmin1_code`, `subadmin2_code`, `population`, `time_zone`, `active`, `created_at`, `updated_at`) VALUES ('UZ','{\"en\":\"Oltiariq\"}',71.47,40.39,'P','PPLA2','UZ.03',NULL,25543,'Asia/Tashkent',1,'2015-09-05 23:00:00','2015-09-05 23:00:00');
INSERT INTO `__PREFIX__cities` (`country_code`, `name`, `longitude`, `latitude`, `feature_class`, `feature_code`, `subadmin1_code`, `subadmin2_code`, `population`, `time_zone`, `active`, `created_at`, `updated_at`) VALUES ('UZ','{\"en\":\"Oyim\"}',72.74,40.82,'P','PPL','UZ.01',NULL,32750,'Asia/Tashkent',1,'2021-12-03 23:00:00','2021-12-03 23:00:00');
INSERT INTO `__PREFIX__cities` (`country_code`, `name`, `longitude`, `latitude`, `feature_class`, `feature_code`, `subadmin1_code`, `subadmin2_code`, `population`, `time_zone`, `active`, `created_at`, `updated_at`) VALUES ('UZ','{\"en\":\"Quva\"}',72.07,40.52,'P','PPLA2','UZ.03',NULL,33167,'Asia/Tashkent',1,'2015-09-05 23:00:00','2015-09-05 23:00:00');
INSERT INTO `__PREFIX__cities` (`country_code`, `name`, `longitude`, `latitude`, `feature_class`, `feature_code`, `subadmin1_code`, `subadmin2_code`, `population`, `time_zone`, `active`, `created_at`, `updated_at`) VALUES ('UZ','{\"en\":\"Sultonobod\"}',72.98,40.76,'P','PPL','UZ.01',NULL,16450,'Asia/Tashkent',1,'2021-12-03 23:00:00','2021-12-03 23:00:00');
INSERT INTO `__PREFIX__cities` (`country_code`, `name`, `longitude`, `latitude`, `feature_class`, `feature_code`, `subadmin1_code`, `subadmin2_code`, `population`, `time_zone`, `active`, `created_at`, `updated_at`) VALUES ('UZ','{\"en\":\"Eskiarab\"}',71.42,40.37,'P','PPL',NULL,NULL,8781,'Asia/Tashkent',1,'2020-06-14 23:00:00','2020-06-14 23:00:00');
INSERT INTO `__PREFIX__cities` (`country_code`, `name`, `longitude`, `latitude`, `feature_class`, `feature_code`, `subadmin1_code`, `subadmin2_code`, `population`, `time_zone`, `active`, `created_at`, `updated_at`) VALUES ('UZ','{\"en\":\"Tinchlik\"}',71.55,40.48,'P','PPL','UZ.03',NULL,13470,'Asia/Tashkent',1,'2021-12-03 23:00:00','2021-12-03 23:00:00');
/*!40000 ALTER TABLE `__PREFIX__cities` ENABLE KEYS */;
/*!40103 SET TIME_ZONE=@OLD_TIME_ZONE */;

/*!40101 SET SQL_MODE=@OLD_SQL_MODE */;
/*!40014 SET FOREIGN_KEY_CHECKS=@OLD_FOREIGN_KEY_CHECKS */;
/*!40014 SET UNIQUE_CHECKS=@OLD_UNIQUE_CHECKS */;
/*!40101 SET CHARACTER_SET_CLIENT=@OLD_CHARACTER_SET_CLIENT */;
/*!40101 SET CHARACTER_SET_RESULTS=@OLD_CHARACTER_SET_RESULTS */;
/*!40101 SET COLLATION_CONNECTION=@OLD_COLLATION_CONNECTION */;
/*!40111 SET SQL_NOTES=@OLD_SQL_NOTES */;

-- Dump completed
