-- MySQL dump 10.13  Distrib 5.7.34, for osx10.12 (x86_64)
--
-- Host: 127.0.0.1    Database: laraclassifier
-- ------------------------------------------------------
-- Server version	5.7.34

/*!40101 SET @OLD_CHARACTER_SET_CLIENT=@@CHARACTER_SET_CLIENT */;
/*!40101 SET @OLD_CHARACTER_SET_RESULTS=@@CHARACTER_SET_RESULTS */;
/*!40101 SET @OLD_COLLATION_CONNECTION=@@COLLATION_CONNECTION */;
/*!40101 SET NAMES utf8 */;
/*!40103 SET @OLD_TIME_ZONE=@@TIME_ZONE */;
/*!40103 SET TIME_ZONE='+00:00' */;
/*!40014 SET @OLD_UNIQUE_CHECKS=@@UNIQUE_CHECKS, UNIQUE_CHECKS=0 */;
/*!40014 SET @OLD_FOREIGN_KEY_CHECKS=@@FOREIGN_KEY_CHECKS, FOREIGN_KEY_CHECKS=0 */;
/*!40101 SET @OLD_SQL_MODE=@@SQL_MODE, SQL_MODE='NO_AUTO_VALUE_ON_ZERO' */;
/*!40111 SET @OLD_SQL_NOTES=@@SQL_NOTES, SQL_NOTES=0 */;

--
-- Dumping data for table `__PREFIX__subadmin1`
--

/*!40000 ALTER TABLE `__PREFIX__subadmin1` DISABLE KEYS */;
INSERT INTO `__PREFIX__subadmin1` (`code`, `country_code`, `name`, `active`) VALUES ('VN.58','VN','{\"en\":\"Nghệ An\"}',1);
INSERT INTO `__PREFIX__subadmin1` (`code`, `country_code`, `name`, `active`) VALUES ('VN.59','VN','{\"en\":\"Ninh Bình\"}',1);
INSERT INTO `__PREFIX__subadmin1` (`code`, `country_code`, `name`, `active`) VALUES ('VN.60','VN','{\"en\":\"Ninh Thuận\"}',1);
INSERT INTO `__PREFIX__subadmin1` (`code`, `country_code`, `name`, `active`) VALUES ('VN.65','VN','{\"en\":\"Sóc Trăng\"}',1);
INSERT INTO `__PREFIX__subadmin1` (`code`, `country_code`, `name`, `active`) VALUES ('VN.67','VN','{\"en\":\"Trà Vinh\"}',1);
INSERT INTO `__PREFIX__subadmin1` (`code`, `country_code`, `name`, `active`) VALUES ('VN.68','VN','{\"en\":\"Tuyên Quang\"}',1);
INSERT INTO `__PREFIX__subadmin1` (`code`, `country_code`, `name`, `active`) VALUES ('VN.69','VN','{\"en\":\"Vĩnh Long\"}',1);
INSERT INTO `__PREFIX__subadmin1` (`code`, `country_code`, `name`, `active`) VALUES ('VN.70','VN','{\"en\":\"Yên Bái\"}',1);
INSERT INTO `__PREFIX__subadmin1` (`code`, `country_code`, `name`, `active`) VALUES ('VN.90','VN','{\"en\":\"Lào Cai\"}',1);
INSERT INTO `__PREFIX__subadmin1` (`code`, `country_code`, `name`, `active`) VALUES ('VN.37','VN','{\"en\":\"Tiền Giang\"}',1);
INSERT INTO `__PREFIX__subadmin1` (`code`, `country_code`, `name`, `active`) VALUES ('VN.66','VN','{\"en\":\"Thừa Thiên-Huế\"}',1);
INSERT INTO `__PREFIX__subadmin1` (`code`, `country_code`, `name`, `active`) VALUES ('VN.55','VN','{\"en\":\"Kon Tum\"}',1);
INSERT INTO `__PREFIX__subadmin1` (`code`, `country_code`, `name`, `active`) VALUES ('VN.34','VN','{\"en\":\"Thanh Hóa\"}',1);
INSERT INTO `__PREFIX__subadmin1` (`code`, `country_code`, `name`, `active`) VALUES ('VN.35','VN','{\"en\":\"Thái Bình\"}',1);
INSERT INTO `__PREFIX__subadmin1` (`code`, `country_code`, `name`, `active`) VALUES ('VN.33','VN','{\"en\":\"Tây Ninh Province\"}',1);
INSERT INTO `__PREFIX__subadmin1` (`code`, `country_code`, `name`, `active`) VALUES ('VN.32','VN','{\"en\":\"Sơn La\"}',1);
INSERT INTO `__PREFIX__subadmin1` (`code`, `country_code`, `name`, `active`) VALUES ('VN.64','VN','{\"en\":\"Quảng Trị\"}',1);
INSERT INTO `__PREFIX__subadmin1` (`code`, `country_code`, `name`, `active`) VALUES ('VN.30','VN','{\"en\":\"Quảng Ninh\"}',1);
INSERT INTO `__PREFIX__subadmin1` (`code`, `country_code`, `name`, `active`) VALUES ('VN.63','VN','{\"en\":\"Quảng Ngãi Province\"}',1);
INSERT INTO `__PREFIX__subadmin1` (`code`, `country_code`, `name`, `active`) VALUES ('VN.62','VN','{\"en\":\"Quảng Bình\"}',1);
INSERT INTO `__PREFIX__subadmin1` (`code`, `country_code`, `name`, `active`) VALUES ('VN.61','VN','{\"en\":\"Phú Yên\"}',1);
INSERT INTO `__PREFIX__subadmin1` (`code`, `country_code`, `name`, `active`) VALUES ('VN.53','VN','{\"en\":\"Hòa Bình\"}',1);
INSERT INTO `__PREFIX__subadmin1` (`code`, `country_code`, `name`, `active`) VALUES ('VN.24','VN','{\"en\":\"Long An\"}',1);
INSERT INTO `__PREFIX__subadmin1` (`code`, `country_code`, `name`, `active`) VALUES ('VN.39','VN','{\"en\":\"Lạng Sơn\"}',1);
INSERT INTO `__PREFIX__subadmin1` (`code`, `country_code`, `name`, `active`) VALUES ('VN.23','VN','{\"en\":\"Lâm Đồng\"}',1);
INSERT INTO `__PREFIX__subadmin1` (`code`, `country_code`, `name`, `active`) VALUES ('VN.89','VN','{\"en\":\"Lai Châu\"}',1);
INSERT INTO `__PREFIX__subadmin1` (`code`, `country_code`, `name`, `active`) VALUES ('VN.21','VN','{\"en\":\"Kiến Giang\"}',1);
INSERT INTO `__PREFIX__subadmin1` (`code`, `country_code`, `name`, `active`) VALUES ('VN.54','VN','{\"en\":\"Khánh Hòa\"}',1);
INSERT INTO `__PREFIX__subadmin1` (`code`, `country_code`, `name`, `active`) VALUES ('VN.20','VN','{\"en\":\"Ho Chi Minh\"}',1);
INSERT INTO `__PREFIX__subadmin1` (`code`, `country_code`, `name`, `active`) VALUES ('VN.52','VN','{\"en\":\"Hà Tĩnh\"}',1);
INSERT INTO `__PREFIX__subadmin1` (`code`, `country_code`, `name`, `active`) VALUES ('VN.50','VN','{\"en\":\"Hà Giang\"}',1);
INSERT INTO `__PREFIX__subadmin1` (`code`, `country_code`, `name`, `active`) VALUES ('VN.49','VN','{\"en\":\"Gia Lai\"}',1);
INSERT INTO `__PREFIX__subadmin1` (`code`, `country_code`, `name`, `active`) VALUES ('VN.44','VN','{\"en\":\"Hanoi\"}',1);
INSERT INTO `__PREFIX__subadmin1` (`code`, `country_code`, `name`, `active`) VALUES ('VN.87','VN','{\"en\":\"Can Tho\"}',1);
INSERT INTO `__PREFIX__subadmin1` (`code`, `country_code`, `name`, `active`) VALUES ('VN.13','VN','{\"en\":\"Haiphong\"}',1);
INSERT INTO `__PREFIX__subadmin1` (`code`, `country_code`, `name`, `active`) VALUES ('VN.47','VN','{\"en\":\"Bình Thuận\"}',1);
INSERT INTO `__PREFIX__subadmin1` (`code`, `country_code`, `name`, `active`) VALUES ('VN.09','VN','{\"en\":\"Đồng Tháp\"}',1);
INSERT INTO `__PREFIX__subadmin1` (`code`, `country_code`, `name`, `active`) VALUES ('VN.43','VN','{\"en\":\"Đồng Nai\"}',1);
INSERT INTO `__PREFIX__subadmin1` (`code`, `country_code`, `name`, `active`) VALUES ('VN.88','VN','{\"en\":\"Đắk Lắk\"}',1);
INSERT INTO `__PREFIX__subadmin1` (`code`, `country_code`, `name`, `active`) VALUES ('VN.45','VN','{\"en\":\"Bà Rịa-Vũng Tàu\"}',1);
INSERT INTO `__PREFIX__subadmin1` (`code`, `country_code`, `name`, `active`) VALUES ('VN.05','VN','{\"en\":\"Cao Bằng\"}',1);
INSERT INTO `__PREFIX__subadmin1` (`code`, `country_code`, `name`, `active`) VALUES ('VN.46','VN','{\"en\":\"Bình Định\"}',1);
INSERT INTO `__PREFIX__subadmin1` (`code`, `country_code`, `name`, `active`) VALUES ('VN.03','VN','{\"en\":\"Bến Tre\"}',1);
INSERT INTO `__PREFIX__subadmin1` (`code`, `country_code`, `name`, `active`) VALUES ('VN.01','VN','{\"en\":\"An Giang\"}',1);
INSERT INTO `__PREFIX__subadmin1` (`code`, `country_code`, `name`, `active`) VALUES ('VN.91','VN','{\"en\":\"Ðắk Nông\"}',1);
INSERT INTO `__PREFIX__subadmin1` (`code`, `country_code`, `name`, `active`) VALUES ('VN.92','VN','{\"en\":\"Ðiện Biên\"}',1);
INSERT INTO `__PREFIX__subadmin1` (`code`, `country_code`, `name`, `active`) VALUES ('VN.74','VN','{\"en\":\"Bắc Ninh\"}',1);
INSERT INTO `__PREFIX__subadmin1` (`code`, `country_code`, `name`, `active`) VALUES ('VN.71','VN','{\"en\":\"Bắc Giang\"}',1);
INSERT INTO `__PREFIX__subadmin1` (`code`, `country_code`, `name`, `active`) VALUES ('VN.78','VN','{\"en\":\"Da Nang\"}',1);
INSERT INTO `__PREFIX__subadmin1` (`code`, `country_code`, `name`, `active`) VALUES ('VN.75','VN','{\"en\":\"Bình Dương\"}',1);
INSERT INTO `__PREFIX__subadmin1` (`code`, `country_code`, `name`, `active`) VALUES ('VN.76','VN','{\"en\":\"Bình Phước\"}',1);
INSERT INTO `__PREFIX__subadmin1` (`code`, `country_code`, `name`, `active`) VALUES ('VN.85','VN','{\"en\":\"Thái Nguyên\"}',1);
INSERT INTO `__PREFIX__subadmin1` (`code`, `country_code`, `name`, `active`) VALUES ('VN.84','VN','{\"en\":\"Quảng Nam\"}',1);
INSERT INTO `__PREFIX__subadmin1` (`code`, `country_code`, `name`, `active`) VALUES ('VN.83','VN','{\"en\":\"Phú Thọ\"}',1);
INSERT INTO `__PREFIX__subadmin1` (`code`, `country_code`, `name`, `active`) VALUES ('VN.82','VN','{\"en\":\"Nam Định\"}',1);
INSERT INTO `__PREFIX__subadmin1` (`code`, `country_code`, `name`, `active`) VALUES ('VN.80','VN','{\"en\":\"Hà Nam\"}',1);
INSERT INTO `__PREFIX__subadmin1` (`code`, `country_code`, `name`, `active`) VALUES ('VN.72','VN','{\"en\":\"Bắc Kạn\"}',1);
INSERT INTO `__PREFIX__subadmin1` (`code`, `country_code`, `name`, `active`) VALUES ('VN.73','VN','{\"en\":\"Bạc Liêu\"}',1);
INSERT INTO `__PREFIX__subadmin1` (`code`, `country_code`, `name`, `active`) VALUES ('VN.77','VN','{\"en\":\"Cà Mau\"}',1);
INSERT INTO `__PREFIX__subadmin1` (`code`, `country_code`, `name`, `active`) VALUES ('VN.79','VN','{\"en\":\"Hải Dương\"}',1);
INSERT INTO `__PREFIX__subadmin1` (`code`, `country_code`, `name`, `active`) VALUES ('VN.81','VN','{\"en\":\"Hưng Yên\"}',1);
INSERT INTO `__PREFIX__subadmin1` (`code`, `country_code`, `name`, `active`) VALUES ('VN.86','VN','{\"en\":\"Vĩnh Phúc\"}',1);
INSERT INTO `__PREFIX__subadmin1` (`code`, `country_code`, `name`, `active`) VALUES ('VN.93','VN','{\"en\":\"Hậu Giang\"}',1);
/*!40000 ALTER TABLE `__PREFIX__subadmin1` ENABLE KEYS */;

--
-- Dumping data for table `__PREFIX__subadmin2`
--

/*!40000 ALTER TABLE `__PREFIX__subadmin2` DISABLE KEYS */;
INSERT INTO `__PREFIX__subadmin2` (`code`, `country_code`, `subadmin1_code`, `name`, `active`) VALUES ('VN.75.726','VN','VN.75','{\"en\":\"Tân Uyên\"}',1);
INSERT INTO `__PREFIX__subadmin2` (`code`, `country_code`, `subadmin1_code`, `name`, `active`) VALUES ('VN.23.674','VN','VN.23','{\"en\":\"Đam Rong\"}',1);
INSERT INTO `__PREFIX__subadmin2` (`code`, `country_code`, `subadmin1_code`, `name`, `active`) VALUES ('VN.03.837','VN','VN.03','{\"en\":\"Huyện Thạnh Phú\"}',1);
INSERT INTO `__PREFIX__subadmin2` (`code`, `country_code`, `subadmin1_code`, `name`, `active`) VALUES ('VN.03.833','VN','VN.03','{\"en\":\"Huyện Mỏ Cày Nam\"}',1);
INSERT INTO `__PREFIX__subadmin2` (`code`, `country_code`, `subadmin1_code`, `name`, `active`) VALUES ('VN.03.832','VN','VN.03','{\"en\":\"Huyện Chợ Lách\"}',1);
INSERT INTO `__PREFIX__subadmin2` (`code`, `country_code`, `subadmin1_code`, `name`, `active`) VALUES ('VN.03.831','VN','VN.03','{\"en\":\"Huyện Châu Thành\"}',1);
INSERT INTO `__PREFIX__subadmin2` (`code`, `country_code`, `subadmin1_code`, `name`, `active`) VALUES ('VN.03.834','VN','VN.03','{\"en\":\"Huyện Giồng Trôm\"}',1);
INSERT INTO `__PREFIX__subadmin2` (`code`, `country_code`, `subadmin1_code`, `name`, `active`) VALUES ('VN.03.835','VN','VN.03','{\"en\":\"Huyện Bình Đại\"}',1);
INSERT INTO `__PREFIX__subadmin2` (`code`, `country_code`, `subadmin1_code`, `name`, `active`) VALUES ('VN.03.836','VN','VN.03','{\"en\":\"Huyện Ba Tri\"}',1);
INSERT INTO `__PREFIX__subadmin2` (`code`, `country_code`, `subadmin1_code`, `name`, `active`) VALUES ('VN.03.829','VN','VN.03','{\"en\":\"Thành Phố Bến Tre\"}',1);
INSERT INTO `__PREFIX__subadmin2` (`code`, `country_code`, `subadmin1_code`, `name`, `active`) VALUES ('VN.37.815','VN','VN.37','{\"en\":\"Thành Phố Mỹ Tho\"}',1);
INSERT INTO `__PREFIX__subadmin2` (`code`, `country_code`, `subadmin1_code`, `name`, `active`) VALUES ('VN.37.816','VN','VN.37','{\"en\":\"Thị Xã Gò Công\"}',1);
INSERT INTO `__PREFIX__subadmin2` (`code`, `country_code`, `subadmin1_code`, `name`, `active`) VALUES ('VN.37.824','VN','VN.37','{\"en\":\"Huyện Gò Công Đông\"}',1);
INSERT INTO `__PREFIX__subadmin2` (`code`, `country_code`, `subadmin1_code`, `name`, `active`) VALUES ('VN.37.823','VN','VN.37','{\"en\":\"Huyện Gò Công Tây\"}',1);
INSERT INTO `__PREFIX__subadmin2` (`code`, `country_code`, `subadmin1_code`, `name`, `active`) VALUES ('VN.37.822','VN','VN.37','{\"en\":\"Huyện Chợ Gạo\"}',1);
INSERT INTO `__PREFIX__subadmin2` (`code`, `country_code`, `subadmin1_code`, `name`, `active`) VALUES ('VN.37.821','VN','VN.37','{\"en\":\"Huyện Châu Thành\"}',1);
INSERT INTO `__PREFIX__subadmin2` (`code`, `country_code`, `subadmin1_code`, `name`, `active`) VALUES ('VN.37.818','VN','VN.37','{\"en\":\"Huyện Tân Phước\"}',1);
INSERT INTO `__PREFIX__subadmin2` (`code`, `country_code`, `subadmin1_code`, `name`, `active`) VALUES ('VN.37.820','VN','VN.37','{\"en\":\"Huyện Cai Lậy\"}',1);
INSERT INTO `__PREFIX__subadmin2` (`code`, `country_code`, `subadmin1_code`, `name`, `active`) VALUES ('VN.37.819','VN','VN.37','{\"en\":\"Huyện Cái Bè\"}',1);
INSERT INTO `__PREFIX__subadmin2` (`code`, `country_code`, `subadmin1_code`, `name`, `active`) VALUES ('VN.33.703','VN','VN.33','{\"en\":\"Thành Phố Tây Ninh\"}',1);
INSERT INTO `__PREFIX__subadmin2` (`code`, `country_code`, `subadmin1_code`, `name`, `active`) VALUES ('VN.33.709','VN','VN.33','{\"en\":\"Huyện Hòa Thành\"}',1);
INSERT INTO `__PREFIX__subadmin2` (`code`, `country_code`, `subadmin1_code`, `name`, `active`) VALUES ('VN.33.708','VN','VN.33','{\"en\":\"Huyện Châu Thành\"}',1);
INSERT INTO `__PREFIX__subadmin2` (`code`, `country_code`, `subadmin1_code`, `name`, `active`) VALUES ('VN.33.711','VN','VN.33','{\"en\":\"Huyện Bến Cầu\"}',1);
INSERT INTO `__PREFIX__subadmin2` (`code`, `country_code`, `subadmin1_code`, `name`, `active`) VALUES ('VN.33.710','VN','VN.33','{\"en\":\"Huyện Gò Dầu\"}',1);
INSERT INTO `__PREFIX__subadmin2` (`code`, `country_code`, `subadmin1_code`, `name`, `active`) VALUES ('VN.33.712','VN','VN.33','{\"en\":\"Huyện Trảng Bàng\"}',1);
INSERT INTO `__PREFIX__subadmin2` (`code`, `country_code`, `subadmin1_code`, `name`, `active`) VALUES ('VN.33.707','VN','VN.33','{\"en\":\"Huyện Dương Minh Châu\"}',1);
INSERT INTO `__PREFIX__subadmin2` (`code`, `country_code`, `subadmin1_code`, `name`, `active`) VALUES ('VN.33.706','VN','VN.33','{\"en\":\"Huyện Tân Châu\"}',1);
INSERT INTO `__PREFIX__subadmin2` (`code`, `country_code`, `subadmin1_code`, `name`, `active`) VALUES ('VN.33.705','VN','VN.33','{\"en\":\"Huyện Tân Biên\"}',1);
INSERT INTO `__PREFIX__subadmin2` (`code`, `country_code`, `subadmin1_code`, `name`, `active`) VALUES ('VN.20.760','VN','VN.20','{\"en\":\"Quận Một\"}',1);
INSERT INTO `__PREFIX__subadmin2` (`code`, `country_code`, `subadmin1_code`, `name`, `active`) VALUES ('VN.20.769','VN','VN.20','{\"en\":\"Quận Hai\"}',1);
INSERT INTO `__PREFIX__subadmin2` (`code`, `country_code`, `subadmin1_code`, `name`, `active`) VALUES ('VN.20.770','VN','VN.20','{\"en\":\"Quận Ba\"}',1);
INSERT INTO `__PREFIX__subadmin2` (`code`, `country_code`, `subadmin1_code`, `name`, `active`) VALUES ('VN.20.773','VN','VN.20','{\"en\":\"Quận Bốn\"}',1);
INSERT INTO `__PREFIX__subadmin2` (`code`, `country_code`, `subadmin1_code`, `name`, `active`) VALUES ('VN.20.774','VN','VN.20','{\"en\":\"Quận Năm\"}',1);
INSERT INTO `__PREFIX__subadmin2` (`code`, `country_code`, `subadmin1_code`, `name`, `active`) VALUES ('VN.20.775','VN','VN.20','{\"en\":\"Quận Sáu\"}',1);
INSERT INTO `__PREFIX__subadmin2` (`code`, `country_code`, `subadmin1_code`, `name`, `active`) VALUES ('VN.20.778','VN','VN.20','{\"en\":\"Quận Bảy\"}',1);
INSERT INTO `__PREFIX__subadmin2` (`code`, `country_code`, `subadmin1_code`, `name`, `active`) VALUES ('VN.20.776','VN','VN.20','{\"en\":\"Quận Tám\"}',1);
INSERT INTO `__PREFIX__subadmin2` (`code`, `country_code`, `subadmin1_code`, `name`, `active`) VALUES ('VN.20.763','VN','VN.20','{\"en\":\"Quận Chín\"}',1);
INSERT INTO `__PREFIX__subadmin2` (`code`, `country_code`, `subadmin1_code`, `name`, `active`) VALUES ('VN.20.771','VN','VN.20','{\"en\":\"Quận Mười\"}',1);
INSERT INTO `__PREFIX__subadmin2` (`code`, `country_code`, `subadmin1_code`, `name`, `active`) VALUES ('VN.20.772','VN','VN.20','{\"en\":\"Quận Mười Một\"}',1);
INSERT INTO `__PREFIX__subadmin2` (`code`, `country_code`, `subadmin1_code`, `name`, `active`) VALUES ('VN.20.761','VN','VN.20','{\"en\":\"Quận 12\"}',1);
INSERT INTO `__PREFIX__subadmin2` (`code`, `country_code`, `subadmin1_code`, `name`, `active`) VALUES ('VN.20.768','VN','VN.20','{\"en\":\"Phu Nhuan\"}',1);
INSERT INTO `__PREFIX__subadmin2` (`code`, `country_code`, `subadmin1_code`, `name`, `active`) VALUES ('VN.20.766','VN','VN.20','{\"en\":\"Quận Tân Bình\"}',1);
INSERT INTO `__PREFIX__subadmin2` (`code`, `country_code`, `subadmin1_code`, `name`, `active`) VALUES ('VN.20.765','VN','VN.20','{\"en\":\"Quận Bình Thạnh\"}',1);
INSERT INTO `__PREFIX__subadmin2` (`code`, `country_code`, `subadmin1_code`, `name`, `active`) VALUES ('VN.20.764','VN','VN.20','{\"en\":\"Quận Gò Vấp\"}',1);
INSERT INTO `__PREFIX__subadmin2` (`code`, `country_code`, `subadmin1_code`, `name`, `active`) VALUES ('VN.20.762','VN','VN.20','{\"en\":\"Quận Thủ Đức\"}',1);
INSERT INTO `__PREFIX__subadmin2` (`code`, `country_code`, `subadmin1_code`, `name`, `active`) VALUES ('VN.20.784','VN','VN.20','{\"en\":\"Huyện Hóc Môn\"}',1);
INSERT INTO `__PREFIX__subadmin2` (`code`, `country_code`, `subadmin1_code`, `name`, `active`) VALUES ('VN.20.783','VN','VN.20','{\"en\":\"Huyện Củ Chi\"}',1);
INSERT INTO `__PREFIX__subadmin2` (`code`, `country_code`, `subadmin1_code`, `name`, `active`) VALUES ('VN.20.785','VN','VN.20','{\"en\":\"Huyện Bình Chánh\"}',1);
INSERT INTO `__PREFIX__subadmin2` (`code`, `country_code`, `subadmin1_code`, `name`, `active`) VALUES ('VN.20.786','VN','VN.20','{\"en\":\"Huyện Nhà Bè\"}',1);
INSERT INTO `__PREFIX__subadmin2` (`code`, `country_code`, `subadmin1_code`, `name`, `active`) VALUES ('VN.20.787','VN','VN.20','{\"en\":\"Huyện Cần Giờ\"}',1);
INSERT INTO `__PREFIX__subadmin2` (`code`, `country_code`, `subadmin1_code`, `name`, `active`) VALUES ('VN.45.747','VN','VN.45','{\"en\":\"Thành Phố Vũng Tàu\"}',1);
INSERT INTO `__PREFIX__subadmin2` (`code`, `country_code`, `subadmin1_code`, `name`, `active`) VALUES ('VN.45.748','VN','VN.45','{\"en\":\"Thành Phố Bà Rịa\"}',1);
INSERT INTO `__PREFIX__subadmin2` (`code`, `country_code`, `subadmin1_code`, `name`, `active`) VALUES ('VN.45.754','VN','VN.45','{\"en\":\"Huyện Tân Thành\"}',1);
INSERT INTO `__PREFIX__subadmin2` (`code`, `country_code`, `subadmin1_code`, `name`, `active`) VALUES ('VN.45.750','VN','VN.45','{\"en\":\"Huyện Châu Đức\"}',1);
INSERT INTO `__PREFIX__subadmin2` (`code`, `country_code`, `subadmin1_code`, `name`, `active`) VALUES ('VN.45.753','VN','VN.45','{\"en\":\"Huyện Đất Đỏ\"}',1);
INSERT INTO `__PREFIX__subadmin2` (`code`, `country_code`, `subadmin1_code`, `name`, `active`) VALUES ('VN.45.751','VN','VN.45','{\"en\":\"Huyện Xuyên Mộc\"}',1);
INSERT INTO `__PREFIX__subadmin2` (`code`, `country_code`, `subadmin1_code`, `name`, `active`) VALUES ('VN.45.755','VN','VN.45','{\"en\":\"Huyện Côn Đảo\"}',1);
INSERT INTO `__PREFIX__subadmin2` (`code`, `country_code`, `subadmin1_code`, `name`, `active`) VALUES ('VN.69.855','VN','VN.69','{\"en\":\"Thành Phố Vĩnh Long\"}',1);
INSERT INTO `__PREFIX__subadmin2` (`code`, `country_code`, `subadmin1_code`, `name`, `active`) VALUES ('VN.69.857','VN','VN.69','{\"en\":\"Huyện Long Hồ\"}',1);
INSERT INTO `__PREFIX__subadmin2` (`code`, `country_code`, `subadmin1_code`, `name`, `active`) VALUES ('VN.69.858','VN','VN.69','{\"en\":\"Huyện Mang Thít\"}',1);
INSERT INTO `__PREFIX__subadmin2` (`code`, `country_code`, `subadmin1_code`, `name`, `active`) VALUES ('VN.69.860','VN','VN.69','{\"en\":\"Huyện Tam Bình\"}',1);
INSERT INTO `__PREFIX__subadmin2` (`code`, `country_code`, `subadmin1_code`, `name`, `active`) VALUES ('VN.69.861','VN','VN.69','{\"en\":\"Thị Xã Bình Minh\"}',1);
INSERT INTO `__PREFIX__subadmin2` (`code`, `country_code`, `subadmin1_code`, `name`, `active`) VALUES ('VN.69.859','VN','VN.69','{\"en\":\"Huyện Vũng Liêm\"}',1);
INSERT INTO `__PREFIX__subadmin2` (`code`, `country_code`, `subadmin1_code`, `name`, `active`) VALUES ('VN.69.862','VN','VN.69','{\"en\":\"Huyện Trà Ôn\"}',1);
INSERT INTO `__PREFIX__subadmin2` (`code`, `country_code`, `subadmin1_code`, `name`, `active`) VALUES ('VN.67.842','VN','VN.67','{\"en\":\"Thành Phố Trà Vinh\"}',1);
INSERT INTO `__PREFIX__subadmin2` (`code`, `country_code`, `subadmin1_code`, `name`, `active`) VALUES ('VN.67.847','VN','VN.67','{\"en\":\"Huyện Châu Thành\"}',1);
INSERT INTO `__PREFIX__subadmin2` (`code`, `country_code`, `subadmin1_code`, `name`, `active`) VALUES ('VN.67.844','VN','VN.67','{\"en\":\"Huyện Càng Long\"}',1);
INSERT INTO `__PREFIX__subadmin2` (`code`, `country_code`, `subadmin1_code`, `name`, `active`) VALUES ('VN.67.848','VN','VN.67','{\"en\":\"Huyện Cầu Ngang\"}',1);
INSERT INTO `__PREFIX__subadmin2` (`code`, `country_code`, `subadmin1_code`, `name`, `active`) VALUES ('VN.67.845','VN','VN.67','{\"en\":\"Huyện Cầu Kè\"}',1);
INSERT INTO `__PREFIX__subadmin2` (`code`, `country_code`, `subadmin1_code`, `name`, `active`) VALUES ('VN.67.846','VN','VN.67','{\"en\":\"Huyện Tiểu Cần\"}',1);
INSERT INTO `__PREFIX__subadmin2` (`code`, `country_code`, `subadmin1_code`, `name`, `active`) VALUES ('VN.67.849','VN','VN.67','{\"en\":\"Huyện Trà Cú\"}',1);
INSERT INTO `__PREFIX__subadmin2` (`code`, `country_code`, `subadmin1_code`, `name`, `active`) VALUES ('VN.67.850','VN','VN.67','{\"en\":\"Huyện Duyên Hải\"}',1);
INSERT INTO `__PREFIX__subadmin2` (`code`, `country_code`, `subadmin1_code`, `name`, `active`) VALUES ('VN.65.941','VN','VN.65','{\"en\":\"Thành Phố Sóc Trăng\"}',1);
INSERT INTO `__PREFIX__subadmin2` (`code`, `country_code`, `subadmin1_code`, `name`, `active`) VALUES ('VN.65.946','VN','VN.65','{\"en\":\"Huyện Long Phú\"}',1);
INSERT INTO `__PREFIX__subadmin2` (`code`, `country_code`, `subadmin1_code`, `name`, `active`) VALUES ('VN.65.943','VN','VN.65','{\"en\":\"Huyện Kế Sách\"}',1);
INSERT INTO `__PREFIX__subadmin2` (`code`, `country_code`, `subadmin1_code`, `name`, `active`) VALUES ('VN.65.944','VN','VN.65','{\"en\":\"Huyện Mỹ Tú\"}',1);
INSERT INTO `__PREFIX__subadmin2` (`code`, `country_code`, `subadmin1_code`, `name`, `active`) VALUES ('VN.65.947','VN','VN.65','{\"en\":\"Huyện Mỹ Xuyên\"}',1);
INSERT INTO `__PREFIX__subadmin2` (`code`, `country_code`, `subadmin1_code`, `name`, `active`) VALUES ('VN.65.949','VN','VN.65','{\"en\":\"Huyện Thạnh Trị\"}',1);
INSERT INTO `__PREFIX__subadmin2` (`code`, `country_code`, `subadmin1_code`, `name`, `active`) VALUES ('VN.65.950','VN','VN.65','{\"en\":\"Thị Xã Vĩnh Châu\"}',1);
INSERT INTO `__PREFIX__subadmin2` (`code`, `country_code`, `subadmin1_code`, `name`, `active`) VALUES ('VN.87.916','VN','VN.87','{\"en\":\"Quận Ninh Kiều\"}',1);
INSERT INTO `__PREFIX__subadmin2` (`code`, `country_code`, `subadmin1_code`, `name`, `active`) VALUES ('VN.93.933','VN','VN.93','{\"en\":\"Huyện Châu Thành\"}',1);
INSERT INTO `__PREFIX__subadmin2` (`code`, `country_code`, `subadmin1_code`, `name`, `active`) VALUES ('VN.87.917','VN','VN.87','{\"en\":\"Quận Ô Môn\"}',1);
INSERT INTO `__PREFIX__subadmin2` (`code`, `country_code`, `subadmin1_code`, `name`, `active`) VALUES ('VN.87.923','VN','VN.87','{\"en\":\"Quận Thốt Nốt\"}',1);
INSERT INTO `__PREFIX__subadmin2` (`code`, `country_code`, `subadmin1_code`, `name`, `active`) VALUES ('VN.93.934','VN','VN.93','{\"en\":\"Huyện Phụng Hiệp\"}',1);
INSERT INTO `__PREFIX__subadmin2` (`code`, `country_code`, `subadmin1_code`, `name`, `active`) VALUES ('VN.93.935','VN','VN.93','{\"en\":\"Vị Thủy District\"}',1);
INSERT INTO `__PREFIX__subadmin2` (`code`, `country_code`, `subadmin1_code`, `name`, `active`) VALUES ('VN.93.936','VN','VN.93','{\"en\":\"Huyện Long Mỹ\"}',1);
INSERT INTO `__PREFIX__subadmin2` (`code`, `country_code`, `subadmin1_code`, `name`, `active`) VALUES ('VN.09.866','VN','VN.09','{\"en\":\"Thành Phố Cao Lãnh\"}',1);
INSERT INTO `__PREFIX__subadmin2` (`code`, `country_code`, `subadmin1_code`, `name`, `active`) VALUES ('VN.09.867','VN','VN.09','{\"en\":\"Sa Dec city\"}',1);
INSERT INTO `__PREFIX__subadmin2` (`code`, `country_code`, `subadmin1_code`, `name`, `active`) VALUES ('VN.09.877','VN','VN.09','{\"en\":\"Huyện Châu Thành\"}',1);
INSERT INTO `__PREFIX__subadmin2` (`code`, `country_code`, `subadmin1_code`, `name`, `active`) VALUES ('VN.09.876','VN','VN.09','{\"en\":\"Huyện Lai Vung\"}',1);
INSERT INTO `__PREFIX__subadmin2` (`code`, `country_code`, `subadmin1_code`, `name`, `active`) VALUES ('VN.09.875','VN','VN.09','{\"en\":\"Huyện Lấp Vò\"}',1);
INSERT INTO `__PREFIX__subadmin2` (`code`, `country_code`, `subadmin1_code`, `name`, `active`) VALUES ('VN.09.873','VN','VN.09','{\"en\":\"Huyện Cao Lãnh\"}',1);
INSERT INTO `__PREFIX__subadmin2` (`code`, `country_code`, `subadmin1_code`, `name`, `active`) VALUES ('VN.09.872','VN','VN.09','{\"en\":\"Huyện Tháp Mười\"}',1);
INSERT INTO `__PREFIX__subadmin2` (`code`, `country_code`, `subadmin1_code`, `name`, `active`) VALUES ('VN.09.874','VN','VN.09','{\"en\":\"Huyện Thanh Bình\"}',1);
INSERT INTO `__PREFIX__subadmin2` (`code`, `country_code`, `subadmin1_code`, `name`, `active`) VALUES ('VN.09.871','VN','VN.09','{\"en\":\"Huyện Tam Nông\"}',1);
INSERT INTO `__PREFIX__subadmin2` (`code`, `country_code`, `subadmin1_code`, `name`, `active`) VALUES ('VN.09.870','VN','VN.09','{\"en\":\"Huyện Hồng Ngự\"}',1);
INSERT INTO `__PREFIX__subadmin2` (`code`, `country_code`, `subadmin1_code`, `name`, `active`) VALUES ('VN.09.869','VN','VN.09','{\"en\":\"Huyện Tân Hồng\"}',1);
INSERT INTO `__PREFIX__subadmin2` (`code`, `country_code`, `subadmin1_code`, `name`, `active`) VALUES ('VN.21.899','VN','VN.21','{\"en\":\"Thành Phố Rạch Giá\"}',1);
INSERT INTO `__PREFIX__subadmin2` (`code`, `country_code`, `subadmin1_code`, `name`, `active`) VALUES ('VN.21.905','VN','VN.21','{\"en\":\"Huyện Châu Thành\"}',1);
INSERT INTO `__PREFIX__subadmin2` (`code`, `country_code`, `subadmin1_code`, `name`, `active`) VALUES ('VN.21.906','VN','VN.21','{\"en\":\"Huyện Giồng Riềng\"}',1);
INSERT INTO `__PREFIX__subadmin2` (`code`, `country_code`, `subadmin1_code`, `name`, `active`) VALUES ('VN.21.904','VN','VN.21','{\"en\":\"Huyện Tân Hiệp\"}',1);
INSERT INTO `__PREFIX__subadmin2` (`code`, `country_code`, `subadmin1_code`, `name`, `active`) VALUES ('VN.21.907','VN','VN.21','{\"en\":\"Huyện Gò Quao\"}',1);
INSERT INTO `__PREFIX__subadmin2` (`code`, `country_code`, `subadmin1_code`, `name`, `active`) VALUES ('VN.21.908','VN','VN.21','{\"en\":\"Huyện An Biên\"}',1);
INSERT INTO `__PREFIX__subadmin2` (`code`, `country_code`, `subadmin1_code`, `name`, `active`) VALUES ('VN.21.909','VN','VN.21','{\"en\":\"Huyện An Minh\"}',1);
INSERT INTO `__PREFIX__subadmin2` (`code`, `country_code`, `subadmin1_code`, `name`, `active`) VALUES ('VN.21.910','VN','VN.21','{\"en\":\"Huyện Vĩnh Thuận\"}',1);
INSERT INTO `__PREFIX__subadmin2` (`code`, `country_code`, `subadmin1_code`, `name`, `active`) VALUES ('VN.21.903','VN','VN.21','{\"en\":\"Huyện Hòn Đất\"}',1);
INSERT INTO `__PREFIX__subadmin2` (`code`, `country_code`, `subadmin1_code`, `name`, `active`) VALUES ('VN.21.900','VN','VN.21','{\"en\":\"Thị Xã Hà Tiên\"}',1);
INSERT INTO `__PREFIX__subadmin2` (`code`, `country_code`, `subadmin1_code`, `name`, `active`) VALUES ('VN.21.912','VN','VN.21','{\"en\":\"Huyện Kiên Hải\"}',1);
INSERT INTO `__PREFIX__subadmin2` (`code`, `country_code`, `subadmin1_code`, `name`, `active`) VALUES ('VN.21.911','VN','VN.21','{\"en\":\"Huyện Phú Quốc\"}',1);
INSERT INTO `__PREFIX__subadmin2` (`code`, `country_code`, `subadmin1_code`, `name`, `active`) VALUES ('VN.60.582','VN','VN.60','{\"en\":\"Thành Phố Phan Rang-Tháp Chàm\"}',1);
INSERT INTO `__PREFIX__subadmin2` (`code`, `country_code`, `subadmin1_code`, `name`, `active`) VALUES ('VN.60.586','VN','VN.60','{\"en\":\"Huyện Ninh Hải\"}',1);
INSERT INTO `__PREFIX__subadmin2` (`code`, `country_code`, `subadmin1_code`, `name`, `active`) VALUES ('VN.60.587','VN','VN.60','{\"en\":\"Huyện Ninh Phước\"}',1);
INSERT INTO `__PREFIX__subadmin2` (`code`, `country_code`, `subadmin1_code`, `name`, `active`) VALUES ('VN.60.585','VN','VN.60','{\"en\":\"Huyện Ninh Sơn\"}',1);
INSERT INTO `__PREFIX__subadmin2` (`code`, `country_code`, `subadmin1_code`, `name`, `active`) VALUES ('VN.49.622','VN','VN.49','{\"en\":\"Thành Phố Pleiku\"}',1);
INSERT INTO `__PREFIX__subadmin2` (`code`, `country_code`, `subadmin1_code`, `name`, `active`) VALUES ('VN.49.627','VN','VN.49','{\"en\":\"Huyện Chư Păh\"}',1);
INSERT INTO `__PREFIX__subadmin2` (`code`, `country_code`, `subadmin1_code`, `name`, `active`) VALUES ('VN.49.628','VN','VN.49','{\"en\":\"Huyện Ia Grai\"}',1);
INSERT INTO `__PREFIX__subadmin2` (`code`, `country_code`, `subadmin1_code`, `name`, `active`) VALUES ('VN.49.631','VN','VN.49','{\"en\":\"Huyện Đức Cơ\"}',1);
INSERT INTO `__PREFIX__subadmin2` (`code`, `country_code`, `subadmin1_code`, `name`, `active`) VALUES ('VN.49.632','VN','VN.49','{\"en\":\"Huyện Chư Prông\"}',1);
INSERT INTO `__PREFIX__subadmin2` (`code`, `country_code`, `subadmin1_code`, `name`, `active`) VALUES ('VN.49.633','VN','VN.49','{\"en\":\"Huyện Chư Sê\"}',1);
INSERT INTO `__PREFIX__subadmin2` (`code`, `country_code`, `subadmin1_code`, `name`, `active`) VALUES ('VN.49.637','VN','VN.49','{\"en\":\"Huyện Krông Pa\"}',1);
INSERT INTO `__PREFIX__subadmin2` (`code`, `country_code`, `subadmin1_code`, `name`, `active`) VALUES ('VN.49.624','VN','VN.49','{\"en\":\"Thị Xã A Yun Pa\"}',1);
INSERT INTO `__PREFIX__subadmin2` (`code`, `country_code`, `subadmin1_code`, `name`, `active`) VALUES ('VN.49.630','VN','VN.49','{\"en\":\"Huyện Kông Chro\"}',1);
INSERT INTO `__PREFIX__subadmin2` (`code`, `country_code`, `subadmin1_code`, `name`, `active`) VALUES ('VN.49.623','VN','VN.49','{\"en\":\"Thị Xã An Khê\"}',1);
INSERT INTO `__PREFIX__subadmin2` (`code`, `country_code`, `subadmin1_code`, `name`, `active`) VALUES ('VN.49.629','VN','VN.49','{\"en\":\"Huyện Mang Yang\"}',1);
INSERT INTO `__PREFIX__subadmin2` (`code`, `country_code`, `subadmin1_code`, `name`, `active`) VALUES ('VN.49.625','VN','VN.49','{\"en\":\"Huyện KBang\"}',1);
INSERT INTO `__PREFIX__subadmin2` (`code`, `country_code`, `subadmin1_code`, `name`, `active`) VALUES ('VN.88.643','VN','VN.88','{\"en\":\"Thành Phố Buôn Ma Thuột\"}',1);
INSERT INTO `__PREFIX__subadmin2` (`code`, `country_code`, `subadmin1_code`, `name`, `active`) VALUES ('VN.91.666','VN','VN.91','{\"en\":\"Huyện Đắk R’Lấp\"}',1);
INSERT INTO `__PREFIX__subadmin2` (`code`, `country_code`, `subadmin1_code`, `name`, `active`) VALUES ('VN.91.664','VN','VN.91','{\"en\":\"Huyện Krông Nô\"}',1);
INSERT INTO `__PREFIX__subadmin2` (`code`, `country_code`, `subadmin1_code`, `name`, `active`) VALUES ('VN.88.647','VN','VN.88','{\"en\":\"Huyện Buôn Đôn\"}',1);
INSERT INTO `__PREFIX__subadmin2` (`code`, `country_code`, `subadmin1_code`, `name`, `active`) VALUES ('VN.88.646','VN','VN.88','{\"en\":\"Huyện Ea Súp\"}',1);
INSERT INTO `__PREFIX__subadmin2` (`code`, `country_code`, `subadmin1_code`, `name`, `active`) VALUES ('VN.24.794','VN','VN.24','{\"en\":\"Thành Phố Tân An\"}',1);
INSERT INTO `__PREFIX__subadmin2` (`code`, `country_code`, `subadmin1_code`, `name`, `active`) VALUES ('VN.24.808','VN','VN.24','{\"en\":\"Huyện Châu Thành\"}',1);
INSERT INTO `__PREFIX__subadmin2` (`code`, `country_code`, `subadmin1_code`, `name`, `active`) VALUES ('VN.24.805','VN','VN.24','{\"en\":\"Huyện Tân Trụ\"}',1);
INSERT INTO `__PREFIX__subadmin2` (`code`, `country_code`, `subadmin1_code`, `name`, `active`) VALUES ('VN.24.806','VN','VN.24','{\"en\":\"Huyện Cần Đước\"}',1);
INSERT INTO `__PREFIX__subadmin2` (`code`, `country_code`, `subadmin1_code`, `name`, `active`) VALUES ('VN.24.807','VN','VN.24','{\"en\":\"Huyện Cần Giuộc\"}',1);
INSERT INTO `__PREFIX__subadmin2` (`code`, `country_code`, `subadmin1_code`, `name`, `active`) VALUES ('VN.24.803','VN','VN.24','{\"en\":\"Huyện Bến Lức\"}',1);
INSERT INTO `__PREFIX__subadmin2` (`code`, `country_code`, `subadmin1_code`, `name`, `active`) VALUES ('VN.24.804','VN','VN.24','{\"en\":\"Huyện Thủ Thừa\"}',1);
INSERT INTO `__PREFIX__subadmin2` (`code`, `country_code`, `subadmin1_code`, `name`, `active`) VALUES ('VN.24.800','VN','VN.24','{\"en\":\"Huyện Thạnh Hóa\"}',1);
INSERT INTO `__PREFIX__subadmin2` (`code`, `country_code`, `subadmin1_code`, `name`, `active`) VALUES ('VN.24.801','VN','VN.24','{\"en\":\"Huyện Đức Huệ\"}',1);
INSERT INTO `__PREFIX__subadmin2` (`code`, `country_code`, `subadmin1_code`, `name`, `active`) VALUES ('VN.24.802','VN','VN.24','{\"en\":\"Huyện Đức Hòa\"}',1);
INSERT INTO `__PREFIX__subadmin2` (`code`, `country_code`, `subadmin1_code`, `name`, `active`) VALUES ('VN.24.799','VN','VN.24','{\"en\":\"Huyện Tân Thạnh\"}',1);
INSERT INTO `__PREFIX__subadmin2` (`code`, `country_code`, `subadmin1_code`, `name`, `active`) VALUES ('VN.24.798','VN','VN.24','{\"en\":\"Huyện Mộc Hóa\"}',1);
INSERT INTO `__PREFIX__subadmin2` (`code`, `country_code`, `subadmin1_code`, `name`, `active`) VALUES ('VN.24.796','VN','VN.24','{\"en\":\"Huyện Tân Hưng\"}',1);
INSERT INTO `__PREFIX__subadmin2` (`code`, `country_code`, `subadmin1_code`, `name`, `active`) VALUES ('VN.24.797','VN','VN.24','{\"en\":\"Huyện Vĩnh Hưng\"}',1);
INSERT INTO `__PREFIX__subadmin2` (`code`, `country_code`, `subadmin1_code`, `name`, `active`) VALUES ('VN.90.080','VN','VN.90','{\"en\":\"Thành Phố Lào Cai\"}',1);
INSERT INTO `__PREFIX__subadmin2` (`code`, `country_code`, `subadmin1_code`, `name`, `active`) VALUES ('VN.90.086','VN','VN.90','{\"en\":\"Huyện Bảo Thắng\"}',1);
INSERT INTO `__PREFIX__subadmin2` (`code`, `country_code`, `subadmin1_code`, `name`, `active`) VALUES ('VN.90.088','VN','VN.90','{\"en\":\"Huyện Sa Pa\"}',1);
INSERT INTO `__PREFIX__subadmin2` (`code`, `country_code`, `subadmin1_code`, `name`, `active`) VALUES ('VN.90.082','VN','VN.90','{\"en\":\"Huyện Bát Xát\"}',1);
INSERT INTO `__PREFIX__subadmin2` (`code`, `country_code`, `subadmin1_code`, `name`, `active`) VALUES ('VN.90.083','VN','VN.90','{\"en\":\"Huyện Mường Khương\"}',1);
INSERT INTO `__PREFIX__subadmin2` (`code`, `country_code`, `subadmin1_code`, `name`, `active`) VALUES ('VN.90.085','VN','VN.90','{\"en\":\"Huyện Bắc Hà\"}',1);
INSERT INTO `__PREFIX__subadmin2` (`code`, `country_code`, `subadmin1_code`, `name`, `active`) VALUES ('VN.90.087','VN','VN.90','{\"en\":\"Huyện Bảo Yên\"}',1);
INSERT INTO `__PREFIX__subadmin2` (`code`, `country_code`, `subadmin1_code`, `name`, `active`) VALUES ('VN.90.089','VN','VN.90','{\"en\":\"Huyện Văn Bàn\"}',1);
INSERT INTO `__PREFIX__subadmin2` (`code`, `country_code`, `subadmin1_code`, `name`, `active`) VALUES ('VN.89.110','VN','VN.89','{\"en\":\"Huyện Than Uyên\"}',1);
INSERT INTO `__PREFIX__subadmin2` (`code`, `country_code`, `subadmin1_code`, `name`, `active`) VALUES ('VN.53.148','VN','VN.53','{\"en\":\"Thành Phố Hòa Bình\"}',1);
INSERT INTO `__PREFIX__subadmin2` (`code`, `country_code`, `subadmin1_code`, `name`, `active`) VALUES ('VN.53.151','VN','VN.53','{\"en\":\"Huyện Kỳ Sơn\"}',1);
INSERT INTO `__PREFIX__subadmin2` (`code`, `country_code`, `subadmin1_code`, `name`, `active`) VALUES ('VN.53.150','VN','VN.53','{\"en\":\"Huyện Đà Bắc\"}',1);
INSERT INTO `__PREFIX__subadmin2` (`code`, `country_code`, `subadmin1_code`, `name`, `active`) VALUES ('VN.53.156','VN','VN.53','{\"en\":\"Huyện Mai Châu\"}',1);
INSERT INTO `__PREFIX__subadmin2` (`code`, `country_code`, `subadmin1_code`, `name`, `active`) VALUES ('VN.53.155','VN','VN.53','{\"en\":\"Huyện Tân Lạc\"}',1);
INSERT INTO `__PREFIX__subadmin2` (`code`, `country_code`, `subadmin1_code`, `name`, `active`) VALUES ('VN.53.152','VN','VN.53','{\"en\":\"Huyện Lương Sơn\"}',1);
INSERT INTO `__PREFIX__subadmin2` (`code`, `country_code`, `subadmin1_code`, `name`, `active`) VALUES ('VN.53.153','VN','VN.53','{\"en\":\"Huyện Kim Bôi\"}',1);
INSERT INTO `__PREFIX__subadmin2` (`code`, `country_code`, `subadmin1_code`, `name`, `active`) VALUES ('VN.53.157','VN','VN.53','{\"en\":\"Huyện Lạc Sơn\"}',1);
INSERT INTO `__PREFIX__subadmin2` (`code`, `country_code`, `subadmin1_code`, `name`, `active`) VALUES ('VN.53.159','VN','VN.53','{\"en\":\"Huyện Lạc Thủy\"}',1);
INSERT INTO `__PREFIX__subadmin2` (`code`, `country_code`, `subadmin1_code`, `name`, `active`) VALUES ('VN.53.158','VN','VN.53','{\"en\":\"Huyện Yên Thủy\"}',1);
INSERT INTO `__PREFIX__subadmin2` (`code`, `country_code`, `subadmin1_code`, `name`, `active`) VALUES ('VN.50.024','VN','VN.50','{\"en\":\"Thành Phố Hà Giang\"}',1);
INSERT INTO `__PREFIX__subadmin2` (`code`, `country_code`, `subadmin1_code`, `name`, `active`) VALUES ('VN.50.030','VN','VN.50','{\"en\":\"Huyện Vị Xuyên\"}',1);
INSERT INTO `__PREFIX__subadmin2` (`code`, `country_code`, `subadmin1_code`, `name`, `active`) VALUES ('VN.50.031','VN','VN.50','{\"en\":\"Huyện Bắc Mê\"}',1);
INSERT INTO `__PREFIX__subadmin2` (`code`, `country_code`, `subadmin1_code`, `name`, `active`) VALUES ('VN.50.028','VN','VN.50','{\"en\":\"Huyện Yên Minh\"}',1);
INSERT INTO `__PREFIX__subadmin2` (`code`, `country_code`, `subadmin1_code`, `name`, `active`) VALUES ('VN.50.029','VN','VN.50','{\"en\":\"Huyện Quản Bạ\"}',1);
INSERT INTO `__PREFIX__subadmin2` (`code`, `country_code`, `subadmin1_code`, `name`, `active`) VALUES ('VN.50.026','VN','VN.50','{\"en\":\"Huyện Đồng Văn\"}',1);
INSERT INTO `__PREFIX__subadmin2` (`code`, `country_code`, `subadmin1_code`, `name`, `active`) VALUES ('VN.50.027','VN','VN.50','{\"en\":\"Huyện Mèo Vạc\"}',1);
INSERT INTO `__PREFIX__subadmin2` (`code`, `country_code`, `subadmin1_code`, `name`, `active`) VALUES ('VN.50.033','VN','VN.50','{\"en\":\"Huyện Xín Mần\"}',1);
INSERT INTO `__PREFIX__subadmin2` (`code`, `country_code`, `subadmin1_code`, `name`, `active`) VALUES ('VN.50.032','VN','VN.50','{\"en\":\"Huyện Hoàng Su Phì\"}',1);
INSERT INTO `__PREFIX__subadmin2` (`code`, `country_code`, `subadmin1_code`, `name`, `active`) VALUES ('VN.50.034','VN','VN.50','{\"en\":\"Huyện Bắc Quang\"}',1);
INSERT INTO `__PREFIX__subadmin2` (`code`, `country_code`, `subadmin1_code`, `name`, `active`) VALUES ('VN.44.268','VN','VN.44','{\"en\":\"Quận Hà Đông\"}',1);
INSERT INTO `__PREFIX__subadmin2` (`code`, `country_code`, `subadmin1_code`, `name`, `active`) VALUES ('VN.44.269','VN','VN.44','{\"en\":\"Thị Xã Sơn Tây\"}',1);
INSERT INTO `__PREFIX__subadmin2` (`code`, `country_code`, `subadmin1_code`, `name`, `active`) VALUES ('VN.44.278','VN','VN.44','{\"en\":\"Huyện Thanh Oai\"}',1);
INSERT INTO `__PREFIX__subadmin2` (`code`, `country_code`, `subadmin1_code`, `name`, `active`) VALUES ('VN.44.277','VN','VN.44','{\"en\":\"Huyện Chương Mỹ\"}',1);
INSERT INTO `__PREFIX__subadmin2` (`code`, `country_code`, `subadmin1_code`, `name`, `active`) VALUES ('VN.44.274','VN','VN.44','{\"en\":\"Huyện Hoài Đức\"}',1);
INSERT INTO `__PREFIX__subadmin2` (`code`, `country_code`, `subadmin1_code`, `name`, `active`) VALUES ('VN.44.275','VN','VN.44','{\"en\":\"Huyện Quốc Oai\"}',1);
INSERT INTO `__PREFIX__subadmin2` (`code`, `country_code`, `subadmin1_code`, `name`, `active`) VALUES ('VN.44.276','VN','VN.44','{\"en\":\"Huyện Thạch Thất\"}',1);
INSERT INTO `__PREFIX__subadmin2` (`code`, `country_code`, `subadmin1_code`, `name`, `active`) VALUES ('VN.44.273','VN','VN.44','{\"en\":\"Huyện Đan Phượng\"}',1);
INSERT INTO `__PREFIX__subadmin2` (`code`, `country_code`, `subadmin1_code`, `name`, `active`) VALUES ('VN.44.272','VN','VN.44','{\"en\":\"Huyện Phúc Thọ\"}',1);
INSERT INTO `__PREFIX__subadmin2` (`code`, `country_code`, `subadmin1_code`, `name`, `active`) VALUES ('VN.44.271','VN','VN.44','{\"en\":\"Huyện Ba Vì\"}',1);
INSERT INTO `__PREFIX__subadmin2` (`code`, `country_code`, `subadmin1_code`, `name`, `active`) VALUES ('VN.44.279','VN','VN.44','{\"en\":\"Huyện Thường Tín\"}',1);
INSERT INTO `__PREFIX__subadmin2` (`code`, `country_code`, `subadmin1_code`, `name`, `active`) VALUES ('VN.44.280','VN','VN.44','{\"en\":\"Huyện Phú Xuyên\"}',1);
INSERT INTO `__PREFIX__subadmin2` (`code`, `country_code`, `subadmin1_code`, `name`, `active`) VALUES ('VN.44.281','VN','VN.44','{\"en\":\"Huyện Ứng Hòa\"}',1);
INSERT INTO `__PREFIX__subadmin2` (`code`, `country_code`, `subadmin1_code`, `name`, `active`) VALUES ('VN.44.282','VN','VN.44','{\"en\":\"Huyện Mỹ Đức\"}',1);
INSERT INTO `__PREFIX__subadmin2` (`code`, `country_code`, `subadmin1_code`, `name`, `active`) VALUES ('VN.58.412','VN','VN.58','{\"en\":\"Thành Phố Vinh\"}',1);
INSERT INTO `__PREFIX__subadmin2` (`code`, `country_code`, `subadmin1_code`, `name`, `active`) VALUES ('VN.58.431','VN','VN.58','{\"en\":\"Huyện Hưng Nguyên\"}',1);
INSERT INTO `__PREFIX__subadmin2` (`code`, `country_code`, `subadmin1_code`, `name`, `active`) VALUES ('VN.58.430','VN','VN.58','{\"en\":\"Huyện Nam Đàn\"}',1);
INSERT INTO `__PREFIX__subadmin2` (`code`, `country_code`, `subadmin1_code`, `name`, `active`) VALUES ('VN.58.429','VN','VN.58','{\"en\":\"Huyện Nghi Lộc\"}',1);
INSERT INTO `__PREFIX__subadmin2` (`code`, `country_code`, `subadmin1_code`, `name`, `active`) VALUES ('VN.58.413','VN','VN.58','{\"en\":\"Thị Xã Cửa Lò\"}',1);
INSERT INTO `__PREFIX__subadmin2` (`code`, `country_code`, `subadmin1_code`, `name`, `active`) VALUES ('VN.58.425','VN','VN.58','{\"en\":\"Huyện Diễn Châu\"}',1);
INSERT INTO `__PREFIX__subadmin2` (`code`, `country_code`, `subadmin1_code`, `name`, `active`) VALUES ('VN.58.426','VN','VN.58','{\"en\":\"Huyện Yên Thành\"}',1);
INSERT INTO `__PREFIX__subadmin2` (`code`, `country_code`, `subadmin1_code`, `name`, `active`) VALUES ('VN.58.427','VN','VN.58','{\"en\":\"Huyện Đô Lương\"}',1);
INSERT INTO `__PREFIX__subadmin2` (`code`, `country_code`, `subadmin1_code`, `name`, `active`) VALUES ('VN.58.428','VN','VN.58','{\"en\":\"Huyện Thanh Chương\"}',1);
INSERT INTO `__PREFIX__subadmin2` (`code`, `country_code`, `subadmin1_code`, `name`, `active`) VALUES ('VN.58.424','VN','VN.58','{\"en\":\"Huyện Anh Sơn\"}',1);
INSERT INTO `__PREFIX__subadmin2` (`code`, `country_code`, `subadmin1_code`, `name`, `active`) VALUES ('VN.58.422','VN','VN.58','{\"en\":\"Huyện Con Cuông\"}',1);
INSERT INTO `__PREFIX__subadmin2` (`code`, `country_code`, `subadmin1_code`, `name`, `active`) VALUES ('VN.58.423','VN','VN.58','{\"en\":\"Huyện Tân Kỳ\"}',1);
INSERT INTO `__PREFIX__subadmin2` (`code`, `country_code`, `subadmin1_code`, `name`, `active`) VALUES ('VN.58.421','VN','VN.58','{\"en\":\"Huyện Quỳnh Lưu\"}',1);
INSERT INTO `__PREFIX__subadmin2` (`code`, `country_code`, `subadmin1_code`, `name`, `active`) VALUES ('VN.58.419','VN','VN.58','{\"en\":\"Huyện Nghĩa Đàn\"}',1);
INSERT INTO `__PREFIX__subadmin2` (`code`, `country_code`, `subadmin1_code`, `name`, `active`) VALUES ('VN.58.420','VN','VN.58','{\"en\":\"Huyện Quỳ Hợp\"}',1);
INSERT INTO `__PREFIX__subadmin2` (`code`, `country_code`, `subadmin1_code`, `name`, `active`) VALUES ('VN.58.416','VN','VN.58','{\"en\":\"Huyện Quỳ Châu\"}',1);
INSERT INTO `__PREFIX__subadmin2` (`code`, `country_code`, `subadmin1_code`, `name`, `active`) VALUES ('VN.58.415','VN','VN.58','{\"en\":\"Huyện Quế Phong\"}',1);
INSERT INTO `__PREFIX__subadmin2` (`code`, `country_code`, `subadmin1_code`, `name`, `active`) VALUES ('VN.58.418','VN','VN.58','{\"en\":\"Huyện Tương Dương\"}',1);
INSERT INTO `__PREFIX__subadmin2` (`code`, `country_code`, `subadmin1_code`, `name`, `active`) VALUES ('VN.58.417','VN','VN.58','{\"en\":\"Huyện Kỳ Sơn\"}',1);
INSERT INTO `__PREFIX__subadmin2` (`code`, `country_code`, `subadmin1_code`, `name`, `active`) VALUES ('VN.35.336','VN','VN.35','{\"en\":\"Thành Phố Thái Bình\"}',1);
INSERT INTO `__PREFIX__subadmin2` (`code`, `country_code`, `subadmin1_code`, `name`, `active`) VALUES ('VN.35.344','VN','VN.35','{\"en\":\"Huyện Vũ Thư\"}',1);
INSERT INTO `__PREFIX__subadmin2` (`code`, `country_code`, `subadmin1_code`, `name`, `active`) VALUES ('VN.35.340','VN','VN.35','{\"en\":\"Huyện Ðông Hưng\"}',1);
INSERT INTO `__PREFIX__subadmin2` (`code`, `country_code`, `subadmin1_code`, `name`, `active`) VALUES ('VN.35.343','VN','VN.35','{\"en\":\"Huyện Kiến Xương\"}',1);
INSERT INTO `__PREFIX__subadmin2` (`code`, `country_code`, `subadmin1_code`, `name`, `active`) VALUES ('VN.35.342','VN','VN.35','{\"en\":\"Huyện Tiền Hải\"}',1);
INSERT INTO `__PREFIX__subadmin2` (`code`, `country_code`, `subadmin1_code`, `name`, `active`) VALUES ('VN.35.341','VN','VN.35','{\"en\":\"Huyện Thái Thụy\"}',1);
INSERT INTO `__PREFIX__subadmin2` (`code`, `country_code`, `subadmin1_code`, `name`, `active`) VALUES ('VN.35.338','VN','VN.35','{\"en\":\"Huyện Quỳnh Phụ\"}',1);
INSERT INTO `__PREFIX__subadmin2` (`code`, `country_code`, `subadmin1_code`, `name`, `active`) VALUES ('VN.35.339','VN','VN.35','{\"en\":\"Huyện Hưng Hà\"}',1);
INSERT INTO `__PREFIX__subadmin2` (`code`, `country_code`, `subadmin1_code`, `name`, `active`) VALUES ('VN.32.116','VN','VN.32','{\"en\":\"Thành Phố Sơn La\"}',1);
INSERT INTO `__PREFIX__subadmin2` (`code`, `country_code`, `subadmin1_code`, `name`, `active`) VALUES ('VN.32.120','VN','VN.32','{\"en\":\"Huyện Mường La\"}',1);
INSERT INTO `__PREFIX__subadmin2` (`code`, `country_code`, `subadmin1_code`, `name`, `active`) VALUES ('VN.32.118','VN','VN.32','{\"en\":\"Huyện Quỳnh Nhai\"}',1);
INSERT INTO `__PREFIX__subadmin2` (`code`, `country_code`, `subadmin1_code`, `name`, `active`) VALUES ('VN.32.119','VN','VN.32','{\"en\":\"Huyện Thuận Châu\"}',1);
INSERT INTO `__PREFIX__subadmin2` (`code`, `country_code`, `subadmin1_code`, `name`, `active`) VALUES ('VN.32.126','VN','VN.32','{\"en\":\"Huyện Sông Mã\"}',1);
INSERT INTO `__PREFIX__subadmin2` (`code`, `country_code`, `subadmin1_code`, `name`, `active`) VALUES ('VN.32.125','VN','VN.32','{\"en\":\"Huyện Mai Sơn\"}',1);
INSERT INTO `__PREFIX__subadmin2` (`code`, `country_code`, `subadmin1_code`, `name`, `active`) VALUES ('VN.32.121','VN','VN.32','{\"en\":\"Huyện Bắc Yên\"}',1);
INSERT INTO `__PREFIX__subadmin2` (`code`, `country_code`, `subadmin1_code`, `name`, `active`) VALUES ('VN.32.124','VN','VN.32','{\"en\":\"Huyện Yên Châu\"}',1);
INSERT INTO `__PREFIX__subadmin2` (`code`, `country_code`, `subadmin1_code`, `name`, `active`) VALUES ('VN.32.122','VN','VN.32','{\"en\":\"Huyện Phù Yên\"}',1);
INSERT INTO `__PREFIX__subadmin2` (`code`, `country_code`, `subadmin1_code`, `name`, `active`) VALUES ('VN.32.123','VN','VN.32','{\"en\":\"Huyện Mộc Châu\"}',1);
INSERT INTO `__PREFIX__subadmin2` (`code`, `country_code`, `subadmin1_code`, `name`, `active`) VALUES ('VN.13.305','VN','VN.13','{\"en\":\"Quận Lê Chân\"}',1);
INSERT INTO `__PREFIX__subadmin2` (`code`, `country_code`, `subadmin1_code`, `name`, `active`) VALUES ('VN.13.304','VN','VN.13','{\"en\":\"Quận Ngô Quyền\"}',1);
INSERT INTO `__PREFIX__subadmin2` (`code`, `country_code`, `subadmin1_code`, `name`, `active`) VALUES ('VN.13.307','VN','VN.13','{\"en\":\"Quận Kiến An\"}',1);
INSERT INTO `__PREFIX__subadmin2` (`code`, `country_code`, `subadmin1_code`, `name`, `active`) VALUES ('VN.13.308','VN','VN.13','{\"en\":\"Quận Đồ Sơn\"}',1);
INSERT INTO `__PREFIX__subadmin2` (`code`, `country_code`, `subadmin1_code`, `name`, `active`) VALUES ('VN.13.312','VN','VN.13','{\"en\":\"Huyện An Dương\"}',1);
INSERT INTO `__PREFIX__subadmin2` (`code`, `country_code`, `subadmin1_code`, `name`, `active`) VALUES ('VN.13.311','VN','VN.13','{\"en\":\"Huyện Thủy Nguyên\"}',1);
INSERT INTO `__PREFIX__subadmin2` (`code`, `country_code`, `subadmin1_code`, `name`, `active`) VALUES ('VN.13.313','VN','VN.13','{\"en\":\"Huyện An Lão\"}',1);
INSERT INTO `__PREFIX__subadmin2` (`code`, `country_code`, `subadmin1_code`, `name`, `active`) VALUES ('VN.13.314','VN','VN.13','{\"en\":\"Huyện Kiến Thụy\"}',1);
INSERT INTO `__PREFIX__subadmin2` (`code`, `country_code`, `subadmin1_code`, `name`, `active`) VALUES ('VN.13.315','VN','VN.13','{\"en\":\"Huyện Tiên Lãng\"}',1);
INSERT INTO `__PREFIX__subadmin2` (`code`, `country_code`, `subadmin1_code`, `name`, `active`) VALUES ('VN.13.316','VN','VN.13','{\"en\":\"Huyện Vĩnh Bảo\"}',1);
INSERT INTO `__PREFIX__subadmin2` (`code`, `country_code`, `subadmin1_code`, `name`, `active`) VALUES ('VN.13.317','VN','VN.13','{\"en\":\"Huyện Cát Hải\"}',1);
INSERT INTO `__PREFIX__subadmin2` (`code`, `country_code`, `subadmin1_code`, `name`, `active`) VALUES ('VN.13.318','VN','VN.13','{\"en\":\"Huyện Bạch Long Vỹ\"}',1);
INSERT INTO `__PREFIX__subadmin2` (`code`, `country_code`, `subadmin1_code`, `name`, `active`) VALUES ('VN.92.094','VN','VN.92','{\"en\":\"Thành Phố Điện Biên Phủ\"}',1);
INSERT INTO `__PREFIX__subadmin2` (`code`, `country_code`, `subadmin1_code`, `name`, `active`) VALUES ('VN.92.101','VN','VN.92','{\"en\":\"Huyện Điện Biên Đông\"}',1);
INSERT INTO `__PREFIX__subadmin2` (`code`, `country_code`, `subadmin1_code`, `name`, `active`) VALUES ('VN.92.099','VN','VN.92','{\"en\":\"Huyện Tuần Giáo\"}',1);
INSERT INTO `__PREFIX__subadmin2` (`code`, `country_code`, `subadmin1_code`, `name`, `active`) VALUES ('VN.92.098','VN','VN.92','{\"en\":\"Huyện Tủa Chùa\"}',1);
INSERT INTO `__PREFIX__subadmin2` (`code`, `country_code`, `subadmin1_code`, `name`, `active`) VALUES ('VN.92.095','VN','VN.92','{\"en\":\"Thị Xã Mưòng Lay\"}',1);
INSERT INTO `__PREFIX__subadmin2` (`code`, `country_code`, `subadmin1_code`, `name`, `active`) VALUES ('VN.89.108','VN','VN.89','{\"en\":\"Huyện Sìn Hồ\"}',1);
INSERT INTO `__PREFIX__subadmin2` (`code`, `country_code`, `subadmin1_code`, `name`, `active`) VALUES ('VN.89.109','VN','VN.89','{\"en\":\"Huyện Phong Thổ\"}',1);
INSERT INTO `__PREFIX__subadmin2` (`code`, `country_code`, `subadmin1_code`, `name`, `active`) VALUES ('VN.89.107','VN','VN.89','{\"en\":\"Huyện Mưòng Tè\"}',1);
INSERT INTO `__PREFIX__subadmin2` (`code`, `country_code`, `subadmin1_code`, `name`, `active`) VALUES ('VN.30.193','VN','VN.30','{\"en\":\"Hạ Long District\"}',1);
INSERT INTO `__PREFIX__subadmin2` (`code`, `country_code`, `subadmin1_code`, `name`, `active`) VALUES ('VN.30.195','VN','VN.30','{\"en\":\"Cẩm Phả District\"}',1);
INSERT INTO `__PREFIX__subadmin2` (`code`, `country_code`, `subadmin1_code`, `name`, `active`) VALUES ('VN.30.196','VN','VN.30','{\"en\":\"Thành Phố Uông Bí\"}',1);
INSERT INTO `__PREFIX__subadmin2` (`code`, `country_code`, `subadmin1_code`, `name`, `active`) VALUES ('VN.30.205','VN','VN.30','{\"en\":\"Huyện Đông Triều\"}',1);
INSERT INTO `__PREFIX__subadmin2` (`code`, `country_code`, `subadmin1_code`, `name`, `active`) VALUES ('VN.30.206','VN','VN.30','{\"en\":\"Thị Xã Quảng Yên\"}',1);
INSERT INTO `__PREFIX__subadmin2` (`code`, `country_code`, `subadmin1_code`, `name`, `active`) VALUES ('VN.30.204','VN','VN.30','{\"en\":\"Huyện Hoành Bồ\"}',1);
INSERT INTO `__PREFIX__subadmin2` (`code`, `country_code`, `subadmin1_code`, `name`, `active`) VALUES ('VN.30.202','VN','VN.30','{\"en\":\"Huyện Ba Chẽ\"}',1);
INSERT INTO `__PREFIX__subadmin2` (`code`, `country_code`, `subadmin1_code`, `name`, `active`) VALUES ('VN.30.199','VN','VN.30','{\"en\":\"Huyện Tiên Yên\"}',1);
INSERT INTO `__PREFIX__subadmin2` (`code`, `country_code`, `subadmin1_code`, `name`, `active`) VALUES ('VN.30.198','VN','VN.30','{\"en\":\"Huyện Bình Liêu\"}',1);
INSERT INTO `__PREFIX__subadmin2` (`code`, `country_code`, `subadmin1_code`, `name`, `active`) VALUES ('VN.30.201','VN','VN.30','{\"en\":\"Huyện Hải Hà\"}',1);
INSERT INTO `__PREFIX__subadmin2` (`code`, `country_code`, `subadmin1_code`, `name`, `active`) VALUES ('VN.30.194','VN','VN.30','{\"en\":\"Thành Phố Móng Cái\"}',1);
INSERT INTO `__PREFIX__subadmin2` (`code`, `country_code`, `subadmin1_code`, `name`, `active`) VALUES ('VN.30.203','VN','VN.30','{\"en\":\"Huyện Vân Đồn\"}',1);
INSERT INTO `__PREFIX__subadmin2` (`code`, `country_code`, `subadmin1_code`, `name`, `active`) VALUES ('VN.30.207','VN','VN.30','{\"en\":\"Huyện Cô Tô\"}',1);
INSERT INTO `__PREFIX__subadmin2` (`code`, `country_code`, `subadmin1_code`, `name`, `active`) VALUES ('VN.44.001','VN','VN.44','{\"en\":\"Quận Ba Đình\"}',1);
INSERT INTO `__PREFIX__subadmin2` (`code`, `country_code`, `subadmin1_code`, `name`, `active`) VALUES ('VN.44.005','VN','VN.44','{\"en\":\"Quận Cầu Giấy\"}',1);
INSERT INTO `__PREFIX__subadmin2` (`code`, `country_code`, `subadmin1_code`, `name`, `active`) VALUES ('VN.44.017','VN','VN.44','{\"en\":\"Huyện Đông Anh\"}',1);
INSERT INTO `__PREFIX__subadmin2` (`code`, `country_code`, `subadmin1_code`, `name`, `active`) VALUES ('VN.44.006','VN','VN.44','{\"en\":\"Quận Đống Đa\"}',1);
INSERT INTO `__PREFIX__subadmin2` (`code`, `country_code`, `subadmin1_code`, `name`, `active`) VALUES ('VN.44.018','VN','VN.44','{\"en\":\"Huyện Gia Lâm\"}',1);
INSERT INTO `__PREFIX__subadmin2` (`code`, `country_code`, `subadmin1_code`, `name`, `active`) VALUES ('VN.44.007','VN','VN.44','{\"en\":\"Quận Hai BàTrưng\"}',1);
INSERT INTO `__PREFIX__subadmin2` (`code`, `country_code`, `subadmin1_code`, `name`, `active`) VALUES ('VN.44.002','VN','VN.44','{\"en\":\"Quận Hoàn Kiếm\"}',1);
INSERT INTO `__PREFIX__subadmin2` (`code`, `country_code`, `subadmin1_code`, `name`, `active`) VALUES ('VN.44.016','VN','VN.44','{\"en\":\"Huyện Sóc Sơn\"}',1);
INSERT INTO `__PREFIX__subadmin2` (`code`, `country_code`, `subadmin1_code`, `name`, `active`) VALUES ('VN.44.003','VN','VN.44','{\"en\":\"Quận Tây Hồ\"}',1);
INSERT INTO `__PREFIX__subadmin2` (`code`, `country_code`, `subadmin1_code`, `name`, `active`) VALUES ('VN.44.020','VN','VN.44','{\"en\":\"Huyện Thanh Trì\"}',1);
INSERT INTO `__PREFIX__subadmin2` (`code`, `country_code`, `subadmin1_code`, `name`, `active`) VALUES ('VN.44.009','VN','VN.44','{\"en\":\"Quận Thanh Xuân\"}',1);
INSERT INTO `__PREFIX__subadmin2` (`code`, `country_code`, `subadmin1_code`, `name`, `active`) VALUES ('VN.23.672','VN','VN.23','{\"en\":\"Thành Phố Đà Lạt\"}',1);
INSERT INTO `__PREFIX__subadmin2` (`code`, `country_code`, `subadmin1_code`, `name`, `active`) VALUES ('VN.23.673','VN','VN.23','{\"en\":\"Thành Phố Bảo Lộc\"}',1);
INSERT INTO `__PREFIX__subadmin2` (`code`, `country_code`, `subadmin1_code`, `name`, `active`) VALUES ('VN.23.680','VN','VN.23','{\"en\":\"Huyện Bảo Lâm\"}',1);
INSERT INTO `__PREFIX__subadmin2` (`code`, `country_code`, `subadmin1_code`, `name`, `active`) VALUES ('VN.23.681','VN','VN.23','{\"en\":\"Huyện Đạ Huoai\"}',1);
INSERT INTO `__PREFIX__subadmin2` (`code`, `country_code`, `subadmin1_code`, `name`, `active`) VALUES ('VN.23.682','VN','VN.23','{\"en\":\"Huyện Đạ Tẻh\"}',1);
INSERT INTO `__PREFIX__subadmin2` (`code`, `country_code`, `subadmin1_code`, `name`, `active`) VALUES ('VN.23.683','VN','VN.23','{\"en\":\"Huyện Cát Tiên\"}',1);
INSERT INTO `__PREFIX__subadmin2` (`code`, `country_code`, `subadmin1_code`, `name`, `active`) VALUES ('VN.23.679','VN','VN.23','{\"en\":\"Huyện Di Linh\"}',1);
INSERT INTO `__PREFIX__subadmin2` (`code`, `country_code`, `subadmin1_code`, `name`, `active`) VALUES ('VN.23.678','VN','VN.23','{\"en\":\"Huyện Đức Trọng\"}',1);
INSERT INTO `__PREFIX__subadmin2` (`code`, `country_code`, `subadmin1_code`, `name`, `active`) VALUES ('VN.23.677','VN','VN.23','{\"en\":\"Huyện Đơn Dương\"}',1);
INSERT INTO `__PREFIX__subadmin2` (`code`, `country_code`, `subadmin1_code`, `name`, `active`) VALUES ('VN.23.676','VN','VN.23','{\"en\":\"Huyện Lâm Hà\"}',1);
INSERT INTO `__PREFIX__subadmin2` (`code`, `country_code`, `subadmin1_code`, `name`, `active`) VALUES ('VN.23.675','VN','VN.23','{\"en\":\"Huyện Lạc Dương\"}',1);
INSERT INTO `__PREFIX__subadmin2` (`code`, `country_code`, `subadmin1_code`, `name`, `active`) VALUES ('VN.59.369','VN','VN.59','{\"en\":\"Thành Phố Ninh Bình\"}',1);
INSERT INTO `__PREFIX__subadmin2` (`code`, `country_code`, `subadmin1_code`, `name`, `active`) VALUES ('VN.59.376','VN','VN.59','{\"en\":\"Huyện Kim Sơn\"}',1);
INSERT INTO `__PREFIX__subadmin2` (`code`, `country_code`, `subadmin1_code`, `name`, `active`) VALUES ('VN.59.377','VN','VN.59','{\"en\":\"Huyện Yên Mô\"}',1);
INSERT INTO `__PREFIX__subadmin2` (`code`, `country_code`, `subadmin1_code`, `name`, `active`) VALUES ('VN.59.375','VN','VN.59','{\"en\":\"Huyện Yên Khánh\"}',1);
INSERT INTO `__PREFIX__subadmin2` (`code`, `country_code`, `subadmin1_code`, `name`, `active`) VALUES ('VN.59.370','VN','VN.59','{\"en\":\"Thị Xã Tam Điệp\"}',1);
INSERT INTO `__PREFIX__subadmin2` (`code`, `country_code`, `subadmin1_code`, `name`, `active`) VALUES ('VN.59.374','VN','VN.59','{\"en\":\"Huyện Hoa Lư\"}',1);
INSERT INTO `__PREFIX__subadmin2` (`code`, `country_code`, `subadmin1_code`, `name`, `active`) VALUES ('VN.59.373','VN','VN.59','{\"en\":\"Huyện Gia Viễn\"}',1);
INSERT INTO `__PREFIX__subadmin2` (`code`, `country_code`, `subadmin1_code`, `name`, `active`) VALUES ('VN.59.372','VN','VN.59','{\"en\":\"Huyện Nho Quan\"}',1);
INSERT INTO `__PREFIX__subadmin2` (`code`, `country_code`, `subadmin1_code`, `name`, `active`) VALUES ('VN.34.380','VN','VN.34','{\"en\":\"Thành Phố Thanh Hóa\"}',1);
INSERT INTO `__PREFIX__subadmin2` (`code`, `country_code`, `subadmin1_code`, `name`, `active`) VALUES ('VN.34.407','VN','VN.34','{\"en\":\"Huyện Tĩnh Gia\"}',1);
INSERT INTO `__PREFIX__subadmin2` (`code`, `country_code`, `subadmin1_code`, `name`, `active`) VALUES ('VN.34.404','VN','VN.34','{\"en\":\"Huyện Nông Cống\"}',1);
INSERT INTO `__PREFIX__subadmin2` (`code`, `country_code`, `subadmin1_code`, `name`, `active`) VALUES ('VN.34.403','VN','VN.34','{\"en\":\"Huyện Như Thanh\"}',1);
INSERT INTO `__PREFIX__subadmin2` (`code`, `country_code`, `subadmin1_code`, `name`, `active`) VALUES ('VN.34.402','VN','VN.34','{\"en\":\"Huyện Như Xuân\"}',1);
INSERT INTO `__PREFIX__subadmin2` (`code`, `country_code`, `subadmin1_code`, `name`, `active`) VALUES ('VN.34.406','VN','VN.34','{\"en\":\"Huyện Quảng Xương\"}',1);
INSERT INTO `__PREFIX__subadmin2` (`code`, `country_code`, `subadmin1_code`, `name`, `active`) VALUES ('VN.34.382','VN','VN.34','{\"en\":\"Thị Xã Sầm Sơn\"}',1);
INSERT INTO `__PREFIX__subadmin2` (`code`, `country_code`, `subadmin1_code`, `name`, `active`) VALUES ('VN.34.399','VN','VN.34','{\"en\":\"Huyện Hoằng Hóa\"}',1);
INSERT INTO `__PREFIX__subadmin2` (`code`, `country_code`, `subadmin1_code`, `name`, `active`) VALUES ('VN.34.405','VN','VN.34','{\"en\":\"Huyện Đông Sơn\"}',1);
INSERT INTO `__PREFIX__subadmin2` (`code`, `country_code`, `subadmin1_code`, `name`, `active`) VALUES ('VN.34.398','VN','VN.34','{\"en\":\"Huyện Thiệu Hóa\"}',1);
INSERT INTO `__PREFIX__subadmin2` (`code`, `country_code`, `subadmin1_code`, `name`, `active`) VALUES ('VN.34.394','VN','VN.34','{\"en\":\"Huyện Yên Định\"}',1);
INSERT INTO `__PREFIX__subadmin2` (`code`, `country_code`, `subadmin1_code`, `name`, `active`) VALUES ('VN.34.397','VN','VN.34','{\"en\":\"Huyện Triệu Sơn\"}',1);
INSERT INTO `__PREFIX__subadmin2` (`code`, `country_code`, `subadmin1_code`, `name`, `active`) VALUES ('VN.34.395','VN','VN.34','{\"en\":\"Huyện Thọ Xuân\"}',1);
INSERT INTO `__PREFIX__subadmin2` (`code`, `country_code`, `subadmin1_code`, `name`, `active`) VALUES ('VN.34.396','VN','VN.34','{\"en\":\"Huyện Thường Xuân\"}',1);
INSERT INTO `__PREFIX__subadmin2` (`code`, `country_code`, `subadmin1_code`, `name`, `active`) VALUES ('VN.34.389','VN','VN.34','{\"en\":\"Huyện Ngọc Lặc\"}',1);
INSERT INTO `__PREFIX__subadmin2` (`code`, `country_code`, `subadmin1_code`, `name`, `active`) VALUES ('VN.34.388','VN','VN.34','{\"en\":\"Huyện Lang Chánh\"}',1);
INSERT INTO `__PREFIX__subadmin2` (`code`, `country_code`, `subadmin1_code`, `name`, `active`) VALUES ('VN.34.390','VN','VN.34','{\"en\":\"Huyện Cẩm Thủy\"}',1);
INSERT INTO `__PREFIX__subadmin2` (`code`, `country_code`, `subadmin1_code`, `name`, `active`) VALUES ('VN.34.393','VN','VN.34','{\"en\":\"Huyện Vĩnh Lộc\"}',1);
INSERT INTO `__PREFIX__subadmin2` (`code`, `country_code`, `subadmin1_code`, `name`, `active`) VALUES ('VN.34.400','VN','VN.34','{\"en\":\"Huyện Hậu Lộc\"}',1);
INSERT INTO `__PREFIX__subadmin2` (`code`, `country_code`, `subadmin1_code`, `name`, `active`) VALUES ('VN.34.401','VN','VN.34','{\"en\":\"Huyện Nga Sơn\"}',1);
INSERT INTO `__PREFIX__subadmin2` (`code`, `country_code`, `subadmin1_code`, `name`, `active`) VALUES ('VN.34.392','VN','VN.34','{\"en\":\"Huyện Hà Trung\"}',1);
INSERT INTO `__PREFIX__subadmin2` (`code`, `country_code`, `subadmin1_code`, `name`, `active`) VALUES ('VN.34.381','VN','VN.34','{\"en\":\"Thị Xã Bỉm Sơn\"}',1);
INSERT INTO `__PREFIX__subadmin2` (`code`, `country_code`, `subadmin1_code`, `name`, `active`) VALUES ('VN.34.391','VN','VN.34','{\"en\":\"Huyện Thạch Thành\"}',1);
INSERT INTO `__PREFIX__subadmin2` (`code`, `country_code`, `subadmin1_code`, `name`, `active`) VALUES ('VN.34.386','VN','VN.34','{\"en\":\"Huyện Bá Thước\"}',1);
INSERT INTO `__PREFIX__subadmin2` (`code`, `country_code`, `subadmin1_code`, `name`, `active`) VALUES ('VN.34.387','VN','VN.34','{\"en\":\"Huyện Quan Sơn\"}',1);
INSERT INTO `__PREFIX__subadmin2` (`code`, `country_code`, `subadmin1_code`, `name`, `active`) VALUES ('VN.34.385','VN','VN.34','{\"en\":\"Huyện Quan Hóa\"}',1);
INSERT INTO `__PREFIX__subadmin2` (`code`, `country_code`, `subadmin1_code`, `name`, `active`) VALUES ('VN.34.384','VN','VN.34','{\"en\":\"Huyện Mường Lát\"}',1);
INSERT INTO `__PREFIX__subadmin2` (`code`, `country_code`, `subadmin1_code`, `name`, `active`) VALUES ('VN.64.461','VN','VN.64','{\"en\":\"Thành Phố Đông Hà\"}',1);
INSERT INTO `__PREFIX__subadmin2` (`code`, `country_code`, `subadmin1_code`, `name`, `active`) VALUES ('VN.64.467','VN','VN.64','{\"en\":\"Huyện Đa Krông\"}',1);
INSERT INTO `__PREFIX__subadmin2` (`code`, `country_code`, `subadmin1_code`, `name`, `active`) VALUES ('VN.64.465','VN','VN.64','{\"en\":\"Huyện Hướng Hóa\"}',1);
INSERT INTO `__PREFIX__subadmin2` (`code`, `country_code`, `subadmin1_code`, `name`, `active`) VALUES ('VN.64.470','VN','VN.64','{\"en\":\"Huyện Hải Lăng\"}',1);
INSERT INTO `__PREFIX__subadmin2` (`code`, `country_code`, `subadmin1_code`, `name`, `active`) VALUES ('VN.64.462','VN','VN.64','{\"en\":\"Thị Xã Quảng Trị\"}',1);
INSERT INTO `__PREFIX__subadmin2` (`code`, `country_code`, `subadmin1_code`, `name`, `active`) VALUES ('VN.64.469','VN','VN.64','{\"en\":\"Huyện Triệu Phong\"}',1);
INSERT INTO `__PREFIX__subadmin2` (`code`, `country_code`, `subadmin1_code`, `name`, `active`) VALUES ('VN.64.468','VN','VN.64','{\"en\":\"Huyện Cam Lộ\"}',1);
INSERT INTO `__PREFIX__subadmin2` (`code`, `country_code`, `subadmin1_code`, `name`, `active`) VALUES ('VN.64.466','VN','VN.64','{\"en\":\"Huyện Gio Linh\"}',1);
INSERT INTO `__PREFIX__subadmin2` (`code`, `country_code`, `subadmin1_code`, `name`, `active`) VALUES ('VN.64.464','VN','VN.64','{\"en\":\"Huyện Vĩnh Linh\"}',1);
INSERT INTO `__PREFIX__subadmin2` (`code`, `country_code`, `subadmin1_code`, `name`, `active`) VALUES ('VN.62.450','VN','VN.62','{\"en\":\"Thành Phố Đồng Hới\"}',1);
INSERT INTO `__PREFIX__subadmin2` (`code`, `country_code`, `subadmin1_code`, `name`, `active`) VALUES ('VN.62.457','VN','VN.62','{\"en\":\"Huyện Lệ Thủy\"}',1);
INSERT INTO `__PREFIX__subadmin2` (`code`, `country_code`, `subadmin1_code`, `name`, `active`) VALUES ('VN.62.456','VN','VN.62','{\"en\":\"Huyện Quảng Ninh\"}',1);
INSERT INTO `__PREFIX__subadmin2` (`code`, `country_code`, `subadmin1_code`, `name`, `active`) VALUES ('VN.62.455','VN','VN.62','{\"en\":\"Huyện Bố Trạch\"}',1);
INSERT INTO `__PREFIX__subadmin2` (`code`, `country_code`, `subadmin1_code`, `name`, `active`) VALUES ('VN.62.454','VN','VN.62','{\"en\":\"Huyện Quảng Trạch\"}',1);
INSERT INTO `__PREFIX__subadmin2` (`code`, `country_code`, `subadmin1_code`, `name`, `active`) VALUES ('VN.62.453','VN','VN.62','{\"en\":\"Huyện Tuyên Hóa\"}',1);
INSERT INTO `__PREFIX__subadmin2` (`code`, `country_code`, `subadmin1_code`, `name`, `active`) VALUES ('VN.62.452','VN','VN.62','{\"en\":\"Huyện Minh Hóa\"}',1);
INSERT INTO `__PREFIX__subadmin2` (`code`, `country_code`, `subadmin1_code`, `name`, `active`) VALUES ('VN.74.256','VN','VN.74','{\"en\":\"Thành Phố Bắc Ninh\"}',1);
INSERT INTO `__PREFIX__subadmin2` (`code`, `country_code`, `subadmin1_code`, `name`, `active`) VALUES ('VN.74.258','VN','VN.74','{\"en\":\"Huyện Yên Phong\"}',1);
INSERT INTO `__PREFIX__subadmin2` (`code`, `country_code`, `subadmin1_code`, `name`, `active`) VALUES ('VN.74.259','VN','VN.74','{\"en\":\"Huyện Quế Võ\"}',1);
INSERT INTO `__PREFIX__subadmin2` (`code`, `country_code`, `subadmin1_code`, `name`, `active`) VALUES ('VN.74.260','VN','VN.74','{\"en\":\"Huyện Tiên Du\"}',1);
INSERT INTO `__PREFIX__subadmin2` (`code`, `country_code`, `subadmin1_code`, `name`, `active`) VALUES ('VN.74.263','VN','VN.74','{\"en\":\"Huyện Gia Bình\"}',1);
INSERT INTO `__PREFIX__subadmin2` (`code`, `country_code`, `subadmin1_code`, `name`, `active`) VALUES ('VN.74.262','VN','VN.74','{\"en\":\"Huyện Thuận Thành\"}',1);
INSERT INTO `__PREFIX__subadmin2` (`code`, `country_code`, `subadmin1_code`, `name`, `active`) VALUES ('VN.71.222','VN','VN.71','{\"en\":\"Huyện Việt Yên\"}',1);
INSERT INTO `__PREFIX__subadmin2` (`code`, `country_code`, `subadmin1_code`, `name`, `active`) VALUES ('VN.71.221','VN','VN.71','{\"en\":\"Huyện Yên Dũng\"}',1);
INSERT INTO `__PREFIX__subadmin2` (`code`, `country_code`, `subadmin1_code`, `name`, `active`) VALUES ('VN.71.217','VN','VN.71','{\"en\":\"Huyện Lạng Giang\"}',1);
INSERT INTO `__PREFIX__subadmin2` (`code`, `country_code`, `subadmin1_code`, `name`, `active`) VALUES ('VN.71.216','VN','VN.71','{\"en\":\"Huyện Tân Yên\"}',1);
INSERT INTO `__PREFIX__subadmin2` (`code`, `country_code`, `subadmin1_code`, `name`, `active`) VALUES ('VN.71.223','VN','VN.71','{\"en\":\"Huyện Hiệp Hòa\"}',1);
INSERT INTO `__PREFIX__subadmin2` (`code`, `country_code`, `subadmin1_code`, `name`, `active`) VALUES ('VN.71.215','VN','VN.71','{\"en\":\"Huyện Yên Thế\"}',1);
INSERT INTO `__PREFIX__subadmin2` (`code`, `country_code`, `subadmin1_code`, `name`, `active`) VALUES ('VN.71.218','VN','VN.71','{\"en\":\"Huyện Lục Nam\"}',1);
INSERT INTO `__PREFIX__subadmin2` (`code`, `country_code`, `subadmin1_code`, `name`, `active`) VALUES ('VN.71.219','VN','VN.71','{\"en\":\"Huyện Lục Ngạn\"}',1);
INSERT INTO `__PREFIX__subadmin2` (`code`, `country_code`, `subadmin1_code`, `name`, `active`) VALUES ('VN.71.220','VN','VN.71','{\"en\":\"Huyện Sơn Động\"}',1);
INSERT INTO `__PREFIX__subadmin2` (`code`, `country_code`, `subadmin1_code`, `name`, `active`) VALUES ('VN.78.491','VN','VN.78','{\"en\":\"Quận Thanh Khê\"}',1);
INSERT INTO `__PREFIX__subadmin2` (`code`, `country_code`, `subadmin1_code`, `name`, `active`) VALUES ('VN.78.493','VN','VN.78','{\"en\":\"Quận Sơn Trà\"}',1);
INSERT INTO `__PREFIX__subadmin2` (`code`, `country_code`, `subadmin1_code`, `name`, `active`) VALUES ('VN.78.494','VN','VN.78','{\"en\":\"Quận Ngũ Hành Sơn\"}',1);
INSERT INTO `__PREFIX__subadmin2` (`code`, `country_code`, `subadmin1_code`, `name`, `active`) VALUES ('VN.78.490','VN','VN.78','{\"en\":\"Quận Liên Chiểu\"}',1);
INSERT INTO `__PREFIX__subadmin2` (`code`, `country_code`, `subadmin1_code`, `name`, `active`) VALUES ('VN.78.497','VN','VN.78','{\"en\":\"Huyện Hòa Vang\"}',1);
INSERT INTO `__PREFIX__subadmin2` (`code`, `country_code`, `subadmin1_code`, `name`, `active`) VALUES ('VN.78.498','VN','VN.78','{\"en\":\"Huyện Hoàng Sa\"}',1);
INSERT INTO `__PREFIX__subadmin2` (`code`, `country_code`, `subadmin1_code`, `name`, `active`) VALUES ('VN.75.718','VN','VN.75','{\"en\":\"Thành Phố Thủ Dầu Một\"}',1);
INSERT INTO `__PREFIX__subadmin2` (`code`, `country_code`, `subadmin1_code`, `name`, `active`) VALUES ('VN.75.725','VN','VN.75','{\"en\":\"Thị Xã Thuận An\"}',1);
INSERT INTO `__PREFIX__subadmin2` (`code`, `country_code`, `subadmin1_code`, `name`, `active`) VALUES ('VN.75.723','VN','VN.75','{\"en\":\"Thị Xã Tân Uyên\"}',1);
INSERT INTO `__PREFIX__subadmin2` (`code`, `country_code`, `subadmin1_code`, `name`, `active`) VALUES ('VN.75.721','VN','VN.75','{\"en\":\"Thị Xã Bến Cát\"}',1);
INSERT INTO `__PREFIX__subadmin2` (`code`, `country_code`, `subadmin1_code`, `name`, `active`) VALUES ('VN.76.695','VN','VN.76','{\"en\":\"Huyện Đồng Phú\"}',1);
INSERT INTO `__PREFIX__subadmin2` (`code`, `country_code`, `subadmin1_code`, `name`, `active`) VALUES ('VN.76.690','VN','VN.76','{\"en\":\"Thị Xã Bình Long\"}',1);
INSERT INTO `__PREFIX__subadmin2` (`code`, `country_code`, `subadmin1_code`, `name`, `active`) VALUES ('VN.76.692','VN','VN.76','{\"en\":\"Huyện Lộc Ninh\"}',1);
INSERT INTO `__PREFIX__subadmin2` (`code`, `country_code`, `subadmin1_code`, `name`, `active`) VALUES ('VN.76.688','VN','VN.76','{\"en\":\"Thị Xã Phước Long\"}',1);
INSERT INTO `__PREFIX__subadmin2` (`code`, `country_code`, `subadmin1_code`, `name`, `active`) VALUES ('VN.76.696','VN','VN.76','{\"en\":\"Huyện Bù Đăng\"}',1);
INSERT INTO `__PREFIX__subadmin2` (`code`, `country_code`, `subadmin1_code`, `name`, `active`) VALUES ('VN.01.883','VN','VN.01','{\"en\":\"Long Xuyên City\"}',1);
INSERT INTO `__PREFIX__subadmin2` (`code`, `country_code`, `subadmin1_code`, `name`, `active`) VALUES ('VN.01.884','VN','VN.01','{\"en\":\"Thành phố Châu Đốc\"}',1);
INSERT INTO `__PREFIX__subadmin2` (`code`, `country_code`, `subadmin1_code`, `name`, `active`) VALUES ('VN.01.894','VN','VN.01','{\"en\":\"Huyện Thoại Sơn\"}',1);
INSERT INTO `__PREFIX__subadmin2` (`code`, `country_code`, `subadmin1_code`, `name`, `active`) VALUES ('VN.01.892','VN','VN.01','{\"en\":\"Huyện Châu Thành\"}',1);
INSERT INTO `__PREFIX__subadmin2` (`code`, `country_code`, `subadmin1_code`, `name`, `active`) VALUES ('VN.01.893','VN','VN.01','{\"en\":\"Huyện Chợ Mới\"}',1);
INSERT INTO `__PREFIX__subadmin2` (`code`, `country_code`, `subadmin1_code`, `name`, `active`) VALUES ('VN.01.888','VN','VN.01','{\"en\":\"Huyện Phú Tân\"}',1);
INSERT INTO `__PREFIX__subadmin2` (`code`, `country_code`, `subadmin1_code`, `name`, `active`) VALUES ('VN.01.889','VN','VN.01','{\"en\":\"Huyện Châu Phú\"}',1);
INSERT INTO `__PREFIX__subadmin2` (`code`, `country_code`, `subadmin1_code`, `name`, `active`) VALUES ('VN.01.891','VN','VN.01','{\"en\":\"Huyện Tri Tôn\"}',1);
INSERT INTO `__PREFIX__subadmin2` (`code`, `country_code`, `subadmin1_code`, `name`, `active`) VALUES ('VN.01.890','VN','VN.01','{\"en\":\"Huyện Tịnh Biên\"}',1);
INSERT INTO `__PREFIX__subadmin2` (`code`, `country_code`, `subadmin1_code`, `name`, `active`) VALUES ('VN.01.887','VN','VN.01','{\"en\":\"Thị Xã Tân Châu\"}',1);
INSERT INTO `__PREFIX__subadmin2` (`code`, `country_code`, `subadmin1_code`, `name`, `active`) VALUES ('VN.01.886','VN','VN.01','{\"en\":\"Huyện An Phú\"}',1);
INSERT INTO `__PREFIX__subadmin2` (`code`, `country_code`, `subadmin1_code`, `name`, `active`) VALUES ('VN.85.165','VN','VN.85','{\"en\":\"Thị Xã Sông Công\"}',1);
INSERT INTO `__PREFIX__subadmin2` (`code`, `country_code`, `subadmin1_code`, `name`, `active`) VALUES ('VN.85.173','VN','VN.85','{\"en\":\"Huyện Phú Bình\"}',1);
INSERT INTO `__PREFIX__subadmin2` (`code`, `country_code`, `subadmin1_code`, `name`, `active`) VALUES ('VN.85.172','VN','VN.85','{\"en\":\"Huyện Phổ Yên\"}',1);
INSERT INTO `__PREFIX__subadmin2` (`code`, `country_code`, `subadmin1_code`, `name`, `active`) VALUES ('VN.85.171','VN','VN.85','{\"en\":\"Huyện Đại Từ\"}',1);
INSERT INTO `__PREFIX__subadmin2` (`code`, `country_code`, `subadmin1_code`, `name`, `active`) VALUES ('VN.85.167','VN','VN.85','{\"en\":\"Huyện Định Hóa\"}',1);
INSERT INTO `__PREFIX__subadmin2` (`code`, `country_code`, `subadmin1_code`, `name`, `active`) VALUES ('VN.85.168','VN','VN.85','{\"en\":\"Huyện Phú Lương\"}',1);
INSERT INTO `__PREFIX__subadmin2` (`code`, `country_code`, `subadmin1_code`, `name`, `active`) VALUES ('VN.85.169','VN','VN.85','{\"en\":\"Huyện Đồng Hỷ\"}',1);
INSERT INTO `__PREFIX__subadmin2` (`code`, `country_code`, `subadmin1_code`, `name`, `active`) VALUES ('VN.85.170','VN','VN.85','{\"en\":\"Huyện Võ Nhai\"}',1);
INSERT INTO `__PREFIX__subadmin2` (`code`, `country_code`, `subadmin1_code`, `name`, `active`) VALUES ('VN.05.051','VN','VN.05','{\"en\":\"Huyện Hòa An\"}',1);
INSERT INTO `__PREFIX__subadmin2` (`code`, `country_code`, `subadmin1_code`, `name`, `active`) VALUES ('VN.05.046','VN','VN.05','{\"en\":\"Huyện Trà Lĩnh\"}',1);
INSERT INTO `__PREFIX__subadmin2` (`code`, `country_code`, `subadmin1_code`, `name`, `active`) VALUES ('VN.05.047','VN','VN.05','{\"en\":\"Huyện Trùng Khánh\"}',1);
INSERT INTO `__PREFIX__subadmin2` (`code`, `country_code`, `subadmin1_code`, `name`, `active`) VALUES ('VN.05.048','VN','VN.05','{\"en\":\"Huyện Hạ Lang\"}',1);
INSERT INTO `__PREFIX__subadmin2` (`code`, `country_code`, `subadmin1_code`, `name`, `active`) VALUES ('VN.05.053','VN','VN.05','{\"en\":\"Huyện Thạch An\"}',1);
INSERT INTO `__PREFIX__subadmin2` (`code`, `country_code`, `subadmin1_code`, `name`, `active`) VALUES ('VN.05.052','VN','VN.05','{\"en\":\"Huyện Nguyên Bình\"}',1);
INSERT INTO `__PREFIX__subadmin2` (`code`, `country_code`, `subadmin1_code`, `name`, `active`) VALUES ('VN.05.044','VN','VN.05','{\"en\":\"Huyện Thông Nông\"}',1);
INSERT INTO `__PREFIX__subadmin2` (`code`, `country_code`, `subadmin1_code`, `name`, `active`) VALUES ('VN.05.045','VN','VN.05','{\"en\":\"Huyện Hà Quảng\"}',1);
INSERT INTO `__PREFIX__subadmin2` (`code`, `country_code`, `subadmin1_code`, `name`, `active`) VALUES ('VN.05.043','VN','VN.05','{\"en\":\"Huyện Bảo Lac\"}',1);
INSERT INTO `__PREFIX__subadmin2` (`code`, `country_code`, `subadmin1_code`, `name`, `active`) VALUES ('VN.84.502','VN','VN.84','{\"en\":\"Thành Phố Tam Kỳ\"}',1);
INSERT INTO `__PREFIX__subadmin2` (`code`, `country_code`, `subadmin1_code`, `name`, `active`) VALUES ('VN.84.503','VN','VN.84','{\"en\":\"Thành Phố Hội An\"}',1);
INSERT INTO `__PREFIX__subadmin2` (`code`, `country_code`, `subadmin1_code`, `name`, `active`) VALUES ('VN.84.513','VN','VN.84','{\"en\":\"Huyện Thăng Bình\"}',1);
INSERT INTO `__PREFIX__subadmin2` (`code`, `country_code`, `subadmin1_code`, `name`, `active`) VALUES ('VN.84.509','VN','VN.84','{\"en\":\"Huyện Quế Sơn\"}',1);
INSERT INTO `__PREFIX__subadmin2` (`code`, `country_code`, `subadmin1_code`, `name`, `active`) VALUES ('VN.84.508','VN','VN.84','{\"en\":\"Huyện Duy Xuyên\"}',1);
INSERT INTO `__PREFIX__subadmin2` (`code`, `country_code`, `subadmin1_code`, `name`, `active`) VALUES ('VN.84.507','VN','VN.84','{\"en\":\"Huyện Điện Bàn\"}',1);
INSERT INTO `__PREFIX__subadmin2` (`code`, `country_code`, `subadmin1_code`, `name`, `active`) VALUES ('VN.84.506','VN','VN.84','{\"en\":\"Huyện Đại Lộc\"}',1);
INSERT INTO `__PREFIX__subadmin2` (`code`, `country_code`, `subadmin1_code`, `name`, `active`) VALUES ('VN.84.510','VN','VN.84','{\"en\":\"Huyện Nam Giang\"}',1);
INSERT INTO `__PREFIX__subadmin2` (`code`, `country_code`, `subadmin1_code`, `name`, `active`) VALUES ('VN.84.511','VN','VN.84','{\"en\":\"Huyện Phước Sơn\"}',1);
INSERT INTO `__PREFIX__subadmin2` (`code`, `country_code`, `subadmin1_code`, `name`, `active`) VALUES ('VN.84.512','VN','VN.84','{\"en\":\"Huyện Hiệp Đức\"}',1);
INSERT INTO `__PREFIX__subadmin2` (`code`, `country_code`, `subadmin1_code`, `name`, `active`) VALUES ('VN.84.514','VN','VN.84','{\"en\":\"Huyện Tiên Phước\"}',1);
INSERT INTO `__PREFIX__subadmin2` (`code`, `country_code`, `subadmin1_code`, `name`, `active`) VALUES ('VN.84.517','VN','VN.84','{\"en\":\"Huyện Núi Thành\"}',1);
INSERT INTO `__PREFIX__subadmin2` (`code`, `country_code`, `subadmin1_code`, `name`, `active`) VALUES ('VN.84.516','VN','VN.84','{\"en\":\"Huyện Trà My\"}',1);
INSERT INTO `__PREFIX__subadmin2` (`code`, `country_code`, `subadmin1_code`, `name`, `active`) VALUES ('VN.39.178','VN','VN.39','{\"en\":\"Thành Phố Lạng Sơn\"}',1);
INSERT INTO `__PREFIX__subadmin2` (`code`, `country_code`, `subadmin1_code`, `name`, `active`) VALUES ('VN.39.182','VN','VN.39','{\"en\":\"Huyện Văn Lãng\"}',1);
INSERT INTO `__PREFIX__subadmin2` (`code`, `country_code`, `subadmin1_code`, `name`, `active`) VALUES ('VN.39.183','VN','VN.39','{\"en\":\"Huyện Cao Lộc\"}',1);
INSERT INTO `__PREFIX__subadmin2` (`code`, `country_code`, `subadmin1_code`, `name`, `active`) VALUES ('VN.39.184','VN','VN.39','{\"en\":\"Huyện Vặn Quan\"}',1);
INSERT INTO `__PREFIX__subadmin2` (`code`, `country_code`, `subadmin1_code`, `name`, `active`) VALUES ('VN.39.187','VN','VN.39','{\"en\":\"Huyện Chi Lăng\"}',1);
INSERT INTO `__PREFIX__subadmin2` (`code`, `country_code`, `subadmin1_code`, `name`, `active`) VALUES ('VN.39.188','VN','VN.39','{\"en\":\"Huyện Lộc Bình\"}',1);
INSERT INTO `__PREFIX__subadmin2` (`code`, `country_code`, `subadmin1_code`, `name`, `active`) VALUES ('VN.39.189','VN','VN.39','{\"en\":\"Huyện Đình Lập\"}',1);
INSERT INTO `__PREFIX__subadmin2` (`code`, `country_code`, `subadmin1_code`, `name`, `active`) VALUES ('VN.39.186','VN','VN.39','{\"en\":\"Huyện Hũu Lũng\"}',1);
INSERT INTO `__PREFIX__subadmin2` (`code`, `country_code`, `subadmin1_code`, `name`, `active`) VALUES ('VN.39.185','VN','VN.39','{\"en\":\"Huyện Bắc Sơn\"}',1);
INSERT INTO `__PREFIX__subadmin2` (`code`, `country_code`, `subadmin1_code`, `name`, `active`) VALUES ('VN.39.181','VN','VN.39','{\"en\":\"Huyện Bình Gia\"}',1);
INSERT INTO `__PREFIX__subadmin2` (`code`, `country_code`, `subadmin1_code`, `name`, `active`) VALUES ('VN.39.180','VN','VN.39','{\"en\":\"Huyện Tràng Định\"}',1);
INSERT INTO `__PREFIX__subadmin2` (`code`, `country_code`, `subadmin1_code`, `name`, `active`) VALUES ('VN.43.731','VN','VN.43','{\"en\":\"Thành Phố Biên Hòa\"}',1);
INSERT INTO `__PREFIX__subadmin2` (`code`, `country_code`, `subadmin1_code`, `name`, `active`) VALUES ('VN.43.735','VN','VN.43','{\"en\":\"Huyện Vĩnh Cửu\"}',1);
INSERT INTO `__PREFIX__subadmin2` (`code`, `country_code`, `subadmin1_code`, `name`, `active`) VALUES ('VN.43.738','VN','VN.43','{\"en\":\"Huyện Thống Nhất\"}',1);
INSERT INTO `__PREFIX__subadmin2` (`code`, `country_code`, `subadmin1_code`, `name`, `active`) VALUES ('VN.43.740','VN','VN.43','{\"en\":\"Huyện Long Thành\"}',1);
INSERT INTO `__PREFIX__subadmin2` (`code`, `country_code`, `subadmin1_code`, `name`, `active`) VALUES ('VN.43.742','VN','VN.43','{\"en\":\"Huyện Nhơn Trạch\"}',1);
INSERT INTO `__PREFIX__subadmin2` (`code`, `country_code`, `subadmin1_code`, `name`, `active`) VALUES ('VN.43.732','VN','VN.43','{\"en\":\"Thị Xã Long Khánh\"}',1);
INSERT INTO `__PREFIX__subadmin2` (`code`, `country_code`, `subadmin1_code`, `name`, `active`) VALUES ('VN.43.741','VN','VN.43','{\"en\":\"Huyện Xuân Lộc\"}',1);
INSERT INTO `__PREFIX__subadmin2` (`code`, `country_code`, `subadmin1_code`, `name`, `active`) VALUES ('VN.43.736','VN','VN.43','{\"en\":\"Huyện Định Quán\"}',1);
INSERT INTO `__PREFIX__subadmin2` (`code`, `country_code`, `subadmin1_code`, `name`, `active`) VALUES ('VN.43.734','VN','VN.43','{\"en\":\"Huyện Tân Phú\"}',1);
INSERT INTO `__PREFIX__subadmin2` (`code`, `country_code`, `subadmin1_code`, `name`, `active`) VALUES ('VN.46.540','VN','VN.46','{\"en\":\"Thành Phố Quy Nhơn\"}',1);
INSERT INTO `__PREFIX__subadmin2` (`code`, `country_code`, `subadmin1_code`, `name`, `active`) VALUES ('VN.46.550','VN','VN.46','{\"en\":\"Huyện Tuy Phước\"}',1);
INSERT INTO `__PREFIX__subadmin2` (`code`, `country_code`, `subadmin1_code`, `name`, `active`) VALUES ('VN.46.549','VN','VN.46','{\"en\":\"Thị Xã An Nhơn\"}',1);
INSERT INTO `__PREFIX__subadmin2` (`code`, `country_code`, `subadmin1_code`, `name`, `active`) VALUES ('VN.46.551','VN','VN.46','{\"en\":\"Huyện Vân Canh\"}',1);
INSERT INTO `__PREFIX__subadmin2` (`code`, `country_code`, `subadmin1_code`, `name`, `active`) VALUES ('VN.46.547','VN','VN.46','{\"en\":\"Huyện Tây Sơn\"}',1);
INSERT INTO `__PREFIX__subadmin2` (`code`, `country_code`, `subadmin1_code`, `name`, `active`) VALUES ('VN.46.548','VN','VN.46','{\"en\":\"Phu Cat District\"}',1);
INSERT INTO `__PREFIX__subadmin2` (`code`, `country_code`, `subadmin1_code`, `name`, `active`) VALUES ('VN.46.545','VN','VN.46','{\"en\":\"Huyện Phù Mỹ\"}',1);
INSERT INTO `__PREFIX__subadmin2` (`code`, `country_code`, `subadmin1_code`, `name`, `active`) VALUES ('VN.46.543','VN','VN.46','{\"en\":\"Huyện Hoài Nhơn\"}',1);
INSERT INTO `__PREFIX__subadmin2` (`code`, `country_code`, `subadmin1_code`, `name`, `active`) VALUES ('VN.46.546','VN','VN.46','{\"en\":\"Huyện Vĩnh Thạnh\"}',1);
INSERT INTO `__PREFIX__subadmin2` (`code`, `country_code`, `subadmin1_code`, `name`, `active`) VALUES ('VN.46.544','VN','VN.46','{\"en\":\"Huyện Hoài Ân\"}',1);
INSERT INTO `__PREFIX__subadmin2` (`code`, `country_code`, `subadmin1_code`, `name`, `active`) VALUES ('VN.46.542','VN','VN.46','{\"en\":\"Huyện An Lão\"}',1);
INSERT INTO `__PREFIX__subadmin2` (`code`, `country_code`, `subadmin1_code`, `name`, `active`) VALUES ('VN.47.593','VN','VN.47','{\"en\":\"Thành Phố Phan Thiết\"}',1);
INSERT INTO `__PREFIX__subadmin2` (`code`, `country_code`, `subadmin1_code`, `name`, `active`) VALUES ('VN.47.598','VN','VN.47','{\"en\":\"Huyện Hàm Thuận Nam\"}',1);
INSERT INTO `__PREFIX__subadmin2` (`code`, `country_code`, `subadmin1_code`, `name`, `active`) VALUES ('VN.47.597','VN','VN.47','{\"en\":\"Huyện Hàm Thuận Bắc\"}',1);
INSERT INTO `__PREFIX__subadmin2` (`code`, `country_code`, `subadmin1_code`, `name`, `active`) VALUES ('VN.47.596','VN','VN.47','{\"en\":\"Huyện Bắc Bình\"}',1);
INSERT INTO `__PREFIX__subadmin2` (`code`, `country_code`, `subadmin1_code`, `name`, `active`) VALUES ('VN.47.595','VN','VN.47','{\"en\":\"Huyện Tuy Phong\"}',1);
INSERT INTO `__PREFIX__subadmin2` (`code`, `country_code`, `subadmin1_code`, `name`, `active`) VALUES ('VN.47.601','VN','VN.47','{\"en\":\"Huyện Hàm Tân\"}',1);
INSERT INTO `__PREFIX__subadmin2` (`code`, `country_code`, `subadmin1_code`, `name`, `active`) VALUES ('VN.47.599','VN','VN.47','{\"en\":\"Huyện Tánh Linh\"}',1);
INSERT INTO `__PREFIX__subadmin2` (`code`, `country_code`, `subadmin1_code`, `name`, `active`) VALUES ('VN.47.600','VN','VN.47','{\"en\":\"Huyện Đức Linh\"}',1);
INSERT INTO `__PREFIX__subadmin2` (`code`, `country_code`, `subadmin1_code`, `name`, `active`) VALUES ('VN.47.602','VN','VN.47','{\"en\":\"Huyện Phú Quý\"}',1);
INSERT INTO `__PREFIX__subadmin2` (`code`, `country_code`, `subadmin1_code`, `name`, `active`) VALUES ('VN.86.243','VN','VN.86','{\"en\":\"Thành Phố Vĩnh Yên\"}',1);
INSERT INTO `__PREFIX__subadmin2` (`code`, `country_code`, `subadmin1_code`, `name`, `active`) VALUES ('VN.86.248','VN','VN.86','{\"en\":\"Huyện Tam Đảo\"}',1);
INSERT INTO `__PREFIX__subadmin2` (`code`, `country_code`, `subadmin1_code`, `name`, `active`) VALUES ('VN.44.250','VN','VN.44','{\"en\":\"Huyện Mê Linh\"}',1);
INSERT INTO `__PREFIX__subadmin2` (`code`, `country_code`, `subadmin1_code`, `name`, `active`) VALUES ('VN.86.251','VN','VN.86','{\"en\":\"Huyện Yên Lạc\"}',1);
INSERT INTO `__PREFIX__subadmin2` (`code`, `country_code`, `subadmin1_code`, `name`, `active`) VALUES ('VN.86.252','VN','VN.86','{\"en\":\"Huyện Vĩnh Tường\"}',1);
INSERT INTO `__PREFIX__subadmin2` (`code`, `country_code`, `subadmin1_code`, `name`, `active`) VALUES ('VN.86.246','VN','VN.86','{\"en\":\"Huyện Lập Thạch\"}',1);
INSERT INTO `__PREFIX__subadmin2` (`code`, `country_code`, `subadmin1_code`, `name`, `active`) VALUES ('VN.83.227','VN','VN.83','{\"en\":\"Thành Phố Việt Trì\"}',1);
INSERT INTO `__PREFIX__subadmin2` (`code`, `country_code`, `subadmin1_code`, `name`, `active`) VALUES ('VN.83.228','VN','VN.83','{\"en\":\"Thị xã Phú Thọ\"}',1);
INSERT INTO `__PREFIX__subadmin2` (`code`, `country_code`, `subadmin1_code`, `name`, `active`) VALUES ('VN.83.233','VN','VN.83','{\"en\":\"Huyện Phù Ninh\"}',1);
INSERT INTO `__PREFIX__subadmin2` (`code`, `country_code`, `subadmin1_code`, `name`, `active`) VALUES ('VN.83.232','VN','VN.83','{\"en\":\"Huyện Thanh Ba\"}',1);
INSERT INTO `__PREFIX__subadmin2` (`code`, `country_code`, `subadmin1_code`, `name`, `active`) VALUES ('VN.83.235','VN','VN.83','{\"en\":\"Huyện Cẩm Khê\"}',1);
INSERT INTO `__PREFIX__subadmin2` (`code`, `country_code`, `subadmin1_code`, `name`, `active`) VALUES ('VN.83.236','VN','VN.83','{\"en\":\"Huyện Tam Nông\"}',1);
INSERT INTO `__PREFIX__subadmin2` (`code`, `country_code`, `subadmin1_code`, `name`, `active`) VALUES ('VN.83.238','VN','VN.83','{\"en\":\"Huyện Thanh Sơn\"}',1);
INSERT INTO `__PREFIX__subadmin2` (`code`, `country_code`, `subadmin1_code`, `name`, `active`) VALUES ('VN.83.234','VN','VN.83','{\"en\":\"Huyện Yên Lập\"}',1);
INSERT INTO `__PREFIX__subadmin2` (`code`, `country_code`, `subadmin1_code`, `name`, `active`) VALUES ('VN.83.231','VN','VN.83','{\"en\":\"Huyện Hạ Hòa\"}',1);
INSERT INTO `__PREFIX__subadmin2` (`code`, `country_code`, `subadmin1_code`, `name`, `active`) VALUES ('VN.83.230','VN','VN.83','{\"en\":\"Huyện Đoan Hùng\"}',1);
INSERT INTO `__PREFIX__subadmin2` (`code`, `country_code`, `subadmin1_code`, `name`, `active`) VALUES ('VN.52.436','VN','VN.52','{\"en\":\"Thành Phố Hà Tĩnh\"}',1);
INSERT INTO `__PREFIX__subadmin2` (`code`, `country_code`, `subadmin1_code`, `name`, `active`) VALUES ('VN.52.446','VN','VN.52','{\"en\":\"Huyện Cẩm Xuyên\"}',1);
INSERT INTO `__PREFIX__subadmin2` (`code`, `country_code`, `subadmin1_code`, `name`, `active`) VALUES ('VN.52.447','VN','VN.52','{\"en\":\"Huyện Kỳ Anh\"}',1);
INSERT INTO `__PREFIX__subadmin2` (`code`, `country_code`, `subadmin1_code`, `name`, `active`) VALUES ('VN.52.444','VN','VN.52','{\"en\":\"Huyện Hương Khê\"}',1);
INSERT INTO `__PREFIX__subadmin2` (`code`, `country_code`, `subadmin1_code`, `name`, `active`) VALUES ('VN.52.445','VN','VN.52','{\"en\":\"Huyện Thạch Hà\"}',1);
INSERT INTO `__PREFIX__subadmin2` (`code`, `country_code`, `subadmin1_code`, `name`, `active`) VALUES ('VN.52.443','VN','VN.52','{\"en\":\"Huyện Can Lộc\"}',1);
INSERT INTO `__PREFIX__subadmin2` (`code`, `country_code`, `subadmin1_code`, `name`, `active`) VALUES ('VN.52.442','VN','VN.52','{\"en\":\"Huyện Nghi Xuân\"}',1);
INSERT INTO `__PREFIX__subadmin2` (`code`, `country_code`, `subadmin1_code`, `name`, `active`) VALUES ('VN.52.437','VN','VN.52','{\"en\":\"Thị Xã Hồng Lĩnh\"}',1);
INSERT INTO `__PREFIX__subadmin2` (`code`, `country_code`, `subadmin1_code`, `name`, `active`) VALUES ('VN.52.440','VN','VN.52','{\"en\":\"Huyện Ðức Thọ\"}',1);
INSERT INTO `__PREFIX__subadmin2` (`code`, `country_code`, `subadmin1_code`, `name`, `active`) VALUES ('VN.52.439','VN','VN.52','{\"en\":\"Huyện Hương Sơn\"}',1);
INSERT INTO `__PREFIX__subadmin2` (`code`, `country_code`, `subadmin1_code`, `name`, `active`) VALUES ('VN.54.568','VN','VN.54','{\"en\":\"Thành Phố Nha Trang\"}',1);
INSERT INTO `__PREFIX__subadmin2` (`code`, `country_code`, `subadmin1_code`, `name`, `active`) VALUES ('VN.54.574','VN','VN.54','{\"en\":\"Huyện Diên Khánh\"}',1);
INSERT INTO `__PREFIX__subadmin2` (`code`, `country_code`, `subadmin1_code`, `name`, `active`) VALUES ('VN.54.569','VN','VN.54','{\"en\":\"Thành Phố Cam Ranh\"}',1);
INSERT INTO `__PREFIX__subadmin2` (`code`, `country_code`, `subadmin1_code`, `name`, `active`) VALUES ('VN.54.575','VN','VN.54','{\"en\":\"Huyện Khánh Sơn\"}',1);
INSERT INTO `__PREFIX__subadmin2` (`code`, `country_code`, `subadmin1_code`, `name`, `active`) VALUES ('VN.54.573','VN','VN.54','{\"en\":\"Huyện Khánh Vĩnh\"}',1);
INSERT INTO `__PREFIX__subadmin2` (`code`, `country_code`, `subadmin1_code`, `name`, `active`) VALUES ('VN.54.572','VN','VN.54','{\"en\":\"Thị Xã Ninh Hòa\"}',1);
INSERT INTO `__PREFIX__subadmin2` (`code`, `country_code`, `subadmin1_code`, `name`, `active`) VALUES ('VN.54.571','VN','VN.54','{\"en\":\"Huyện Vạn Ninh\"}',1);
INSERT INTO `__PREFIX__subadmin2` (`code`, `country_code`, `subadmin1_code`, `name`, `active`) VALUES ('VN.54.576','VN','VN.54','{\"en\":\"Huyện Trường Sa\"}',1);
INSERT INTO `__PREFIX__subadmin2` (`code`, `country_code`, `subadmin1_code`, `name`, `active`) VALUES ('VN.55.608','VN','VN.55','{\"en\":\"Thành Phố Kon Tum\"}',1);
INSERT INTO `__PREFIX__subadmin2` (`code`, `country_code`, `subadmin1_code`, `name`, `active`) VALUES ('VN.55.615','VN','VN.55','{\"en\":\"Huyện Đắk Hà\"}',1);
INSERT INTO `__PREFIX__subadmin2` (`code`, `country_code`, `subadmin1_code`, `name`, `active`) VALUES ('VN.55.613','VN','VN.55','{\"en\":\"Huyện Kon Plông\"}',1);
INSERT INTO `__PREFIX__subadmin2` (`code`, `country_code`, `subadmin1_code`, `name`, `active`) VALUES ('VN.55.612','VN','VN.55','{\"en\":\"Huyện Đắk Tô\"}',1);
INSERT INTO `__PREFIX__subadmin2` (`code`, `country_code`, `subadmin1_code`, `name`, `active`) VALUES ('VN.55.616','VN','VN.55','{\"en\":\"Huyện Sa Thầy\"}',1);
INSERT INTO `__PREFIX__subadmin2` (`code`, `country_code`, `subadmin1_code`, `name`, `active`) VALUES ('VN.55.611','VN','VN.55','{\"en\":\"Huyện Ngọc Hồi\"}',1);
INSERT INTO `__PREFIX__subadmin2` (`code`, `country_code`, `subadmin1_code`, `name`, `active`) VALUES ('VN.55.610','VN','VN.55','{\"en\":\"Huyện Đắk Glei\"}',1);
INSERT INTO `__PREFIX__subadmin2` (`code`, `country_code`, `subadmin1_code`, `name`, `active`) VALUES ('VN.63.522','VN','VN.63','{\"en\":\"Thành Phố Quảng Ngãi\"}',1);
INSERT INTO `__PREFIX__subadmin2` (`code`, `country_code`, `subadmin1_code`, `name`, `active`) VALUES ('VN.63.528','VN','VN.63','{\"en\":\"Huyện Tư Nghĩa\"}',1);
INSERT INTO `__PREFIX__subadmin2` (`code`, `country_code`, `subadmin1_code`, `name`, `active`) VALUES ('VN.63.527','VN','VN.63','{\"en\":\"Huyện Sơn Tịnh\"}',1);
INSERT INTO `__PREFIX__subadmin2` (`code`, `country_code`, `subadmin1_code`, `name`, `active`) VALUES ('VN.63.524','VN','VN.63','{\"en\":\"Huyện Bình Sơn\"}',1);
INSERT INTO `__PREFIX__subadmin2` (`code`, `country_code`, `subadmin1_code`, `name`, `active`) VALUES ('VN.63.525','VN','VN.63','{\"en\":\"Huyện Trà Bồng\"}',1);
INSERT INTO `__PREFIX__subadmin2` (`code`, `country_code`, `subadmin1_code`, `name`, `active`) VALUES ('VN.63.530','VN','VN.63','{\"en\":\"Huyện Sơn Tây\"}',1);
INSERT INTO `__PREFIX__subadmin2` (`code`, `country_code`, `subadmin1_code`, `name`, `active`) VALUES ('VN.63.529','VN','VN.63','{\"en\":\"Huyện Sơn Hà\"}',1);
INSERT INTO `__PREFIX__subadmin2` (`code`, `country_code`, `subadmin1_code`, `name`, `active`) VALUES ('VN.63.531','VN','VN.63','{\"en\":\"Huyện Minh Long\"}',1);
INSERT INTO `__PREFIX__subadmin2` (`code`, `country_code`, `subadmin1_code`, `name`, `active`) VALUES ('VN.63.532','VN','VN.63','{\"en\":\"Huyện Nghĩa Hành\"}',1);
INSERT INTO `__PREFIX__subadmin2` (`code`, `country_code`, `subadmin1_code`, `name`, `active`) VALUES ('VN.63.533','VN','VN.63','{\"en\":\"Huyện Mộ Đức\"}',1);
INSERT INTO `__PREFIX__subadmin2` (`code`, `country_code`, `subadmin1_code`, `name`, `active`) VALUES ('VN.63.535','VN','VN.63','{\"en\":\"Huyện Ba Tơ\"}',1);
INSERT INTO `__PREFIX__subadmin2` (`code`, `country_code`, `subadmin1_code`, `name`, `active`) VALUES ('VN.63.534','VN','VN.63','{\"en\":\"Huyện Đức Phổ\"}',1);
INSERT INTO `__PREFIX__subadmin2` (`code`, `country_code`, `subadmin1_code`, `name`, `active`) VALUES ('VN.63.536','VN','VN.63','{\"en\":\"Huyện Lý Sơn\"}',1);
INSERT INTO `__PREFIX__subadmin2` (`code`, `country_code`, `subadmin1_code`, `name`, `active`) VALUES ('VN.82.356','VN','VN.82','{\"en\":\"Thành Phố Nam Định\"}',1);
INSERT INTO `__PREFIX__subadmin2` (`code`, `country_code`, `subadmin1_code`, `name`, `active`) VALUES ('VN.82.358','VN','VN.82','{\"en\":\"Huyện Mỹ Lộc\"}',1);
INSERT INTO `__PREFIX__subadmin2` (`code`, `country_code`, `subadmin1_code`, `name`, `active`) VALUES ('VN.82.359','VN','VN.82','{\"en\":\"Huyện Vụ Bản\"}',1);
INSERT INTO `__PREFIX__subadmin2` (`code`, `country_code`, `subadmin1_code`, `name`, `active`) VALUES ('VN.82.360','VN','VN.82','{\"en\":\"Huyện Ý Yên\"}',1);
INSERT INTO `__PREFIX__subadmin2` (`code`, `country_code`, `subadmin1_code`, `name`, `active`) VALUES ('VN.82.362','VN','VN.82','{\"en\":\"Huyện Nam Trực\"}',1);
INSERT INTO `__PREFIX__subadmin2` (`code`, `country_code`, `subadmin1_code`, `name`, `active`) VALUES ('VN.82.363','VN','VN.82','{\"en\":\"Huyện Trực Ninh\"}',1);
INSERT INTO `__PREFIX__subadmin2` (`code`, `country_code`, `subadmin1_code`, `name`, `active`) VALUES ('VN.82.364','VN','VN.82','{\"en\":\"Huyện Xuân Trường\"}',1);
INSERT INTO `__PREFIX__subadmin2` (`code`, `country_code`, `subadmin1_code`, `name`, `active`) VALUES ('VN.82.365','VN','VN.82','{\"en\":\"Huyện Giao Thủy\"}',1);
INSERT INTO `__PREFIX__subadmin2` (`code`, `country_code`, `subadmin1_code`, `name`, `active`) VALUES ('VN.82.366','VN','VN.82','{\"en\":\"Huyện Hải Hậu\"}',1);
INSERT INTO `__PREFIX__subadmin2` (`code`, `country_code`, `subadmin1_code`, `name`, `active`) VALUES ('VN.82.361','VN','VN.82','{\"en\":\"Huyện Nghĩa Hưng\"}',1);
INSERT INTO `__PREFIX__subadmin2` (`code`, `country_code`, `subadmin1_code`, `name`, `active`) VALUES ('VN.80.347','VN','VN.80','{\"en\":\"Thành Phố Phủ Lý\"}',1);
INSERT INTO `__PREFIX__subadmin2` (`code`, `country_code`, `subadmin1_code`, `name`, `active`) VALUES ('VN.80.349','VN','VN.80','{\"en\":\"Huyện Duy Tiên\"}',1);
INSERT INTO `__PREFIX__subadmin2` (`code`, `country_code`, `subadmin1_code`, `name`, `active`) VALUES ('VN.80.350','VN','VN.80','{\"en\":\"Huyện Kim Bảng\"}',1);
INSERT INTO `__PREFIX__subadmin2` (`code`, `country_code`, `subadmin1_code`, `name`, `active`) VALUES ('VN.80.351','VN','VN.80','{\"en\":\"Huyện Thanh Liêm\"}',1);
INSERT INTO `__PREFIX__subadmin2` (`code`, `country_code`, `subadmin1_code`, `name`, `active`) VALUES ('VN.80.352','VN','VN.80','{\"en\":\"Huyện Bình Lục\"}',1);
INSERT INTO `__PREFIX__subadmin2` (`code`, `country_code`, `subadmin1_code`, `name`, `active`) VALUES ('VN.80.353','VN','VN.80','{\"en\":\"Huyện Lý Nhân\"}',1);
INSERT INTO `__PREFIX__subadmin2` (`code`, `country_code`, `subadmin1_code`, `name`, `active`) VALUES ('VN.66.474','VN','VN.66','{\"en\":\"Thành Phố Huế\"}',1);
INSERT INTO `__PREFIX__subadmin2` (`code`, `country_code`, `subadmin1_code`, `name`, `active`) VALUES ('VN.66.479','VN','VN.66','{\"en\":\"Thị Xã Hương Thủy\"}',1);
INSERT INTO `__PREFIX__subadmin2` (`code`, `country_code`, `subadmin1_code`, `name`, `active`) VALUES ('VN.66.478','VN','VN.66','{\"en\":\"Huyện Phú Vang\"}',1);
INSERT INTO `__PREFIX__subadmin2` (`code`, `country_code`, `subadmin1_code`, `name`, `active`) VALUES ('VN.66.477','VN','VN.66','{\"en\":\"Huyện Quảng Ðiền\"}',1);
INSERT INTO `__PREFIX__subadmin2` (`code`, `country_code`, `subadmin1_code`, `name`, `active`) VALUES ('VN.66.476','VN','VN.66','{\"en\":\"Huyện Phong Điền\"}',1);
INSERT INTO `__PREFIX__subadmin2` (`code`, `country_code`, `subadmin1_code`, `name`, `active`) VALUES ('VN.66.480','VN','VN.66','{\"en\":\"Thị Xã Hương Trà\"}',1);
INSERT INTO `__PREFIX__subadmin2` (`code`, `country_code`, `subadmin1_code`, `name`, `active`) VALUES ('VN.66.481','VN','VN.66','{\"en\":\"Huyện A Lưới\"}',1);
INSERT INTO `__PREFIX__subadmin2` (`code`, `country_code`, `subadmin1_code`, `name`, `active`) VALUES ('VN.66.483','VN','VN.66','{\"en\":\"Huyện Nam Đông\"}',1);
INSERT INTO `__PREFIX__subadmin2` (`code`, `country_code`, `subadmin1_code`, `name`, `active`) VALUES ('VN.66.482','VN','VN.66','{\"en\":\"Huyện Phú Lộc\"}',1);
INSERT INTO `__PREFIX__subadmin2` (`code`, `country_code`, `subadmin1_code`, `name`, `active`) VALUES ('VN.61.555','VN','VN.61','{\"en\":\"Thành Phố Tuy Hòa\"}',1);
INSERT INTO `__PREFIX__subadmin2` (`code`, `country_code`, `subadmin1_code`, `name`, `active`) VALUES ('VN.61.561','VN','VN.61','{\"en\":\"Huyện Sông Hinh\"}',1);
INSERT INTO `__PREFIX__subadmin2` (`code`, `country_code`, `subadmin1_code`, `name`, `active`) VALUES ('VN.61.560','VN','VN.61','{\"en\":\"Huyện Sơn Hòa\"}',1);
INSERT INTO `__PREFIX__subadmin2` (`code`, `country_code`, `subadmin1_code`, `name`, `active`) VALUES ('VN.61.559','VN','VN.61','{\"en\":\"Huyện Tuy An\"}',1);
INSERT INTO `__PREFIX__subadmin2` (`code`, `country_code`, `subadmin1_code`, `name`, `active`) VALUES ('VN.61.557','VN','VN.61','{\"en\":\"Thị Xã Sông Cầu\"}',1);
INSERT INTO `__PREFIX__subadmin2` (`code`, `country_code`, `subadmin1_code`, `name`, `active`) VALUES ('VN.61.558','VN','VN.61','{\"en\":\"Huyện Đồng Xuân\"}',1);
INSERT INTO `__PREFIX__subadmin2` (`code`, `country_code`, `subadmin1_code`, `name`, `active`) VALUES ('VN.70.132','VN','VN.70','{\"en\":\"Thành Phố Yên Bái\"}',1);
INSERT INTO `__PREFIX__subadmin2` (`code`, `country_code`, `subadmin1_code`, `name`, `active`) VALUES ('VN.70.133','VN','VN.70','{\"en\":\"Nghĩa Lộ\"}',1);
INSERT INTO `__PREFIX__subadmin2` (`code`, `country_code`, `subadmin1_code`, `name`, `active`) VALUES ('VN.70.138','VN','VN.70','{\"en\":\"Huyện Trấn Yên\"}',1);
INSERT INTO `__PREFIX__subadmin2` (`code`, `country_code`, `subadmin1_code`, `name`, `active`) VALUES ('VN.70.140','VN','VN.70','{\"en\":\"Huyện Văn Chấn\"}',1);
INSERT INTO `__PREFIX__subadmin2` (`code`, `country_code`, `subadmin1_code`, `name`, `active`) VALUES ('VN.70.141','VN','VN.70','{\"en\":\"Huyện Yên Bình\"}',1);
INSERT INTO `__PREFIX__subadmin2` (`code`, `country_code`, `subadmin1_code`, `name`, `active`) VALUES ('VN.70.136','VN','VN.70','{\"en\":\"Huyện Văn Yên\"}',1);
INSERT INTO `__PREFIX__subadmin2` (`code`, `country_code`, `subadmin1_code`, `name`, `active`) VALUES ('VN.70.135','VN','VN.70','{\"en\":\"Huyện Lục Yên\"}',1);
INSERT INTO `__PREFIX__subadmin2` (`code`, `country_code`, `subadmin1_code`, `name`, `active`) VALUES ('VN.70.139','VN','VN.70','{\"en\":\"Huyện Trạm Tấu\"}',1);
INSERT INTO `__PREFIX__subadmin2` (`code`, `country_code`, `subadmin1_code`, `name`, `active`) VALUES ('VN.70.137','VN','VN.70','{\"en\":\"Huyện Mù Cang Chải\"}',1);
INSERT INTO `__PREFIX__subadmin2` (`code`, `country_code`, `subadmin1_code`, `name`, `active`) VALUES ('VN.72.063','VN','VN.72','{\"en\":\"Huyện Bạch Thông\"}',1);
INSERT INTO `__PREFIX__subadmin2` (`code`, `country_code`, `subadmin1_code`, `name`, `active`) VALUES ('VN.72.064','VN','VN.72','{\"en\":\"Huyện Chợ Đồn\"}',1);
INSERT INTO `__PREFIX__subadmin2` (`code`, `country_code`, `subadmin1_code`, `name`, `active`) VALUES ('VN.72.061','VN','VN.72','{\"en\":\"Huyện Ba Bể\"}',1);
INSERT INTO `__PREFIX__subadmin2` (`code`, `country_code`, `subadmin1_code`, `name`, `active`) VALUES ('VN.72.062','VN','VN.72','{\"en\":\"Huyện Ngân Sơn\"}',1);
INSERT INTO `__PREFIX__subadmin2` (`code`, `country_code`, `subadmin1_code`, `name`, `active`) VALUES ('VN.72.066','VN','VN.72','{\"en\":\"Huyện Na Rì\"}',1);
INSERT INTO `__PREFIX__subadmin2` (`code`, `country_code`, `subadmin1_code`, `name`, `active`) VALUES ('VN.73.959','VN','VN.73','{\"en\":\"Huyện Giá Rai\"}',1);
INSERT INTO `__PREFIX__subadmin2` (`code`, `country_code`, `subadmin1_code`, `name`, `active`) VALUES ('VN.73.956','VN','VN.73','{\"en\":\"Huyện Hồng Dân\"}',1);
INSERT INTO `__PREFIX__subadmin2` (`code`, `country_code`, `subadmin1_code`, `name`, `active`) VALUES ('VN.77.964','VN','VN.77','{\"en\":\"Thành Phố Cà Mau\"}',1);
INSERT INTO `__PREFIX__subadmin2` (`code`, `country_code`, `subadmin1_code`, `name`, `active`) VALUES ('VN.77.967','VN','VN.77','{\"en\":\"Huyện Thới Bình\"}',1);
INSERT INTO `__PREFIX__subadmin2` (`code`, `country_code`, `subadmin1_code`, `name`, `active`) VALUES ('VN.77.966','VN','VN.77','{\"en\":\"Huyện U Minh\"}',1);
INSERT INTO `__PREFIX__subadmin2` (`code`, `country_code`, `subadmin1_code`, `name`, `active`) VALUES ('VN.77.968','VN','VN.77','{\"en\":\"Huyện Trần Văn Thời\"}',1);
INSERT INTO `__PREFIX__subadmin2` (`code`, `country_code`, `subadmin1_code`, `name`, `active`) VALUES ('VN.77.969','VN','VN.77','{\"en\":\"Huyện Cái Nước\"}',1);
INSERT INTO `__PREFIX__subadmin2` (`code`, `country_code`, `subadmin1_code`, `name`, `active`) VALUES ('VN.77.970','VN','VN.77','{\"en\":\"Huyện Đầm Dơi\"}',1);
INSERT INTO `__PREFIX__subadmin2` (`code`, `country_code`, `subadmin1_code`, `name`, `active`) VALUES ('VN.77.973','VN','VN.77','{\"en\":\"Huyện Ngọc Hiển\"}',1);
INSERT INTO `__PREFIX__subadmin2` (`code`, `country_code`, `subadmin1_code`, `name`, `active`) VALUES ('VN.79.288','VN','VN.79','{\"en\":\"Thành Phố Hải Dương\"}',1);
INSERT INTO `__PREFIX__subadmin2` (`code`, `country_code`, `subadmin1_code`, `name`, `active`) VALUES ('VN.79.295','VN','VN.79','{\"en\":\"Huyện Cẩm Giàng\"}',1);
INSERT INTO `__PREFIX__subadmin2` (`code`, `country_code`, `subadmin1_code`, `name`, `active`) VALUES ('VN.79.296','VN','VN.79','{\"en\":\"Huyện Bình Giang\"}',1);
INSERT INTO `__PREFIX__subadmin2` (`code`, `country_code`, `subadmin1_code`, `name`, `active`) VALUES ('VN.79.297','VN','VN.79','{\"en\":\"Huyện Gia Lộc\"}',1);
INSERT INTO `__PREFIX__subadmin2` (`code`, `country_code`, `subadmin1_code`, `name`, `active`) VALUES ('VN.79.300','VN','VN.79','{\"en\":\"Huyện Thanh Miện\"}',1);
INSERT INTO `__PREFIX__subadmin2` (`code`, `country_code`, `subadmin1_code`, `name`, `active`) VALUES ('VN.79.299','VN','VN.79','{\"en\":\"Huyện Ninh Giang\"}',1);
INSERT INTO `__PREFIX__subadmin2` (`code`, `country_code`, `subadmin1_code`, `name`, `active`) VALUES ('VN.79.298','VN','VN.79','{\"en\":\"Huyện Tứ Kỳ\"}',1);
INSERT INTO `__PREFIX__subadmin2` (`code`, `country_code`, `subadmin1_code`, `name`, `active`) VALUES ('VN.79.294','VN','VN.79','{\"en\":\"Huyện Thanh Hà\"}',1);
INSERT INTO `__PREFIX__subadmin2` (`code`, `country_code`, `subadmin1_code`, `name`, `active`) VALUES ('VN.79.293','VN','VN.79','{\"en\":\"Huyện Kim Thành\"}',1);
INSERT INTO `__PREFIX__subadmin2` (`code`, `country_code`, `subadmin1_code`, `name`, `active`) VALUES ('VN.79.291','VN','VN.79','{\"en\":\"Huyện Nam Sách\"}',1);
INSERT INTO `__PREFIX__subadmin2` (`code`, `country_code`, `subadmin1_code`, `name`, `active`) VALUES ('VN.79.292','VN','VN.79','{\"en\":\"Huyện Kinh Môn\"}',1);
INSERT INTO `__PREFIX__subadmin2` (`code`, `country_code`, `subadmin1_code`, `name`, `active`) VALUES ('VN.79.290','VN','VN.79','{\"en\":\"Thị Xã Chí Linh\"}',1);
INSERT INTO `__PREFIX__subadmin2` (`code`, `country_code`, `subadmin1_code`, `name`, `active`) VALUES ('VN.81.332','VN','VN.81','{\"en\":\"Huyện Tiên Lữ\"}',1);
INSERT INTO `__PREFIX__subadmin2` (`code`, `country_code`, `subadmin1_code`, `name`, `active`) VALUES ('VN.81.331','VN','VN.81','{\"en\":\"Huyện Kim Động\"}',1);
INSERT INTO `__PREFIX__subadmin2` (`code`, `country_code`, `subadmin1_code`, `name`, `active`) VALUES ('VN.81.333','VN','VN.81','{\"en\":\"Huyện Phù Cừ\"}',1);
INSERT INTO `__PREFIX__subadmin2` (`code`, `country_code`, `subadmin1_code`, `name`, `active`) VALUES ('VN.81.329','VN','VN.81','{\"en\":\"Huyện Ân Thi\"}',1);
INSERT INTO `__PREFIX__subadmin2` (`code`, `country_code`, `subadmin1_code`, `name`, `active`) VALUES ('VN.81.330','VN','VN.81','{\"en\":\"Huyện Khoái Châu\"}',1);
INSERT INTO `__PREFIX__subadmin2` (`code`, `country_code`, `subadmin1_code`, `name`, `active`) VALUES ('VN.81.328','VN','VN.81','{\"en\":\"Huyện Mỹ Hào\"}',1);
INSERT INTO `__PREFIX__subadmin2` (`code`, `country_code`, `subadmin1_code`, `name`, `active`) VALUES ('VN.81.323','VN','VN.81','{\"en\":\"Thành Phố Hưng Yên\"}',1);
INSERT INTO `__PREFIX__subadmin2` (`code`, `country_code`, `subadmin1_code`, `name`, `active`) VALUES ('VN.85.164','VN','VN.85','{\"en\":\"Thành Phố Thái Nguyên\"}',1);
INSERT INTO `__PREFIX__subadmin2` (`code`, `country_code`, `subadmin1_code`, `name`, `active`) VALUES ('VN.05.040','VN','VN.05','{\"en\":\"Thành Phố Cao Bằng\"}',1);
INSERT INTO `__PREFIX__subadmin2` (`code`, `country_code`, `subadmin1_code`, `name`, `active`) VALUES ('VN.13.303','VN','VN.13','{\"en\":\"Quận Hồng Bàng\"}',1);
INSERT INTO `__PREFIX__subadmin2` (`code`, `country_code`, `subadmin1_code`, `name`, `active`) VALUES ('VN.68.070','VN','VN.68','{\"en\":\"Thành Phố Tuyên Quang\"}',1);
INSERT INTO `__PREFIX__subadmin2` (`code`, `country_code`, `subadmin1_code`, `name`, `active`) VALUES ('VN.68.076','VN','VN.68','{\"en\":\"Huyện Sơn Dương\"}',1);
INSERT INTO `__PREFIX__subadmin2` (`code`, `country_code`, `subadmin1_code`, `name`, `active`) VALUES ('VN.68.075','VN','VN.68','{\"en\":\"Huyện Yên Sơn\"}',1);
INSERT INTO `__PREFIX__subadmin2` (`code`, `country_code`, `subadmin1_code`, `name`, `active`) VALUES ('VN.68.074','VN','VN.68','{\"en\":\"Huyện Hàm Yên\"}',1);
INSERT INTO `__PREFIX__subadmin2` (`code`, `country_code`, `subadmin1_code`, `name`, `active`) VALUES ('VN.68.073','VN','VN.68','{\"en\":\"Huyện Chiêm Hóa\"}',1);
INSERT INTO `__PREFIX__subadmin2` (`code`, `country_code`, `subadmin1_code`, `name`, `active`) VALUES ('VN.68.072','VN','VN.68','{\"en\":\"Huyện Na Hang\"}',1);
INSERT INTO `__PREFIX__subadmin2` (`code`, `country_code`, `subadmin1_code`, `name`, `active`) VALUES ('VN.71.213','VN','VN.71','{\"en\":\"Thành phố Bắc Giang\"}',1);
INSERT INTO `__PREFIX__subadmin2` (`code`, `country_code`, `subadmin1_code`, `name`, `active`) VALUES ('VN.72.058','VN','VN.72','{\"en\":\"Thị Xã Bắc Kạn\"}',1);
INSERT INTO `__PREFIX__subadmin2` (`code`, `country_code`, `subadmin1_code`, `name`, `active`) VALUES ('VN.73.954','VN','VN.73','{\"en\":\"Thành phố Bạc Liêu\"}',1);
INSERT INTO `__PREFIX__subadmin2` (`code`, `country_code`, `subadmin1_code`, `name`, `active`) VALUES ('VN.78.492','VN','VN.78','{\"en\":\"Quận Hải Châu\"}',1);
INSERT INTO `__PREFIX__subadmin2` (`code`, `country_code`, `subadmin1_code`, `name`, `active`) VALUES ('VN.88.656','VN','VN.88','{\"en\":\"Huyện Lắk\"}',1);
INSERT INTO `__PREFIX__subadmin2` (`code`, `country_code`, `subadmin1_code`, `name`, `active`) VALUES ('VN.91.663','VN','VN.91','{\"en\":\"Huyện Đắk Mil\"}',1);
INSERT INTO `__PREFIX__subadmin2` (`code`, `country_code`, `subadmin1_code`, `name`, `active`) VALUES ('VN.88.655','VN','VN.88','{\"en\":\"Huyện Krông Ana\"}',1);
INSERT INTO `__PREFIX__subadmin2` (`code`, `country_code`, `subadmin1_code`, `name`, `active`) VALUES ('VN.88.653','VN','VN.88','{\"en\":\"Huyện Krông Bông\"}',1);
INSERT INTO `__PREFIX__subadmin2` (`code`, `country_code`, `subadmin1_code`, `name`, `active`) VALUES ('VN.88.654','VN','VN.88','{\"en\":\"Huyện Krông Păk\"}',1);
INSERT INTO `__PREFIX__subadmin2` (`code`, `country_code`, `subadmin1_code`, `name`, `active`) VALUES ('VN.88.651','VN','VN.88','{\"en\":\"Huyện Ea Kar\"}',1);
INSERT INTO `__PREFIX__subadmin2` (`code`, `country_code`, `subadmin1_code`, `name`, `active`) VALUES ('VN.88.652','VN','VN.88','{\"en\":\"Huyện M’Đrắk\"}',1);
INSERT INTO `__PREFIX__subadmin2` (`code`, `country_code`, `subadmin1_code`, `name`, `active`) VALUES ('VN.88.648','VN','VN.88','{\"en\":\"Huyện Cư M’Gar\"}',1);
INSERT INTO `__PREFIX__subadmin2` (`code`, `country_code`, `subadmin1_code`, `name`, `active`) VALUES ('VN.88.649','VN','VN.88','{\"en\":\"Huyện Krông Búk\"}',1);
INSERT INTO `__PREFIX__subadmin2` (`code`, `country_code`, `subadmin1_code`, `name`, `active`) VALUES ('VN.88.650','VN','VN.88','{\"en\":\"Huyện Krông Năng\"}',1);
INSERT INTO `__PREFIX__subadmin2` (`code`, `country_code`, `subadmin1_code`, `name`, `active`) VALUES ('VN.88.645','VN','VN.88','{\"en\":\"Huyện Ea H\'Leo\"}',1);
INSERT INTO `__PREFIX__subadmin2` (`code`, `country_code`, `subadmin1_code`, `name`, `active`) VALUES ('VN.91.662','VN','VN.91','{\"en\":\"Huyện Cư Jút\"}',1);
INSERT INTO `__PREFIX__subadmin2` (`code`, `country_code`, `subadmin1_code`, `name`, `active`) VALUES ('VN.74.261','VN','VN.74','{\"en\":\"Thị Xã Từ Sơn\"}',1);
INSERT INTO `__PREFIX__subadmin2` (`code`, `country_code`, `subadmin1_code`, `name`, `active`) VALUES ('VN.73.957','VN','VN.73','{\"en\":\"Huyện Phước Long\"}',1);
INSERT INTO `__PREFIX__subadmin2` (`code`, `country_code`, `subadmin1_code`, `name`, `active`) VALUES ('VN.73.958','VN','VN.73','{\"en\":\"Huyện Vĩnh Lợi\"}',1);
INSERT INTO `__PREFIX__subadmin2` (`code`, `country_code`, `subadmin1_code`, `name`, `active`) VALUES ('VN.73.960','VN','VN.73','{\"en\":\"Huyện Đông Hải\"}',1);
INSERT INTO `__PREFIX__subadmin2` (`code`, `country_code`, `subadmin1_code`, `name`, `active`) VALUES ('VN.74.264','VN','VN.74','{\"en\":\"Huyện Lương Tài\"}',1);
INSERT INTO `__PREFIX__subadmin2` (`code`, `country_code`, `subadmin1_code`, `name`, `active`) VALUES ('VN.72.060','VN','VN.72','{\"en\":\"Huyện Pác Nặm\"}',1);
INSERT INTO `__PREFIX__subadmin2` (`code`, `country_code`, `subadmin1_code`, `name`, `active`) VALUES ('VN.72.065','VN','VN.72','{\"en\":\"Huyện Chợ Mới\"}',1);
INSERT INTO `__PREFIX__subadmin2` (`code`, `country_code`, `subadmin1_code`, `name`, `active`) VALUES ('VN.45.752','VN','VN.45','{\"en\":\"Huyện Long Điền\"}',1);
INSERT INTO `__PREFIX__subadmin2` (`code`, `country_code`, `subadmin1_code`, `name`, `active`) VALUES ('VN.89.106','VN','VN.89','{\"en\":\"Huyện Tam Đường\"}',1);
INSERT INTO `__PREFIX__subadmin2` (`code`, `country_code`, `subadmin1_code`, `name`, `active`) VALUES ('VN.90.084','VN','VN.90','{\"en\":\"Huyện Si Ma Cai\"}',1);
INSERT INTO `__PREFIX__subadmin2` (`code`, `country_code`, `subadmin1_code`, `name`, `active`) VALUES ('VN.50.035','VN','VN.50','{\"en\":\"Huyện Quang Bình\"}',1);
INSERT INTO `__PREFIX__subadmin2` (`code`, `country_code`, `subadmin1_code`, `name`, `active`) VALUES ('VN.68.071','VN','VN.68','{\"en\":\"Huyện Lâm Bình\"}',1);
INSERT INTO `__PREFIX__subadmin2` (`code`, `country_code`, `subadmin1_code`, `name`, `active`) VALUES ('VN.92.096','VN','VN.92','{\"en\":\"Huyện Mường Nhé\"}',1);
INSERT INTO `__PREFIX__subadmin2` (`code`, `country_code`, `subadmin1_code`, `name`, `active`) VALUES ('VN.92.097','VN','VN.92','{\"en\":\"Huyện Mường Chà\"}',1);
INSERT INTO `__PREFIX__subadmin2` (`code`, `country_code`, `subadmin1_code`, `name`, `active`) VALUES ('VN.92.102','VN','VN.92','{\"en\":\"Huyện Mường Ảng\"}',1);
INSERT INTO `__PREFIX__subadmin2` (`code`, `country_code`, `subadmin1_code`, `name`, `active`) VALUES ('VN.05.042','VN','VN.05','{\"en\":\"Huyện Bảo Lâm\"}',1);
INSERT INTO `__PREFIX__subadmin2` (`code`, `country_code`, `subadmin1_code`, `name`, `active`) VALUES ('VN.53.154','VN','VN.53','{\"en\":\"Huyện Cao Phong\"}',1);
INSERT INTO `__PREFIX__subadmin2` (`code`, `country_code`, `subadmin1_code`, `name`, `active`) VALUES ('VN.75.722','VN','VN.75','{\"en\":\"Phu Giao District\"}',1);
INSERT INTO `__PREFIX__subadmin2` (`code`, `country_code`, `subadmin1_code`, `name`, `active`) VALUES ('VN.13.309','VN','VN.13','{\"en\":\"Quận Dương Kinh\"}',1);
INSERT INTO `__PREFIX__subadmin2` (`code`, `country_code`, `subadmin1_code`, `name`, `active`) VALUES ('VN.30.200','VN','VN.30','{\"en\":\"Huyện Đầm Hà\"}',1);
INSERT INTO `__PREFIX__subadmin2` (`code`, `country_code`, `subadmin1_code`, `name`, `active`) VALUES ('VN.83.240','VN','VN.83','{\"en\":\"Huyện Tân Sơn\"}',1);
INSERT INTO `__PREFIX__subadmin2` (`code`, `country_code`, `subadmin1_code`, `name`, `active`) VALUES ('VN.86.253','VN','VN.86','{\"en\":\"Huyện Sông Lô\"}',1);
INSERT INTO `__PREFIX__subadmin2` (`code`, `country_code`, `subadmin1_code`, `name`, `active`) VALUES ('VN.86.247','VN','VN.86','{\"en\":\"Huyện Tam Dương\"}',1);
INSERT INTO `__PREFIX__subadmin2` (`code`, `country_code`, `subadmin1_code`, `name`, `active`) VALUES ('VN.86.249','VN','VN.86','{\"en\":\"Huyện Bình Xuyên\"}',1);
INSERT INTO `__PREFIX__subadmin2` (`code`, `country_code`, `subadmin1_code`, `name`, `active`) VALUES ('VN.44.004','VN','VN.44','{\"en\":\"Quận Long Biên\"}',1);
INSERT INTO `__PREFIX__subadmin2` (`code`, `country_code`, `subadmin1_code`, `name`, `active`) VALUES ('VN.44.008','VN','VN.44','{\"en\":\"Quận Hoàng Mai\"}',1);
INSERT INTO `__PREFIX__subadmin2` (`code`, `country_code`, `subadmin1_code`, `name`, `active`) VALUES ('VN.58.414','VN','VN.58','{\"en\":\"Thị Xã Thái Hòa\"}',1);
INSERT INTO `__PREFIX__subadmin2` (`code`, `country_code`, `subadmin1_code`, `name`, `active`) VALUES ('VN.58.432','VN','VN.58','{\"en\":\"Thị Xã Hoàng Mai\"}',1);
INSERT INTO `__PREFIX__subadmin2` (`code`, `country_code`, `subadmin1_code`, `name`, `active`) VALUES ('VN.52.441','VN','VN.52','{\"en\":\"Huyện Vũ Quang\"}',1);
INSERT INTO `__PREFIX__subadmin2` (`code`, `country_code`, `subadmin1_code`, `name`, `active`) VALUES ('VN.64.471','VN','VN.64','{\"en\":\"Huyện Cồn Cỏ\"}',1);
INSERT INTO `__PREFIX__subadmin2` (`code`, `country_code`, `subadmin1_code`, `name`, `active`) VALUES ('VN.78.495','VN','VN.78','{\"en\":\"Quận Cẩm Lệ\"}',1);
INSERT INTO `__PREFIX__subadmin2` (`code`, `country_code`, `subadmin1_code`, `name`, `active`) VALUES ('VN.84.519','VN','VN.84','{\"en\":\"Huyện Nông Sơn\"}',1);
INSERT INTO `__PREFIX__subadmin2` (`code`, `country_code`, `subadmin1_code`, `name`, `active`) VALUES ('VN.84.505','VN','VN.84','{\"en\":\"Huyện Đông Giang\"}',1);
INSERT INTO `__PREFIX__subadmin2` (`code`, `country_code`, `subadmin1_code`, `name`, `active`) VALUES ('VN.84.504','VN','VN.84','{\"en\":\"Huyện Tây Giang\"}',1);
INSERT INTO `__PREFIX__subadmin2` (`code`, `country_code`, `subadmin1_code`, `name`, `active`) VALUES ('VN.84.515','VN','VN.84','{\"en\":\"Huyện Bắc Trà My\"}',1);
INSERT INTO `__PREFIX__subadmin2` (`code`, `country_code`, `subadmin1_code`, `name`, `active`) VALUES ('VN.84.518','VN','VN.84','{\"en\":\"Huyện Phú Ninh\"}',1);
INSERT INTO `__PREFIX__subadmin2` (`code`, `country_code`, `subadmin1_code`, `name`, `active`) VALUES ('VN.63.526','VN','VN.63','{\"en\":\"Huyện Tây Trà\"}',1);
INSERT INTO `__PREFIX__subadmin2` (`code`, `country_code`, `subadmin1_code`, `name`, `active`) VALUES ('VN.55.617','VN','VN.55','{\"en\":\"Huyện Tu Mơ Rông\"}',1);
INSERT INTO `__PREFIX__subadmin2` (`code`, `country_code`, `subadmin1_code`, `name`, `active`) VALUES ('VN.55.614','VN','VN.55','{\"en\":\"Huyện Kon Rẫy\"}',1);
INSERT INTO `__PREFIX__subadmin2` (`code`, `country_code`, `subadmin1_code`, `name`, `active`) VALUES ('VN.49.639','VN','VN.49','{\"en\":\"Huyện Chư Pưh\"}',1);
INSERT INTO `__PREFIX__subadmin2` (`code`, `country_code`, `subadmin1_code`, `name`, `active`) VALUES ('VN.49.638','VN','VN.49','{\"en\":\"Huyện Phú Thiện\"}',1);
INSERT INTO `__PREFIX__subadmin2` (`code`, `country_code`, `subadmin1_code`, `name`, `active`) VALUES ('VN.49.635','VN','VN.49','{\"en\":\"Huyện Ia Pa\"}',1);
INSERT INTO `__PREFIX__subadmin2` (`code`, `country_code`, `subadmin1_code`, `name`, `active`) VALUES ('VN.49.626','VN','VN.49','{\"en\":\"Huyện Đak Đoa\"}',1);
INSERT INTO `__PREFIX__subadmin2` (`code`, `country_code`, `subadmin1_code`, `name`, `active`) VALUES ('VN.49.634','VN','VN.49','{\"en\":\"Huyện Đak Pơ\"}',1);
INSERT INTO `__PREFIX__subadmin2` (`code`, `country_code`, `subadmin1_code`, `name`, `active`) VALUES ('VN.20.767','VN','VN.20','{\"en\":\"Tân Phú\"}',1);
INSERT INTO `__PREFIX__subadmin2` (`code`, `country_code`, `subadmin1_code`, `name`, `active`) VALUES ('VN.32.127','VN','VN.32','{\"en\":\"Huyen Sop Cop\"}',1);
INSERT INTO `__PREFIX__subadmin2` (`code`, `country_code`, `subadmin1_code`, `name`, `active`) VALUES ('VN.61.564','VN','VN.61','{\"en\":\"Huyện Đông Hòa\"}',1);
INSERT INTO `__PREFIX__subadmin2` (`code`, `country_code`, `subadmin1_code`, `name`, `active`) VALUES ('VN.88.657','VN','VN.88','{\"en\":\"Huyện Cư Kuin\"}',1);
INSERT INTO `__PREFIX__subadmin2` (`code`, `country_code`, `subadmin1_code`, `name`, `active`) VALUES ('VN.88.644','VN','VN.88','{\"en\":\"Thị Xã Buôn Hồ\"}',1);
INSERT INTO `__PREFIX__subadmin2` (`code`, `country_code`, `subadmin1_code`, `name`, `active`) VALUES ('VN.91.661','VN','VN.91','{\"en\":\"Huyen Dak Glong\"}',1);
INSERT INTO `__PREFIX__subadmin2` (`code`, `country_code`, `subadmin1_code`, `name`, `active`) VALUES ('VN.91.667','VN','VN.91','{\"en\":\"Huyen Tuy Duc\"}',1);
INSERT INTO `__PREFIX__subadmin2` (`code`, `country_code`, `subadmin1_code`, `name`, `active`) VALUES ('VN.91.665','VN','VN.91','{\"en\":\"Huyen Dak Song\"}',1);
INSERT INTO `__PREFIX__subadmin2` (`code`, `country_code`, `subadmin1_code`, `name`, `active`) VALUES ('VN.60.584','VN','VN.60','{\"en\":\"Huyen Bac Ai\"}',1);
INSERT INTO `__PREFIX__subadmin2` (`code`, `country_code`, `subadmin1_code`, `name`, `active`) VALUES ('VN.21.902','VN','VN.21','{\"en\":\"Kien Luong Town\"}',1);
INSERT INTO `__PREFIX__subadmin2` (`code`, `country_code`, `subadmin1_code`, `name`, `active`) VALUES ('VN.65.948','VN','VN.65','{\"en\":\"Huyen Nga Nam\"}',1);
INSERT INTO `__PREFIX__subadmin2` (`code`, `country_code`, `subadmin1_code`, `name`, `active`) VALUES ('VN.77.971','VN','VN.77','{\"en\":\"Huyen Nam Can\"}',1);
INSERT INTO `__PREFIX__subadmin2` (`code`, `country_code`, `subadmin1_code`, `name`, `active`) VALUES ('VN.05.050','VN','VN.05','{\"en\":\"Huyen Phuc Hoa\"}',1);
INSERT INTO `__PREFIX__subadmin2` (`code`, `country_code`, `subadmin1_code`, `name`, `active`) VALUES ('VN.83.237','VN','VN.83','{\"en\":\"Huyen Lam Thao\"}',1);
INSERT INTO `__PREFIX__subadmin2` (`code`, `country_code`, `subadmin1_code`, `name`, `active`) VALUES ('VN.54.570','VN','VN.54','{\"en\":\"Huyện Cam Lâm\"}',1);
INSERT INTO `__PREFIX__subadmin2` (`code`, `country_code`, `subadmin1_code`, `name`, `active`) VALUES ('VN.91.660','VN','VN.91','{\"en\":\"Thị Xã Gia Nghĩa\"}',1);
INSERT INTO `__PREFIX__subadmin2` (`code`, `country_code`, `subadmin1_code`, `name`, `active`) VALUES ('VN.60.589','VN','VN.60','{\"en\":\"Huyện Thuận Nam\"}',1);
INSERT INTO `__PREFIX__subadmin2` (`code`, `country_code`, `subadmin1_code`, `name`, `active`) VALUES ('VN.47.594','VN','VN.47','{\"en\":\"Thị Xã La Gi\"}',1);
INSERT INTO `__PREFIX__subadmin2` (`code`, `country_code`, `subadmin1_code`, `name`, `active`) VALUES ('VN.87.919','VN','VN.87','{\"en\":\"Cái Răng\"}',1);
INSERT INTO `__PREFIX__subadmin2` (`code`, `country_code`, `subadmin1_code`, `name`, `active`) VALUES ('VN.93.932','VN','VN.93','{\"en\":\"Huyện Châu Thành A\"}',1);
INSERT INTO `__PREFIX__subadmin2` (`code`, `country_code`, `subadmin1_code`, `name`, `active`) VALUES ('VN.43.739','VN','VN.43','{\"en\":\"Huyện Cẩm Mỹ\"}',1);
INSERT INTO `__PREFIX__subadmin2` (`code`, `country_code`, `subadmin1_code`, `name`, `active`) VALUES ('VN.43.737','VN','VN.43','{\"en\":\"Huyện Trảng Bom\"}',1);
INSERT INTO `__PREFIX__subadmin2` (`code`, `country_code`, `subadmin1_code`, `name`, `active`) VALUES ('VN.76.694','VN','VN.76','{\"en\":\"Huyện Hớn Quản\"}',1);
INSERT INTO `__PREFIX__subadmin2` (`code`, `country_code`, `subadmin1_code`, `name`, `active`) VALUES ('VN.76.691','VN','VN.76','{\"en\":\"Huyện Bù Gia Mập\"}',1);
INSERT INTO `__PREFIX__subadmin2` (`code`, `country_code`, `subadmin1_code`, `name`, `active`) VALUES ('VN.76.693','VN','VN.76','{\"en\":\"Huyện Bù Đốp\"}',1);
INSERT INTO `__PREFIX__subadmin2` (`code`, `country_code`, `subadmin1_code`, `name`, `active`) VALUES ('VN.76.697','VN','VN.76','{\"en\":\"Huyện Chơn Thành\"}',1);
INSERT INTO `__PREFIX__subadmin2` (`code`, `country_code`, `subadmin1_code`, `name`, `active`) VALUES ('VN.76.689','VN','VN.76','{\"en\":\"Thị Xã Đồng Xoài\"}',1);
INSERT INTO `__PREFIX__subadmin2` (`code`, `country_code`, `subadmin1_code`, `name`, `active`) VALUES ('VN.76.698','VN','VN.76','{\"en\":\"Huyện Phú Riềng\"}',1);
INSERT INTO `__PREFIX__subadmin2` (`code`, `country_code`, `subadmin1_code`, `name`, `active`) VALUES ('VN.75.719','VN','VN.75','{\"en\":\"Huyện Bàu Bàng\"}',1);
INSERT INTO `__PREFIX__subadmin2` (`code`, `country_code`, `subadmin1_code`, `name`, `active`) VALUES ('VN.75.724','VN','VN.75','{\"en\":\"Thị Xã Dĩ An\"}',1);
INSERT INTO `__PREFIX__subadmin2` (`code`, `country_code`, `subadmin1_code`, `name`, `active`) VALUES ('VN.75.720','VN','VN.75','{\"en\":\"Huyện Dầu Tiêng\"}',1);
INSERT INTO `__PREFIX__subadmin2` (`code`, `country_code`, `subadmin1_code`, `name`, `active`) VALUES ('VN.24.795','VN','VN.24','{\"en\":\"Thị Xã Kiến Tường\"}',1);
INSERT INTO `__PREFIX__subadmin2` (`code`, `country_code`, `subadmin1_code`, `name`, `active`) VALUES ('VN.37.817','VN','VN.37','{\"en\":\"Thị Xã Cai Lậy\"}',1);
INSERT INTO `__PREFIX__subadmin2` (`code`, `country_code`, `subadmin1_code`, `name`, `active`) VALUES ('VN.37.825','VN','VN.37','{\"en\":\"Huyện Tân Phú Đông\"}',1);
INSERT INTO `__PREFIX__subadmin2` (`code`, `country_code`, `subadmin1_code`, `name`, `active`) VALUES ('VN.21.913','VN','VN.21','{\"en\":\"Huyện U Minh Thượng\"}',1);
INSERT INTO `__PREFIX__subadmin2` (`code`, `country_code`, `subadmin1_code`, `name`, `active`) VALUES ('VN.09.868','VN','VN.09','{\"en\":\"Thị Xã Hồng Ngự\"}',1);
INSERT INTO `__PREFIX__subadmin2` (`code`, `country_code`, `subadmin1_code`, `name`, `active`) VALUES ('VN.69.863','VN','VN.69','{\"en\":\"Huyện Bình Tân\"}',1);
INSERT INTO `__PREFIX__subadmin2` (`code`, `country_code`, `subadmin1_code`, `name`, `active`) VALUES ('VN.03.838','VN','VN.03','{\"en\":\"Huyện Mỏ Cày Bắc\"}',1);
INSERT INTO `__PREFIX__subadmin2` (`code`, `country_code`, `subadmin1_code`, `name`, `active`) VALUES ('VN.87.918','VN','VN.87','{\"en\":\"Quận Bình Thủy\"}',1);
INSERT INTO `__PREFIX__subadmin2` (`code`, `country_code`, `subadmin1_code`, `name`, `active`) VALUES ('VN.87.926','VN','VN.87','{\"en\":\"Huyện Phong Điền\"}',1);
INSERT INTO `__PREFIX__subadmin2` (`code`, `country_code`, `subadmin1_code`, `name`, `active`) VALUES ('VN.87.927','VN','VN.87','{\"en\":\"Huyện Thới Lai\"}',1);
INSERT INTO `__PREFIX__subadmin2` (`code`, `country_code`, `subadmin1_code`, `name`, `active`) VALUES ('VN.87.925','VN','VN.87','{\"en\":\"Huyện Cờ Đỏ\"}',1);
INSERT INTO `__PREFIX__subadmin2` (`code`, `country_code`, `subadmin1_code`, `name`, `active`) VALUES ('VN.87.924','VN','VN.87','{\"en\":\"Huyện Vĩnh Thạnh\"}',1);
INSERT INTO `__PREFIX__subadmin2` (`code`, `country_code`, `subadmin1_code`, `name`, `active`) VALUES ('VN.93.931','VN','VN.93','{\"en\":\"Thị Xã Ngã Bảy\"}',1);
INSERT INTO `__PREFIX__subadmin2` (`code`, `country_code`, `subadmin1_code`, `name`, `active`) VALUES ('VN.93.930','VN','VN.93','{\"en\":\"Thành Phố Vị Thanh\"}',1);
INSERT INTO `__PREFIX__subadmin2` (`code`, `country_code`, `subadmin1_code`, `name`, `active`) VALUES ('VN.65.951','VN','VN.65','{\"en\":\"Huyện Trần Đề\"}',1);
INSERT INTO `__PREFIX__subadmin2` (`code`, `country_code`, `subadmin1_code`, `name`, `active`) VALUES ('VN.65.945','VN','VN.65','{\"en\":\"Huyện Cù Lao Dung\"}',1);
INSERT INTO `__PREFIX__subadmin2` (`code`, `country_code`, `subadmin1_code`, `name`, `active`) VALUES ('VN.77.972','VN','VN.77','{\"en\":\"Huyện Phú Tân\"}',1);
INSERT INTO `__PREFIX__subadmin2` (`code`, `country_code`, `subadmin1_code`, `name`, `active`) VALUES ('VN.89.112','VN','VN.89','{\"en\":\"Huyện Nậm Nhùn\"}',1);
INSERT INTO `__PREFIX__subadmin2` (`code`, `country_code`, `subadmin1_code`, `name`, `active`) VALUES ('VN.89.111','VN','VN.89','{\"en\":\"Huyện Tân Uyên\"}',1);
INSERT INTO `__PREFIX__subadmin2` (`code`, `country_code`, `subadmin1_code`, `name`, `active`) VALUES ('VN.05.049','VN','VN.05','{\"en\":\"Huyện Quảng Uyên\"}',1);
INSERT INTO `__PREFIX__subadmin2` (`code`, `country_code`, `subadmin1_code`, `name`, `active`) VALUES ('VN.13.306','VN','VN.13','{\"en\":\"Quận Hải An\"}',1);
INSERT INTO `__PREFIX__subadmin2` (`code`, `country_code`, `subadmin1_code`, `name`, `active`) VALUES ('VN.21.914','VN','VN.21','{\"en\":\"Huyện Giang Thành\"}',1);
INSERT INTO `__PREFIX__subadmin2` (`code`, `country_code`, `subadmin1_code`, `name`, `active`) VALUES ('VN.44.019','VN','VN.44','{\"en\":\"Quận Nam Từ Liêm\"}',1);
INSERT INTO `__PREFIX__subadmin2` (`code`, `country_code`, `subadmin1_code`, `name`, `active`) VALUES ('VN.52.448','VN','VN.52','{\"en\":\"Huyện Lộc Hà\"}',1);
INSERT INTO `__PREFIX__subadmin2` (`code`, `country_code`, `subadmin1_code`, `name`, `active`) VALUES ('VN.52.449','VN','VN.52','{\"en\":\"Thị xã Kỳ Anh\"}',1);
INSERT INTO `__PREFIX__subadmin2` (`code`, `country_code`, `subadmin1_code`, `name`, `active`) VALUES ('VN.60.588','VN','VN.60','{\"en\":\"Huyện Thuận Bắc\"}',1);
INSERT INTO `__PREFIX__subadmin2` (`code`, `country_code`, `subadmin1_code`, `name`, `active`) VALUES ('VN.61.563','VN','VN.61','{\"en\":\"Huyện Phú Hoà\"}',1);
INSERT INTO `__PREFIX__subadmin2` (`code`, `country_code`, `subadmin1_code`, `name`, `active`) VALUES ('VN.61.562','VN','VN.61','{\"en\":\"Huyện Tây Hoà\"}',1);
INSERT INTO `__PREFIX__subadmin2` (`code`, `country_code`, `subadmin1_code`, `name`, `active`) VALUES ('VN.67.851','VN','VN.67','{\"en\":\"Thị xã Duyên Hải\"}',1);
INSERT INTO `__PREFIX__subadmin2` (`code`, `country_code`, `subadmin1_code`, `name`, `active`) VALUES ('VN.73.961','VN','VN.73','{\"en\":\"Huyện Hoà Bình\"}',1);
INSERT INTO `__PREFIX__subadmin2` (`code`, `country_code`, `subadmin1_code`, `name`, `active`) VALUES ('VN.81.326','VN','VN.81','{\"en\":\"Huyện Văn Giang\"}',1);
INSERT INTO `__PREFIX__subadmin2` (`code`, `country_code`, `subadmin1_code`, `name`, `active`) VALUES ('VN.81.327','VN','VN.81','{\"en\":\"Huyện Yên Mỹ\"}',1);
INSERT INTO `__PREFIX__subadmin2` (`code`, `country_code`, `subadmin1_code`, `name`, `active`) VALUES ('VN.83.239','VN','VN.83','{\"en\":\"Huyện Thanh Thuỷ\"}',1);
INSERT INTO `__PREFIX__subadmin2` (`code`, `country_code`, `subadmin1_code`, `name`, `active`) VALUES ('VN.86.244','VN','VN.86','{\"en\":\"Thị xã Phúc Yên\"}',1);
INSERT INTO `__PREFIX__subadmin2` (`code`, `country_code`, `subadmin1_code`, `name`, `active`) VALUES ('VN.89.105','VN','VN.89','{\"en\":\"Thành phố Lai Châu\"}',1);
INSERT INTO `__PREFIX__subadmin2` (`code`, `country_code`, `subadmin1_code`, `name`, `active`) VALUES ('VN.93.937','VN','VN.93','{\"en\":\"Thị xã Long Mỹ\"}',1);
INSERT INTO `__PREFIX__subadmin2` (`code`, `country_code`, `subadmin1_code`, `name`, `active`) VALUES ('VN.20.777','VN','VN.20','{\"en\":\"Quận Bình Tân\"}',1);
INSERT INTO `__PREFIX__subadmin2` (`code`, `country_code`, `subadmin1_code`, `name`, `active`) VALUES ('VN.32.128','VN','VN.32','{\"en\":\"Huyện Vân Hồ\"}',1);
INSERT INTO `__PREFIX__subadmin2` (`code`, `country_code`, `subadmin1_code`, `name`, `active`) VALUES ('VN.62.458','VN','VN.62','{\"en\":\"Thị xã Ba Đồn\"}',1);
INSERT INTO `__PREFIX__subadmin2` (`code`, `country_code`, `subadmin1_code`, `name`, `active`) VALUES ('VN.81.325','VN','VN.81','{\"en\":\"Huyện Văn Lâm\"}',1);
INSERT INTO `__PREFIX__subadmin2` (`code`, `country_code`, `subadmin1_code`, `name`, `active`) VALUES ('VN.92.100','VN','VN.92','{\"en\":\"Huyện Điện Biên\"}',1);
INSERT INTO `__PREFIX__subadmin2` (`code`, `country_code`, `subadmin1_code`, `name`, `active`) VALUES ('VN.44.021','VN','VN.44','{\"en\":\"Quảng trường Ba Đình\"}',1);
INSERT INTO `__PREFIX__subadmin2` (`code`, `country_code`, `subadmin1_code`, `name`, `active`) VALUES ('VN.65.942','VN','VN.65','{\"en\":\"Huyện Châu Thành\"}',1);
INSERT INTO `__PREFIX__subadmin2` (`code`, `country_code`, `subadmin1_code`, `name`, `active`) VALUES ('VN.55.618','VN','VN.55','{\"en\":\"Huyện Ia H\'Drai\"}',1);
INSERT INTO `__PREFIX__subadmin2` (`code`, `country_code`, `subadmin1_code`, `name`, `active`) VALUES ('VN.92.103','VN','VN.92','{\"en\":\"Huyện Nậm Pồ\"}',1);
/*!40000 ALTER TABLE `__PREFIX__subadmin2` ENABLE KEYS */;

--
-- Dumping data for table `__PREFIX__cities`
--

/*!40000 ALTER TABLE `__PREFIX__cities` DISABLE KEYS */;
INSERT INTO `__PREFIX__cities` (`country_code`, `name`, `longitude`, `latitude`, `feature_class`, `feature_code`, `subadmin1_code`, `subadmin2_code`, `population`, `time_zone`, `active`, `created_at`, `updated_at`) VALUES ('VN','{\"en\":\"Yên Vinh\"}',105.67,18.67,'P','PPL','VN.58',NULL,107082,'Asia/Bangkok',1,'2018-07-02 23:00:00','2018-07-02 23:00:00');
INSERT INTO `__PREFIX__cities` (`country_code`, `name`, `longitude`, `latitude`, `feature_class`, `feature_code`, `subadmin1_code`, `subadmin2_code`, `population`, `time_zone`, `active`, `created_at`, `updated_at`) VALUES ('VN','{\"en\":\"Yên Bái\"}',104.91,21.72,'P','PPLA','VN.70',NULL,96540,'Asia/Bangkok',1,'2020-06-08 23:00:00','2020-06-08 23:00:00');
INSERT INTO `__PREFIX__cities` (`country_code`, `name`, `longitude`, `latitude`, `feature_class`, `feature_code`, `subadmin1_code`, `subadmin2_code`, `population`, `time_zone`, `active`, `created_at`, `updated_at`) VALUES ('VN','{\"en\":\"Xuân Mai\"}',105.58,20.90,'P','PPL','VN.44',NULL,25100,'Asia/Bangkok',1,'2021-12-07 23:00:00','2021-12-07 23:00:00');
INSERT INTO `__PREFIX__cities` (`country_code`, `name`, `longitude`, `latitude`, `feature_class`, `feature_code`, `subadmin1_code`, `subadmin2_code`, `population`, `time_zone`, `active`, `created_at`, `updated_at`) VALUES ('VN','{\"en\":\"Vũng Tàu\"}',107.08,10.35,'P','PPLA2','VN.45',NULL,341552,'Asia/Ho_Chi_Minh',1,'2021-12-08 23:00:00','2021-12-08 23:00:00');
INSERT INTO `__PREFIX__cities` (`country_code`, `name`, `longitude`, `latitude`, `feature_class`, `feature_code`, `subadmin1_code`, `subadmin2_code`, `population`, `time_zone`, `active`, `created_at`, `updated_at`) VALUES ('VN','{\"en\":\"Vị Thanh\"}',105.47,9.78,'P','PPLA','VN.93',NULL,24477,'Asia/Ho_Chi_Minh',1,'2020-06-08 23:00:00','2020-06-08 23:00:00');
INSERT INTO `__PREFIX__cities` (`country_code`, `name`, `longitude`, `latitude`, `feature_class`, `feature_code`, `subadmin1_code`, `subadmin2_code`, `population`, `time_zone`, `active`, `created_at`, `updated_at`) VALUES ('VN','{\"en\":\"Vĩnh Yên\"}',105.60,21.31,'P','PPLA','VN.86',NULL,17876,'Asia/Bangkok',1,'2020-06-08 23:00:00','2020-06-08 23:00:00');
INSERT INTO `__PREFIX__cities` (`country_code`, `name`, `longitude`, `latitude`, `feature_class`, `feature_code`, `subadmin1_code`, `subadmin2_code`, `population`, `time_zone`, `active`, `created_at`, `updated_at`) VALUES ('VN','{\"en\":\"Vĩnh Long\"}',105.97,10.25,'P','PPLA','VN.69','VN.69.855',137870,'Asia/Ho_Chi_Minh',1,'2021-11-14 23:00:00','2021-11-14 23:00:00');
INSERT INTO `__PREFIX__cities` (`country_code`, `name`, `longitude`, `latitude`, `feature_class`, `feature_code`, `subadmin1_code`, `subadmin2_code`, `population`, `time_zone`, `active`, `created_at`, `updated_at`) VALUES ('VN','{\"en\":\"Vĩnh Châu\"}',105.98,9.32,'P','PPLA2','VN.65',NULL,183918,'Asia/Ho_Chi_Minh',1,'2021-07-12 23:00:00','2021-07-12 23:00:00');
INSERT INTO `__PREFIX__cities` (`country_code`, `name`, `longitude`, `latitude`, `feature_class`, `feature_code`, `subadmin1_code`, `subadmin2_code`, `population`, `time_zone`, `active`, `created_at`, `updated_at`) VALUES ('VN','{\"en\":\"Vinh\"}',105.69,18.67,'P','PPLA','VN.58',NULL,163759,'Asia/Bangkok',1,'2013-10-03 23:00:00','2013-10-03 23:00:00');
INSERT INTO `__PREFIX__cities` (`country_code`, `name`, `longitude`, `latitude`, `feature_class`, `feature_code`, `subadmin1_code`, `subadmin2_code`, `population`, `time_zone`, `active`, `created_at`, `updated_at`) VALUES ('VN','{\"en\":\"Việt Trì\"}',105.40,21.32,'P','PPLA','VN.83',NULL,140935,'Asia/Bangkok',1,'2021-12-07 23:00:00','2021-12-07 23:00:00');
INSERT INTO `__PREFIX__cities` (`country_code`, `name`, `longitude`, `latitude`, `feature_class`, `feature_code`, `subadmin1_code`, `subadmin2_code`, `population`, `time_zone`, `active`, `created_at`, `updated_at`) VALUES ('VN','{\"en\":\"Thành Phố Uông Bí\"}',106.77,21.03,'P','PPL','VN.30',NULL,63829,'Asia/Bangkok',1,'2013-08-03 23:00:00','2013-08-03 23:00:00');
INSERT INTO `__PREFIX__cities` (`country_code`, `name`, `longitude`, `latitude`, `feature_class`, `feature_code`, `subadmin1_code`, `subadmin2_code`, `population`, `time_zone`, `active`, `created_at`, `updated_at`) VALUES ('VN','{\"en\":\"Tuy Hòa\"}',109.32,13.10,'P','PPLA','VN.61',NULL,69596,'Asia/Ho_Chi_Minh',1,'2020-06-08 23:00:00','2020-06-08 23:00:00');
INSERT INTO `__PREFIX__cities` (`country_code`, `name`, `longitude`, `latitude`, `feature_class`, `feature_code`, `subadmin1_code`, `subadmin2_code`, `population`, `time_zone`, `active`, `created_at`, `updated_at`) VALUES ('VN','{\"en\":\"Tuyên Quang\"}',105.21,21.82,'P','PPLA','VN.68',NULL,36430,'Asia/Bangkok',1,'2020-06-08 23:00:00','2020-06-08 23:00:00');
INSERT INTO `__PREFIX__cities` (`country_code`, `name`, `longitude`, `latitude`, `feature_class`, `feature_code`, `subadmin1_code`, `subadmin2_code`, `population`, `time_zone`, `active`, `created_at`, `updated_at`) VALUES ('VN','{\"en\":\"Trà Vinh\"}',106.34,9.95,'P','PPLA','VN.67',NULL,57408,'Asia/Ho_Chi_Minh',1,'2020-06-08 23:00:00','2020-06-08 23:00:00');
INSERT INTO `__PREFIX__cities` (`country_code`, `name`, `longitude`, `latitude`, `feature_class`, `feature_code`, `subadmin1_code`, `subadmin2_code`, `population`, `time_zone`, `active`, `created_at`, `updated_at`) VALUES ('VN','{\"en\":\"Thủ Dầu Một\"}',106.65,10.98,'P','PPLA','VN.75',NULL,91009,'Asia/Ho_Chi_Minh',1,'2014-06-03 23:00:00','2014-06-03 23:00:00');
INSERT INTO `__PREFIX__cities` (`country_code`, `name`, `longitude`, `latitude`, `feature_class`, `feature_code`, `subadmin1_code`, `subadmin2_code`, `population`, `time_zone`, `active`, `created_at`, `updated_at`) VALUES ('VN','{\"en\":\"Thốt Nốt\"}',105.53,10.27,'P','PPLA2','VN.87',NULL,158225,'Asia/Ho_Chi_Minh',1,'2021-11-11 23:00:00','2021-11-11 23:00:00');
INSERT INTO `__PREFIX__cities` (`country_code`, `name`, `longitude`, `latitude`, `feature_class`, `feature_code`, `subadmin1_code`, `subadmin2_code`, `population`, `time_zone`, `active`, `created_at`, `updated_at`) VALUES ('VN','{\"en\":\"Thới Lai\"}',105.56,10.07,'P','PPLA2','VN.87',NULL,109684,'Asia/Ho_Chi_Minh',1,'2021-11-14 23:00:00','2021-11-14 23:00:00');
INSERT INTO `__PREFIX__cities` (`country_code`, `name`, `longitude`, `latitude`, `feature_class`, `feature_code`, `subadmin1_code`, `subadmin2_code`, `population`, `time_zone`, `active`, `created_at`, `updated_at`) VALUES ('VN','{\"en\":\"Ho Chi Minh City\"}',106.63,10.82,'P','PPLA','VN.20',NULL,8993082,'Asia/Ho_Chi_Minh',1,'2021-12-06 23:00:00','2021-12-06 23:00:00');
INSERT INTO `__PREFIX__cities` (`country_code`, `name`, `longitude`, `latitude`, `feature_class`, `feature_code`, `subadmin1_code`, `subadmin2_code`, `population`, `time_zone`, `active`, `created_at`, `updated_at`) VALUES ('VN','{\"en\":\"Thanh Hóa\"}',105.77,19.80,'P','PPLA','VN.34',NULL,112473,'Asia/Bangkok',1,'2012-12-08 23:00:00','2012-12-08 23:00:00');
INSERT INTO `__PREFIX__cities` (`country_code`, `name`, `longitude`, `latitude`, `feature_class`, `feature_code`, `subadmin1_code`, `subadmin2_code`, `population`, `time_zone`, `active`, `created_at`, `updated_at`) VALUES ('VN','{\"en\":\"Thái Nguyên\"}',105.85,21.59,'P','PPLA','VN.85',NULL,249004,'Asia/Bangkok',1,'2021-12-05 23:00:00','2021-12-05 23:00:00');
INSERT INTO `__PREFIX__cities` (`country_code`, `name`, `longitude`, `latitude`, `feature_class`, `feature_code`, `subadmin1_code`, `subadmin2_code`, `population`, `time_zone`, `active`, `created_at`, `updated_at`) VALUES ('VN','{\"en\":\"Thái Bình\"}',106.34,20.45,'P','PPLA','VN.35',NULL,53071,'Asia/Bangkok',1,'2020-06-08 23:00:00','2020-06-08 23:00:00');
INSERT INTO `__PREFIX__cities` (`country_code`, `name`, `longitude`, `latitude`, `feature_class`, `feature_code`, `subadmin1_code`, `subadmin2_code`, `population`, `time_zone`, `active`, `created_at`, `updated_at`) VALUES ('VN','{\"en\":\"Tây Ninh\"}',106.10,11.31,'P','PPLA','VN.33',NULL,36456,'Asia/Ho_Chi_Minh',1,'2020-06-08 23:00:00','2020-06-08 23:00:00');
INSERT INTO `__PREFIX__cities` (`country_code`, `name`, `longitude`, `latitude`, `feature_class`, `feature_code`, `subadmin1_code`, `subadmin2_code`, `population`, `time_zone`, `active`, `created_at`, `updated_at`) VALUES ('VN','{\"en\":\"Tân An\"}',106.41,10.54,'P','PPLA','VN.24',NULL,64801,'Asia/Ho_Chi_Minh',1,'2020-06-08 23:00:00','2020-06-08 23:00:00');
INSERT INTO `__PREFIX__cities` (`country_code`, `name`, `longitude`, `latitude`, `feature_class`, `feature_code`, `subadmin1_code`, `subadmin2_code`, `population`, `time_zone`, `active`, `created_at`, `updated_at`) VALUES ('VN','{\"en\":\"Tam Kỳ\"}',108.47,15.57,'P','PPLA','VN.84',NULL,59000,'Asia/Ho_Chi_Minh',1,'2020-06-08 23:00:00','2020-06-08 23:00:00');
INSERT INTO `__PREFIX__cities` (`country_code`, `name`, `longitude`, `latitude`, `feature_class`, `feature_code`, `subadmin1_code`, `subadmin2_code`, `population`, `time_zone`, `active`, `created_at`, `updated_at`) VALUES ('VN','{\"en\":\"Sơn Tây\"}',105.51,21.14,'P','PPLA2','VN.44',NULL,76956,'Asia/Bangkok',1,'2021-12-07 23:00:00','2021-12-07 23:00:00');
INSERT INTO `__PREFIX__cities` (`country_code`, `name`, `longitude`, `latitude`, `feature_class`, `feature_code`, `subadmin1_code`, `subadmin2_code`, `population`, `time_zone`, `active`, `created_at`, `updated_at`) VALUES ('VN','{\"en\":\"Sơn La\"}',103.92,21.33,'P','PPLA','VN.32',NULL,19054,'Asia/Bangkok',1,'2013-06-29 23:00:00','2013-06-29 23:00:00');
INSERT INTO `__PREFIX__cities` (`country_code`, `name`, `longitude`, `latitude`, `feature_class`, `feature_code`, `subadmin1_code`, `subadmin2_code`, `population`, `time_zone`, `active`, `created_at`, `updated_at`) VALUES ('VN','{\"en\":\"Sông Cầu\"}',109.22,13.46,'P','PPLA2','VN.61',NULL,94066,'Asia/Ho_Chi_Minh',1,'2020-06-08 23:00:00','2020-06-08 23:00:00');
INSERT INTO `__PREFIX__cities` (`country_code`, `name`, `longitude`, `latitude`, `feature_class`, `feature_code`, `subadmin1_code`, `subadmin2_code`, `population`, `time_zone`, `active`, `created_at`, `updated_at`) VALUES ('VN','{\"en\":\"Sóc Trăng\"}',105.97,9.60,'P','PPLA','VN.65',NULL,114453,'Asia/Ho_Chi_Minh',1,'2020-06-08 23:00:00','2020-06-08 23:00:00');
INSERT INTO `__PREFIX__cities` (`country_code`, `name`, `longitude`, `latitude`, `feature_class`, `feature_code`, `subadmin1_code`, `subadmin2_code`, `population`, `time_zone`, `active`, `created_at`, `updated_at`) VALUES ('VN','{\"en\":\"Sa Pa\"}',103.84,22.34,'P','PPL','VN.90',NULL,10554,'Asia/Bangkok',1,'2019-08-28 23:00:00','2019-08-28 23:00:00');
INSERT INTO `__PREFIX__cities` (`country_code`, `name`, `longitude`, `latitude`, `feature_class`, `feature_code`, `subadmin1_code`, `subadmin2_code`, `population`, `time_zone`, `active`, `created_at`, `updated_at`) VALUES ('VN','{\"en\":\"Sa Dec\"}',105.76,10.29,'P','PPLA2','VN.09','VN.09.867',203588,'Asia/Ho_Chi_Minh',1,'2020-05-29 23:00:00','2020-05-29 23:00:00');
INSERT INTO `__PREFIX__cities` (`country_code`, `name`, `longitude`, `latitude`, `feature_class`, `feature_code`, `subadmin1_code`, `subadmin2_code`, `population`, `time_zone`, `active`, `created_at`, `updated_at`) VALUES ('VN','{\"en\":\"Rạch Giá\"}',105.08,10.01,'P','PPLA','VN.21','VN.21.899',228356,'Asia/Ho_Chi_Minh',1,'2020-06-08 23:00:00','2020-06-08 23:00:00');
INSERT INTO `__PREFIX__cities` (`country_code`, `name`, `longitude`, `latitude`, `feature_class`, `feature_code`, `subadmin1_code`, `subadmin2_code`, `population`, `time_zone`, `active`, `created_at`, `updated_at`) VALUES ('VN','{\"en\":\"Qui Nhon\"}',109.22,13.78,'P','PPLA','VN.46','VN.46.548',210338,'Asia/Ho_Chi_Minh',1,'2018-10-24 23:00:00','2018-10-24 23:00:00');
INSERT INTO `__PREFIX__cities` (`country_code`, `name`, `longitude`, `latitude`, `feature_class`, `feature_code`, `subadmin1_code`, `subadmin2_code`, `population`, `time_zone`, `active`, `created_at`, `updated_at`) VALUES ('VN','{\"en\":\"Quảng Ngãi\"}',108.79,15.12,'P','PPLA','VN.63',NULL,32992,'Asia/Ho_Chi_Minh',1,'2020-06-08 23:00:00','2020-06-08 23:00:00');
INSERT INTO `__PREFIX__cities` (`country_code`, `name`, `longitude`, `latitude`, `feature_class`, `feature_code`, `subadmin1_code`, `subadmin2_code`, `population`, `time_zone`, `active`, `created_at`, `updated_at`) VALUES ('VN','{\"en\":\"Pleiku\"}',108.00,13.98,'P','PPLA','VN.49',NULL,114225,'Asia/Ho_Chi_Minh',1,'2012-01-15 23:00:00','2012-01-15 23:00:00');
INSERT INTO `__PREFIX__cities` (`country_code`, `name`, `longitude`, `latitude`, `feature_class`, `feature_code`, `subadmin1_code`, `subadmin2_code`, `population`, `time_zone`, `active`, `created_at`, `updated_at`) VALUES ('VN','{\"en\":\"Dương Đông\"}',103.96,10.22,'P','PPL','VN.21',NULL,15000,'Asia/Ho_Chi_Minh',1,'2013-05-10 23:00:00','2013-05-10 23:00:00');
INSERT INTO `__PREFIX__cities` (`country_code`, `name`, `longitude`, `latitude`, `feature_class`, `feature_code`, `subadmin1_code`, `subadmin2_code`, `population`, `time_zone`, `active`, `created_at`, `updated_at`) VALUES ('VN','{\"en\":\"Phủ Lý\"}',105.91,20.55,'P','PPLA','VN.80',NULL,31801,'Asia/Bangkok',1,'2020-06-08 23:00:00','2020-06-08 23:00:00');
INSERT INTO `__PREFIX__cities` (`country_code`, `name`, `longitude`, `latitude`, `feature_class`, `feature_code`, `subadmin1_code`, `subadmin2_code`, `population`, `time_zone`, `active`, `created_at`, `updated_at`) VALUES ('VN','{\"en\":\"Phú Khương\"}',106.13,11.28,'P','PPL','VN.33',NULL,47966,'Asia/Ho_Chi_Minh',1,'2018-12-03 23:00:00','2018-12-03 23:00:00');
INSERT INTO `__PREFIX__cities` (`country_code`, `name`, `longitude`, `latitude`, `feature_class`, `feature_code`, `subadmin1_code`, `subadmin2_code`, `population`, `time_zone`, `active`, `created_at`, `updated_at`) VALUES ('VN','{\"en\":\"Phong Điền\"}',105.67,10.00,'P','PPLA2','VN.87',NULL,98424,'Asia/Ho_Chi_Minh',1,'2021-11-14 23:00:00','2021-11-14 23:00:00');
INSERT INTO `__PREFIX__cities` (`country_code`, `name`, `longitude`, `latitude`, `feature_class`, `feature_code`, `subadmin1_code`, `subadmin2_code`, `population`, `time_zone`, `active`, `created_at`, `updated_at`) VALUES ('VN','{\"en\":\"Phan Thiết\"}',108.10,10.93,'P','PPLA','VN.47',NULL,160652,'Asia/Ho_Chi_Minh',1,'2020-06-08 23:00:00','2020-06-08 23:00:00');
INSERT INTO `__PREFIX__cities` (`country_code`, `name`, `longitude`, `latitude`, `feature_class`, `feature_code`, `subadmin1_code`, `subadmin2_code`, `population`, `time_zone`, `active`, `created_at`, `updated_at`) VALUES ('VN','{\"en\":\"Phan Rang-Tháp Chàm\"}',108.99,11.56,'P','PPLA','VN.60',NULL,91520,'Asia/Ho_Chi_Minh',1,'2020-06-08 23:00:00','2020-06-08 23:00:00');
INSERT INTO `__PREFIX__cities` (`country_code`, `name`, `longitude`, `latitude`, `feature_class`, `feature_code`, `subadmin1_code`, `subadmin2_code`, `population`, `time_zone`, `active`, `created_at`, `updated_at`) VALUES ('VN','{\"en\":\"Ô Môn\"}',105.62,10.11,'P','PPLA2','VN.87',NULL,129683,'Asia/Ho_Chi_Minh',1,'2021-11-11 23:00:00','2021-11-11 23:00:00');
INSERT INTO `__PREFIX__cities` (`country_code`, `name`, `longitude`, `latitude`, `feature_class`, `feature_code`, `subadmin1_code`, `subadmin2_code`, `population`, `time_zone`, `active`, `created_at`, `updated_at`) VALUES ('VN','{\"en\":\"Ninh Hòa\"}',109.12,12.49,'P','PPLA2','VN.54',NULL,240750,'Asia/Ho_Chi_Minh',1,'2021-07-12 23:00:00','2021-07-12 23:00:00');
INSERT INTO `__PREFIX__cities` (`country_code`, `name`, `longitude`, `latitude`, `feature_class`, `feature_code`, `subadmin1_code`, `subadmin2_code`, `population`, `time_zone`, `active`, `created_at`, `updated_at`) VALUES ('VN','{\"en\":\"Ninh Bình\"}',105.98,20.26,'P','PPLA','VN.59',NULL,36864,'Asia/Bangkok',1,'2020-06-08 23:00:00','2020-06-08 23:00:00');
INSERT INTO `__PREFIX__cities` (`country_code`, `name`, `longitude`, `latitude`, `feature_class`, `feature_code`, `subadmin1_code`, `subadmin2_code`, `population`, `time_zone`, `active`, `created_at`, `updated_at`) VALUES ('VN','{\"en\":\"Nha Trang\"}',109.19,12.25,'P','PPLA','VN.54',NULL,283441,'Asia/Ho_Chi_Minh',1,'2019-09-04 23:00:00','2019-09-04 23:00:00');
INSERT INTO `__PREFIX__cities` (`country_code`, `name`, `longitude`, `latitude`, `feature_class`, `feature_code`, `subadmin1_code`, `subadmin2_code`, `population`, `time_zone`, `active`, `created_at`, `updated_at`) VALUES ('VN','{\"en\":\"Nhà Bè\"}',106.74,10.70,'P','PPLA2','VN.20',NULL,17264,'Asia/Ho_Chi_Minh',1,'2021-07-12 23:00:00','2021-07-12 23:00:00');
INSERT INTO `__PREFIX__cities` (`country_code`, `name`, `longitude`, `latitude`, `feature_class`, `feature_code`, `subadmin1_code`, `subadmin2_code`, `population`, `time_zone`, `active`, `created_at`, `updated_at`) VALUES ('VN','{\"en\":\"Nghĩa Lộ\"}',104.52,21.60,'P','PPL','VN.70',NULL,68206,'Asia/Bangkok',1,'2021-07-12 23:00:00','2021-07-12 23:00:00');
INSERT INTO `__PREFIX__cities` (`country_code`, `name`, `longitude`, `latitude`, `feature_class`, `feature_code`, `subadmin1_code`, `subadmin2_code`, `population`, `time_zone`, `active`, `created_at`, `updated_at`) VALUES ('VN','{\"en\":\"Nam Định\"}',106.18,20.43,'P','PPLA','VN.82',NULL,193499,'Asia/Bangkok',1,'2020-06-08 23:00:00','2020-06-08 23:00:00');
INSERT INTO `__PREFIX__cities` (`country_code`, `name`, `longitude`, `latitude`, `feature_class`, `feature_code`, `subadmin1_code`, `subadmin2_code`, `population`, `time_zone`, `active`, `created_at`, `updated_at`) VALUES ('VN','{\"en\":\"Mỹ Tho\"}',106.36,10.36,'P','PPLA','VN.37',NULL,122310,'Asia/Ho_Chi_Minh',1,'2020-06-08 23:00:00','2020-06-08 23:00:00');
INSERT INTO `__PREFIX__cities` (`country_code`, `name`, `longitude`, `latitude`, `feature_class`, `feature_code`, `subadmin1_code`, `subadmin2_code`, `population`, `time_zone`, `active`, `created_at`, `updated_at`) VALUES ('VN','{\"en\":\"Mường Lay\"}',103.13,22.00,'P','PPL','VN.92',NULL,20450,'Asia/Bangkok',1,'2021-07-12 23:00:00','2021-07-12 23:00:00');
INSERT INTO `__PREFIX__cities` (`country_code`, `name`, `longitude`, `latitude`, `feature_class`, `feature_code`, `subadmin1_code`, `subadmin2_code`, `population`, `time_zone`, `active`, `created_at`, `updated_at`) VALUES ('VN','{\"en\":\"Móng Cái\"}',107.97,21.52,'P','PPLA2','VN.30',NULL,72960,'Asia/Bangkok',1,'2020-06-08 23:00:00','2020-06-08 23:00:00');
INSERT INTO `__PREFIX__cities` (`country_code`, `name`, `longitude`, `latitude`, `feature_class`, `feature_code`, `subadmin1_code`, `subadmin2_code`, `population`, `time_zone`, `active`, `created_at`, `updated_at`) VALUES ('VN','{\"en\":\"Long Xuyên\"}',105.44,10.39,'P','PPLA','VN.01',NULL,272365,'Asia/Ho_Chi_Minh',1,'2021-11-14 23:00:00','2021-11-14 23:00:00');
INSERT INTO `__PREFIX__cities` (`country_code`, `name`, `longitude`, `latitude`, `feature_class`, `feature_code`, `subadmin1_code`, `subadmin2_code`, `population`, `time_zone`, `active`, `created_at`, `updated_at`) VALUES ('VN','{\"en\":\"Lào Cai\"}',103.97,22.49,'P','PPLA','VN.90',NULL,36502,'Asia/Bangkok',1,'2020-06-08 23:00:00','2020-06-08 23:00:00');
INSERT INTO `__PREFIX__cities` (`country_code`, `name`, `longitude`, `latitude`, `feature_class`, `feature_code`, `subadmin1_code`, `subadmin2_code`, `population`, `time_zone`, `active`, `created_at`, `updated_at`) VALUES ('VN','{\"en\":\"Lạng Sơn\"}',106.76,21.85,'P','PPLA','VN.39',NULL,55981,'Asia/Bangkok',1,'2019-01-08 23:00:00','2019-01-08 23:00:00');
INSERT INTO `__PREFIX__cities` (`country_code`, `name`, `longitude`, `latitude`, `feature_class`, `feature_code`, `subadmin1_code`, `subadmin2_code`, `population`, `time_zone`, `active`, `created_at`, `updated_at`) VALUES ('VN','{\"en\":\"La Gi\"}',107.77,10.66,'P','PPL','VN.47',NULL,160652,'Asia/Ho_Chi_Minh',1,'2018-03-27 23:00:00','2018-03-27 23:00:00');
INSERT INTO `__PREFIX__cities` (`country_code`, `name`, `longitude`, `latitude`, `feature_class`, `feature_code`, `subadmin1_code`, `subadmin2_code`, `population`, `time_zone`, `active`, `created_at`, `updated_at`) VALUES ('VN','{\"en\":\"Kon Tum\"}',108.01,14.35,'P','PPLA','VN.55',NULL,47409,'Asia/Ho_Chi_Minh',1,'2014-01-07 23:00:00','2014-01-07 23:00:00');
INSERT INTO `__PREFIX__cities` (`country_code`, `name`, `longitude`, `latitude`, `feature_class`, `feature_code`, `subadmin1_code`, `subadmin2_code`, `population`, `time_zone`, `active`, `created_at`, `updated_at`) VALUES ('VN','{\"en\":\"Hưng Yên\"}',106.05,20.65,'P','PPLA','VN.81',NULL,40273,'Asia/Bangkok',1,'2020-06-08 23:00:00','2020-06-08 23:00:00');
INSERT INTO `__PREFIX__cities` (`country_code`, `name`, `longitude`, `latitude`, `feature_class`, `feature_code`, `subadmin1_code`, `subadmin2_code`, `population`, `time_zone`, `active`, `created_at`, `updated_at`) VALUES ('VN','{\"en\":\"Huế\"}',107.60,16.46,'P','PPLA','VN.66',NULL,351456,'Asia/Bangkok',1,'2021-12-08 23:00:00','2021-12-08 23:00:00');
INSERT INTO `__PREFIX__cities` (`country_code`, `name`, `longitude`, `latitude`, `feature_class`, `feature_code`, `subadmin1_code`, `subadmin2_code`, `population`, `time_zone`, `active`, `created_at`, `updated_at`) VALUES ('VN','{\"en\":\"Bình Long\"}',106.61,11.65,'P','PPL','VN.76',NULL,15000,'Asia/Ho_Chi_Minh',1,'2014-06-03 23:00:00','2014-06-03 23:00:00');
INSERT INTO `__PREFIX__cities` (`country_code`, `name`, `longitude`, `latitude`, `feature_class`, `feature_code`, `subadmin1_code`, `subadmin2_code`, `population`, `time_zone`, `active`, `created_at`, `updated_at`) VALUES ('VN','{\"en\":\"Hạ Long\"}',107.07,20.95,'P','PPLA','VN.30',NULL,148066,'Asia/Bangkok',1,'2020-06-08 23:00:00','2020-06-08 23:00:00');
INSERT INTO `__PREFIX__cities` (`country_code`, `name`, `longitude`, `latitude`, `feature_class`, `feature_code`, `subadmin1_code`, `subadmin2_code`, `population`, `time_zone`, `active`, `created_at`, `updated_at`) VALUES ('VN','{\"en\":\"Hoi An\"}',108.33,15.88,'P','PPL','VN.84',NULL,32757,'Asia/Ho_Chi_Minh',1,'2020-06-14 23:00:00','2020-06-14 23:00:00');
INSERT INTO `__PREFIX__cities` (`country_code`, `name`, `longitude`, `latitude`, `feature_class`, `feature_code`, `subadmin1_code`, `subadmin2_code`, `population`, `time_zone`, `active`, `created_at`, `updated_at`) VALUES ('VN','{\"en\":\"Hòa Bình\"}',105.34,20.82,'P','PPLA','VN.53',NULL,105260,'Asia/Bangkok',1,'2020-06-08 23:00:00','2020-06-08 23:00:00');
INSERT INTO `__PREFIX__cities` (`country_code`, `name`, `longitude`, `latitude`, `feature_class`, `feature_code`, `subadmin1_code`, `subadmin2_code`, `population`, `time_zone`, `active`, `created_at`, `updated_at`) VALUES ('VN','{\"en\":\"Hà Tĩnh\"}',105.91,18.34,'P','PPLA','VN.52',NULL,27728,'Asia/Bangkok',1,'2020-06-08 23:00:00','2020-06-08 23:00:00');
INSERT INTO `__PREFIX__cities` (`country_code`, `name`, `longitude`, `latitude`, `feature_class`, `feature_code`, `subadmin1_code`, `subadmin2_code`, `population`, `time_zone`, `active`, `created_at`, `updated_at`) VALUES ('VN','{\"en\":\"Hà Tiên\"}',104.49,10.38,'P','PPLA2','VN.21',NULL,40000,'Asia/Ho_Chi_Minh',1,'2014-08-04 23:00:00','2014-08-04 23:00:00');
INSERT INTO `__PREFIX__cities` (`country_code`, `name`, `longitude`, `latitude`, `feature_class`, `feature_code`, `subadmin1_code`, `subadmin2_code`, `population`, `time_zone`, `active`, `created_at`, `updated_at`) VALUES ('VN','{\"en\":\"Hanoi\"}',105.84,21.02,'P','PPLC','VN.44',NULL,8053663,'Asia/Bangkok',1,'2021-12-06 23:00:00','2021-12-06 23:00:00');
INSERT INTO `__PREFIX__cities` (`country_code`, `name`, `longitude`, `latitude`, `feature_class`, `feature_code`, `subadmin1_code`, `subadmin2_code`, `population`, `time_zone`, `active`, `created_at`, `updated_at`) VALUES ('VN','{\"en\":\"Haiphong\"}',106.68,20.86,'P','PPLA','VN.13',NULL,841520,'Asia/Bangkok',1,'2021-12-07 23:00:00','2021-12-07 23:00:00');
INSERT INTO `__PREFIX__cities` (`country_code`, `name`, `longitude`, `latitude`, `feature_class`, `feature_code`, `subadmin1_code`, `subadmin2_code`, `population`, `time_zone`, `active`, `created_at`, `updated_at`) VALUES ('VN','{\"en\":\"Hải Dương\"}',106.33,20.94,'P','PPLA','VN.79',NULL,58030,'Asia/Bangkok',1,'2020-06-08 23:00:00','2020-06-08 23:00:00');
INSERT INTO `__PREFIX__cities` (`country_code`, `name`, `longitude`, `latitude`, `feature_class`, `feature_code`, `subadmin1_code`, `subadmin2_code`, `population`, `time_zone`, `active`, `created_at`, `updated_at`) VALUES ('VN','{\"en\":\"Hà Giang\"}',104.98,22.82,'P','PPLA','VN.50',NULL,32690,'Asia/Bangkok',1,'2019-01-08 23:00:00','2019-01-08 23:00:00');
INSERT INTO `__PREFIX__cities` (`country_code`, `name`, `longitude`, `latitude`, `feature_class`, `feature_code`, `subadmin1_code`, `subadmin2_code`, `population`, `time_zone`, `active`, `created_at`, `updated_at`) VALUES ('VN','{\"en\":\"Hà Đông\"}',105.78,20.97,'P','PPLA2','VN.44',NULL,50877,'Asia/Bangkok',1,'2013-10-03 23:00:00','2013-10-03 23:00:00');
INSERT INTO `__PREFIX__cities` (`country_code`, `name`, `longitude`, `latitude`, `feature_class`, `feature_code`, `subadmin1_code`, `subadmin2_code`, `population`, `time_zone`, `active`, `created_at`, `updated_at`) VALUES ('VN','{\"en\":\"Gò Công\"}',106.67,10.37,'P','PPL','VN.37',NULL,97709,'Asia/Ho_Chi_Minh',1,'2021-07-13 23:00:00','2021-07-13 23:00:00');
INSERT INTO `__PREFIX__cities` (`country_code`, `name`, `longitude`, `latitude`, `feature_class`, `feature_code`, `subadmin1_code`, `subadmin2_code`, `population`, `time_zone`, `active`, `created_at`, `updated_at`) VALUES ('VN','{\"en\":\"Gia Nghĩa\"}',107.69,12.00,'P','PPLA','VN.91',NULL,61413,'Asia/Ho_Chi_Minh',1,'2021-07-12 23:00:00','2021-07-12 23:00:00');
INSERT INTO `__PREFIX__cities` (`country_code`, `name`, `longitude`, `latitude`, `feature_class`, `feature_code`, `subadmin1_code`, `subadmin2_code`, `population`, `time_zone`, `active`, `created_at`, `updated_at`) VALUES ('VN','{\"en\":\"Đưc Trọng\"}',108.37,11.74,'P','PPLA2','VN.23',NULL,161232,'Asia/Ho_Chi_Minh',1,'2017-02-03 23:00:00','2017-02-03 23:00:00');
INSERT INTO `__PREFIX__cities` (`country_code`, `name`, `longitude`, `latitude`, `feature_class`, `feature_code`, `subadmin1_code`, `subadmin2_code`, `population`, `time_zone`, `active`, `created_at`, `updated_at`) VALUES ('VN','{\"en\":\"Đồng Xoài\"}',106.88,11.53,'P','PPLA','VN.76',NULL,23978,'Asia/Ho_Chi_Minh',1,'2020-07-07 23:00:00','2020-07-07 23:00:00');
INSERT INTO `__PREFIX__cities` (`country_code`, `name`, `longitude`, `latitude`, `feature_class`, `feature_code`, `subadmin1_code`, `subadmin2_code`, `population`, `time_zone`, `active`, `created_at`, `updated_at`) VALUES ('VN','{\"en\":\"Đồng Hới\"}',106.62,17.47,'P','PPLA','VN.62',NULL,31040,'Asia/Bangkok',1,'2020-07-31 23:00:00','2020-07-31 23:00:00');
INSERT INTO `__PREFIX__cities` (`country_code`, `name`, `longitude`, `latitude`, `feature_class`, `feature_code`, `subadmin1_code`, `subadmin2_code`, `population`, `time_zone`, `active`, `created_at`, `updated_at`) VALUES ('VN','{\"en\":\"Ðông Hà\"}',107.10,16.82,'P','PPLA','VN.64',NULL,17662,'Asia/Bangkok',1,'2010-11-03 23:00:00','2010-11-03 23:00:00');
INSERT INTO `__PREFIX__cities` (`country_code`, `name`, `longitude`, `latitude`, `feature_class`, `feature_code`, `subadmin1_code`, `subadmin2_code`, `population`, `time_zone`, `active`, `created_at`, `updated_at`) VALUES ('VN','{\"en\":\"Thị Trấn Đồng Đăng\"}',106.70,21.95,'P','PPL','VN.39',NULL,8922,'Asia/Bangkok',1,'2021-07-12 23:00:00','2021-07-12 23:00:00');
INSERT INTO `__PREFIX__cities` (`country_code`, `name`, `longitude`, `latitude`, `feature_class`, `feature_code`, `subadmin1_code`, `subadmin2_code`, `population`, `time_zone`, `active`, `created_at`, `updated_at`) VALUES ('VN','{\"en\":\"Dien Bien Phu\"}',103.02,21.39,'P','PPLA','VN.92',NULL,40282,'Asia/Bangkok',1,'2020-06-13 23:00:00','2020-06-13 23:00:00');
INSERT INTO `__PREFIX__cities` (`country_code`, `name`, `longitude`, `latitude`, `feature_class`, `feature_code`, `subadmin1_code`, `subadmin2_code`, `population`, `time_zone`, `active`, `created_at`, `updated_at`) VALUES ('VN','{\"en\":\"Dĩ An\"}',106.77,10.91,'P','PPLA2','VN.75',NULL,474681,'Asia/Ho_Chi_Minh',1,'2021-12-07 23:00:00','2021-12-07 23:00:00');
INSERT INTO `__PREFIX__cities` (`country_code`, `name`, `longitude`, `latitude`, `feature_class`, `feature_code`, `subadmin1_code`, `subadmin2_code`, `population`, `time_zone`, `active`, `created_at`, `updated_at`) VALUES ('VN','{\"en\":\"Da Nang\"}',108.22,16.07,'P','PPLA','VN.78',NULL,988561,'Asia/Ho_Chi_Minh',1,'2021-12-07 23:00:00','2021-12-07 23:00:00');
INSERT INTO `__PREFIX__cities` (`country_code`, `name`, `longitude`, `latitude`, `feature_class`, `feature_code`, `subadmin1_code`, `subadmin2_code`, `population`, `time_zone`, `active`, `created_at`, `updated_at`) VALUES ('VN','{\"en\":\"Ðà Lạt\"}',108.44,11.95,'P','PPLA','VN.23',NULL,197000,'Asia/Ho_Chi_Minh',1,'2013-06-28 23:00:00','2013-06-28 23:00:00');
INSERT INTO `__PREFIX__cities` (`country_code`, `name`, `longitude`, `latitude`, `feature_class`, `feature_code`, `subadmin1_code`, `subadmin2_code`, `population`, `time_zone`, `active`, `created_at`, `updated_at`) VALUES ('VN','{\"en\":\"Củ Chi\"}',106.49,10.97,'P','PPLA2','VN.20',NULL,75000,'Asia/Ho_Chi_Minh',1,'2014-09-29 23:00:00','2014-09-29 23:00:00');
INSERT INTO `__PREFIX__cities` (`country_code`, `name`, `longitude`, `latitude`, `feature_class`, `feature_code`, `subadmin1_code`, `subadmin2_code`, `population`, `time_zone`, `active`, `created_at`, `updated_at`) VALUES ('VN','{\"en\":\"Cờ Đỏ\"}',105.43,10.09,'P','PPLA2','VN.87',NULL,116576,'Asia/Ho_Chi_Minh',1,'2021-11-14 23:00:00','2021-11-14 23:00:00');
INSERT INTO `__PREFIX__cities` (`country_code`, `name`, `longitude`, `latitude`, `feature_class`, `feature_code`, `subadmin1_code`, `subadmin2_code`, `population`, `time_zone`, `active`, `created_at`, `updated_at`) VALUES ('VN','{\"en\":\"Cổ Lóa\"}',105.87,21.12,'P','PPL','VN.44',NULL,16514,'Asia/Bangkok',1,'2021-08-03 23:00:00','2021-08-03 23:00:00');
INSERT INTO `__PREFIX__cities` (`country_code`, `name`, `longitude`, `latitude`, `feature_class`, `feature_code`, `subadmin1_code`, `subadmin2_code`, `population`, `time_zone`, `active`, `created_at`, `updated_at`) VALUES ('VN','{\"en\":\"Chí Linh\"}',106.32,21.07,'P','PPL','VN.79','VN.79.290',220421,'Asia/Bangkok',1,'2021-07-12 23:00:00','2021-07-12 23:00:00');
INSERT INTO `__PREFIX__cities` (`country_code`, `name`, `longitude`, `latitude`, `feature_class`, `feature_code`, `subadmin1_code`, `subadmin2_code`, `population`, `time_zone`, `active`, `created_at`, `updated_at`) VALUES ('VN','{\"en\":\"Châu Đốc\"}',105.12,10.70,'P','PPL','VN.01',NULL,70239,'Asia/Ho_Chi_Minh',1,'2020-07-07 23:00:00','2020-07-07 23:00:00');
INSERT INTO `__PREFIX__cities` (`country_code`, `name`, `longitude`, `latitude`, `feature_class`, `feature_code`, `subadmin1_code`, `subadmin2_code`, `population`, `time_zone`, `active`, `created_at`, `updated_at`) VALUES ('VN','{\"en\":\"Cát Bà\"}',107.05,20.73,'P','PPL','VN.13',NULL,30000,'Asia/Bangkok',1,'2014-01-06 23:00:00','2014-01-06 23:00:00');
INSERT INTO `__PREFIX__cities` (`country_code`, `name`, `longitude`, `latitude`, `feature_class`, `feature_code`, `subadmin1_code`, `subadmin2_code`, `population`, `time_zone`, `active`, `created_at`, `updated_at`) VALUES ('VN','{\"en\":\"Cao Lãnh\"}',105.63,10.46,'P','PPLA','VN.09',NULL,63770,'Asia/Ho_Chi_Minh',1,'2020-06-08 23:00:00','2020-06-08 23:00:00');
INSERT INTO `__PREFIX__cities` (`country_code`, `name`, `longitude`, `latitude`, `feature_class`, `feature_code`, `subadmin1_code`, `subadmin2_code`, `population`, `time_zone`, `active`, `created_at`, `updated_at`) VALUES ('VN','{\"en\":\"Cao Bằng\"}',106.26,22.67,'P','PPLA','VN.05',NULL,41112,'Asia/Bangkok',1,'2020-06-08 23:00:00','2020-06-08 23:00:00');
INSERT INTO `__PREFIX__cities` (`country_code`, `name`, `longitude`, `latitude`, `feature_class`, `feature_code`, `subadmin1_code`, `subadmin2_code`, `population`, `time_zone`, `active`, `created_at`, `updated_at`) VALUES ('VN','{\"en\":\"Cần Thơ\"}',105.79,10.04,'P','PPLA','VN.87',NULL,812088,'Asia/Ho_Chi_Minh',1,'2021-12-07 23:00:00','2021-12-07 23:00:00');
INSERT INTO `__PREFIX__cities` (`country_code`, `name`, `longitude`, `latitude`, `feature_class`, `feature_code`, `subadmin1_code`, `subadmin2_code`, `population`, `time_zone`, `active`, `created_at`, `updated_at`) VALUES ('VN','{\"en\":\"Cần Giờ\"}',106.95,10.41,'P','PPLA2','VN.20',NULL,55137,'Asia/Ho_Chi_Minh',1,'2014-12-01 23:00:00','2014-12-01 23:00:00');
INSERT INTO `__PREFIX__cities` (`country_code`, `name`, `longitude`, `latitude`, `feature_class`, `feature_code`, `subadmin1_code`, `subadmin2_code`, `population`, `time_zone`, `active`, `created_at`, `updated_at`) VALUES ('VN','{\"en\":\"Cần Giuộc\"}',106.67,10.61,'P','PPLA2','VN.24',NULL,152200,'Asia/Ho_Chi_Minh',1,'2020-06-08 23:00:00','2020-06-08 23:00:00');
INSERT INTO `__PREFIX__cities` (`country_code`, `name`, `longitude`, `latitude`, `feature_class`, `feature_code`, `subadmin1_code`, `subadmin2_code`, `population`, `time_zone`, `active`, `created_at`, `updated_at`) VALUES ('VN','{\"en\":\"Cam Ranh\"}',109.16,11.92,'P','PPL','VN.54',NULL,146771,'Asia/Ho_Chi_Minh',1,'2010-01-28 23:00:00','2010-01-28 23:00:00');
INSERT INTO `__PREFIX__cities` (`country_code`, `name`, `longitude`, `latitude`, `feature_class`, `feature_code`, `subadmin1_code`, `subadmin2_code`, `population`, `time_zone`, `active`, `created_at`, `updated_at`) VALUES ('VN','{\"en\":\"Cẩm Phả Mines\"}',107.30,21.02,'P','PPL','VN.30',NULL,135477,'Asia/Bangkok',1,'2021-07-12 23:00:00','2021-07-12 23:00:00');
INSERT INTO `__PREFIX__cities` (`country_code`, `name`, `longitude`, `latitude`, `feature_class`, `feature_code`, `subadmin1_code`, `subadmin2_code`, `population`, `time_zone`, `active`, `created_at`, `updated_at`) VALUES ('VN','{\"en\":\"Cẩm Phả\"}',107.27,21.01,'P','PPLA2','VN.30','VN.30.195',135477,'Asia/Bangkok',1,'2021-07-12 23:00:00','2021-07-12 23:00:00');
INSERT INTO `__PREFIX__cities` (`country_code`, `name`, `longitude`, `latitude`, `feature_class`, `feature_code`, `subadmin1_code`, `subadmin2_code`, `population`, `time_zone`, `active`, `created_at`, `updated_at`) VALUES ('VN','{\"en\":\"Cà Mau\"}',105.15,9.18,'P','PPLA','VN.77',NULL,111894,'Asia/Ho_Chi_Minh',1,'2020-06-08 23:00:00','2020-06-08 23:00:00');
INSERT INTO `__PREFIX__cities` (`country_code`, `name`, `longitude`, `latitude`, `feature_class`, `feature_code`, `subadmin1_code`, `subadmin2_code`, `population`, `time_zone`, `active`, `created_at`, `updated_at`) VALUES ('VN','{\"en\":\"Cái Răng\"}',105.75,10.00,'P','PPLA2','VN.87',NULL,86278,'Asia/Ho_Chi_Minh',1,'2021-11-11 23:00:00','2021-11-11 23:00:00');
INSERT INTO `__PREFIX__cities` (`country_code`, `name`, `longitude`, `latitude`, `feature_class`, `feature_code`, `subadmin1_code`, `subadmin2_code`, `population`, `time_zone`, `active`, `created_at`, `updated_at`) VALUES ('VN','{\"en\":\"Buôn Ma Thuột\"}',108.04,12.67,'P','PPLA','VN.88',NULL,146975,'Asia/Ho_Chi_Minh',1,'2013-06-28 23:00:00','2013-06-28 23:00:00');
INSERT INTO `__PREFIX__cities` (`country_code`, `name`, `longitude`, `latitude`, `feature_class`, `feature_code`, `subadmin1_code`, `subadmin2_code`, `population`, `time_zone`, `active`, `created_at`, `updated_at`) VALUES ('VN','{\"en\":\"Buôn Hồ\"}',108.30,12.95,'P','PPL','VN.88',NULL,127920,'Asia/Ho_Chi_Minh',1,'2021-07-12 23:00:00','2021-07-12 23:00:00');
INSERT INTO `__PREFIX__cities` (`country_code`, `name`, `longitude`, `latitude`, `feature_class`, `feature_code`, `subadmin1_code`, `subadmin2_code`, `population`, `time_zone`, `active`, `created_at`, `updated_at`) VALUES ('VN','{\"en\":\"Bình Thủy\"}',105.74,10.07,'P','PPLA2','VN.87',NULL,113565,'Asia/Ho_Chi_Minh',1,'2021-11-11 23:00:00','2021-11-11 23:00:00');
INSERT INTO `__PREFIX__cities` (`country_code`, `name`, `longitude`, `latitude`, `feature_class`, `feature_code`, `subadmin1_code`, `subadmin2_code`, `population`, `time_zone`, `active`, `created_at`, `updated_at`) VALUES ('VN','{\"en\":\"Bỉm Sơn\"}',105.86,20.08,'P','PPL','VN.34',NULL,53754,'Asia/Bangkok',1,'2012-01-15 23:00:00','2012-01-15 23:00:00');
INSERT INTO `__PREFIX__cities` (`country_code`, `name`, `longitude`, `latitude`, `feature_class`, `feature_code`, `subadmin1_code`, `subadmin2_code`, `population`, `time_zone`, `active`, `created_at`, `updated_at`) VALUES ('VN','{\"en\":\"Biên Hòa\"}',106.82,10.94,'P','PPLA','VN.43',NULL,830829,'Asia/Ho_Chi_Minh',1,'2021-12-07 23:00:00','2021-12-07 23:00:00');
INSERT INTO `__PREFIX__cities` (`country_code`, `name`, `longitude`, `latitude`, `feature_class`, `feature_code`, `subadmin1_code`, `subadmin2_code`, `population`, `time_zone`, `active`, `created_at`, `updated_at`) VALUES ('VN','{\"en\":\"Bến Tre\"}',106.38,10.24,'P','PPLA','VN.03',NULL,59442,'Asia/Ho_Chi_Minh',1,'2014-09-03 23:00:00','2014-09-03 23:00:00');
INSERT INTO `__PREFIX__cities` (`country_code`, `name`, `longitude`, `latitude`, `feature_class`, `feature_code`, `subadmin1_code`, `subadmin2_code`, `population`, `time_zone`, `active`, `created_at`, `updated_at`) VALUES ('VN','{\"en\":\"Bảo Lộc\"}',107.81,11.55,'P','PPLA2','VN.23','VN.23.673',151915,'Asia/Ho_Chi_Minh',1,'2020-06-08 23:00:00','2020-06-08 23:00:00');
INSERT INTO `__PREFIX__cities` (`country_code`, `name`, `longitude`, `latitude`, `feature_class`, `feature_code`, `subadmin1_code`, `subadmin2_code`, `population`, `time_zone`, `active`, `created_at`, `updated_at`) VALUES ('VN','{\"en\":\"Bắc Ninh\"}',106.08,21.19,'P','PPLA','VN.74',NULL,43564,'Asia/Bangkok',1,'2020-06-08 23:00:00','2020-06-08 23:00:00');
INSERT INTO `__PREFIX__cities` (`country_code`, `name`, `longitude`, `latitude`, `feature_class`, `feature_code`, `subadmin1_code`, `subadmin2_code`, `population`, `time_zone`, `active`, `created_at`, `updated_at`) VALUES ('VN','{\"en\":\"Bạc Liêu\"}',105.73,9.29,'P','PPLA','VN.73',NULL,107911,'Asia/Ho_Chi_Minh',1,'2020-06-08 23:00:00','2020-06-08 23:00:00');
INSERT INTO `__PREFIX__cities` (`country_code`, `name`, `longitude`, `latitude`, `feature_class`, `feature_code`, `subadmin1_code`, `subadmin2_code`, `population`, `time_zone`, `active`, `created_at`, `updated_at`) VALUES ('VN','{\"en\":\"Bắc Giang\"}',106.19,21.27,'P','PPLA','VN.71',NULL,53728,'Asia/Bangkok',1,'2020-06-08 23:00:00','2020-06-08 23:00:00');
INSERT INTO `__PREFIX__cities` (`country_code`, `name`, `longitude`, `latitude`, `feature_class`, `feature_code`, `subadmin1_code`, `subadmin2_code`, `population`, `time_zone`, `active`, `created_at`, `updated_at`) VALUES ('VN','{\"en\":\"Bắc Kạn\"}',105.83,22.15,'P','PPLA','VN.72',NULL,17701,'Asia/Bangkok',1,'2020-06-08 23:00:00','2020-06-08 23:00:00');
INSERT INTO `__PREFIX__cities` (`country_code`, `name`, `longitude`, `latitude`, `feature_class`, `feature_code`, `subadmin1_code`, `subadmin2_code`, `population`, `time_zone`, `active`, `created_at`, `updated_at`) VALUES ('VN','{\"en\":\"Ấp Tân Ngãi\"}',106.28,10.23,'P','PPL','VN.03',NULL,8887,'Asia/Ho_Chi_Minh',1,'2013-05-04 23:00:00','2013-05-04 23:00:00');
INSERT INTO `__PREFIX__cities` (`country_code`, `name`, `longitude`, `latitude`, `feature_class`, `feature_code`, `subadmin1_code`, `subadmin2_code`, `population`, `time_zone`, `active`, `created_at`, `updated_at`) VALUES ('VN','{\"en\":\"Cung Kiệm\"}',106.16,21.19,'P','PPL','VN.74','VN.74.259',80000,'Asia/Bangkok',1,'2017-04-03 23:00:00','2017-04-03 23:00:00');
INSERT INTO `__PREFIX__cities` (`country_code`, `name`, `longitude`, `latitude`, `feature_class`, `feature_code`, `subadmin1_code`, `subadmin2_code`, `population`, `time_zone`, `active`, `created_at`, `updated_at`) VALUES ('VN','{\"en\":\"Thị Xã Phú Mỹ\"}',107.13,10.57,'P','PPLX','VN.45',NULL,221030,'Asia/Ho_Chi_Minh',1,'2019-06-29 23:00:00','2019-06-29 23:00:00');
INSERT INTO `__PREFIX__cities` (`country_code`, `name`, `longitude`, `latitude`, `feature_class`, `feature_code`, `subadmin1_code`, `subadmin2_code`, `population`, `time_zone`, `active`, `created_at`, `updated_at`) VALUES ('VN','{\"en\":\"Lai Châu\"}',103.46,22.40,'P','PPLA','VN.89',NULL,0,'Asia/Bangkok',1,'2015-02-06 23:00:00','2015-02-06 23:00:00');
INSERT INTO `__PREFIX__cities` (`country_code`, `name`, `longitude`, `latitude`, `feature_class`, `feature_code`, `subadmin1_code`, `subadmin2_code`, `population`, `time_zone`, `active`, `created_at`, `updated_at`) VALUES ('VN','{\"en\":\"Bình Minh\"}',105.82,10.07,'P','PPLA2','VN.69',NULL,94862,'Asia/Ho_Chi_Minh',1,'2021-11-14 23:00:00','2021-11-14 23:00:00');
INSERT INTO `__PREFIX__cities` (`country_code`, `name`, `longitude`, `latitude`, `feature_class`, `feature_code`, `subadmin1_code`, `subadmin2_code`, `population`, `time_zone`, `active`, `created_at`, `updated_at`) VALUES ('VN','{\"en\":\"Thành Phố Bà Rịa\"}',107.17,10.50,'P','PPLA','VN.45',NULL,0,'Asia/Ho_Chi_Minh',1,'2019-01-10 23:00:00','2019-01-10 23:00:00');
INSERT INTO `__PREFIX__cities` (`country_code`, `name`, `longitude`, `latitude`, `feature_class`, `feature_code`, `subadmin1_code`, `subadmin2_code`, `population`, `time_zone`, `active`, `created_at`, `updated_at`) VALUES ('VN','{\"en\":\"Ea Drăng\"}',108.21,13.20,'P','PPLA2','VN.88',NULL,20600,'Asia/Ho_Chi_Minh',1,'2021-07-12 23:00:00','2021-07-12 23:00:00');
INSERT INTO `__PREFIX__cities` (`country_code`, `name`, `longitude`, `latitude`, `feature_class`, `feature_code`, `subadmin1_code`, `subadmin2_code`, `population`, `time_zone`, `active`, `created_at`, `updated_at`) VALUES ('VN','{\"en\":\"Đinh Văn\"}',108.24,11.79,'P','PPL','VN.23','VN.23.676',16036,'Asia/Ho_Chi_Minh',1,'2018-02-07 23:00:00','2018-02-07 23:00:00');
INSERT INTO `__PREFIX__cities` (`country_code`, `name`, `longitude`, `latitude`, `feature_class`, `feature_code`, `subadmin1_code`, `subadmin2_code`, `population`, `time_zone`, `active`, `created_at`, `updated_at`) VALUES ('VN','{\"en\":\"Vĩnh Thạnh\"}',105.40,10.22,'P','PPLA2','VN.87',NULL,98399,'Asia/Ho_Chi_Minh',1,'2021-11-14 23:00:00','2021-11-14 23:00:00');
INSERT INTO `__PREFIX__cities` (`country_code`, `name`, `longitude`, `latitude`, `feature_class`, `feature_code`, `subadmin1_code`, `subadmin2_code`, `population`, `time_zone`, `active`, `created_at`, `updated_at`) VALUES ('VN','{\"en\":\"Thị Trấn Tân Thành\"}',105.59,10.26,'P','PPL','VN.09',NULL,23109,'Asia/Ho_Chi_Minh',1,'2019-07-11 23:00:00','2019-07-11 23:00:00');
INSERT INTO `__PREFIX__cities` (`country_code`, `name`, `longitude`, `latitude`, `feature_class`, `feature_code`, `subadmin1_code`, `subadmin2_code`, `population`, `time_zone`, `active`, `created_at`, `updated_at`) VALUES ('VN','{\"en\":\"Quận Đức Thịnh\"}',105.74,10.31,'P','PPL','VN.09',NULL,132000,'Asia/Ho_Chi_Minh',1,'2020-05-29 23:00:00','2020-05-29 23:00:00');
INSERT INTO `__PREFIX__cities` (`country_code`, `name`, `longitude`, `latitude`, `feature_class`, `feature_code`, `subadmin1_code`, `subadmin2_code`, `population`, `time_zone`, `active`, `created_at`, `updated_at`) VALUES ('VN','{\"en\":\"Quận Đức Thành\"}',105.65,10.26,'P','PPL','VN.09',NULL,70000,'Asia/Ho_Chi_Minh',1,'2020-05-29 23:00:00','2020-05-29 23:00:00');
INSERT INTO `__PREFIX__cities` (`country_code`, `name`, `longitude`, `latitude`, `feature_class`, `feature_code`, `subadmin1_code`, `subadmin2_code`, `population`, `time_zone`, `active`, `created_at`, `updated_at`) VALUES ('VN','{\"en\":\"Huyện Lâm Hà\"}',108.21,11.82,'P','PPLA2','VN.23','VN.23.676',144707,'Asia/Ho_Chi_Minh',1,'2021-02-24 23:00:00','2021-02-24 23:00:00');
INSERT INTO `__PREFIX__cities` (`country_code`, `name`, `longitude`, `latitude`, `feature_class`, `feature_code`, `subadmin1_code`, `subadmin2_code`, `population`, `time_zone`, `active`, `created_at`, `updated_at`) VALUES ('VN','{\"en\":\"Phú Quốc\"}',104.01,10.29,'P','PPLA2','VN.21',NULL,179480,'Asia/Ho_Chi_Minh',1,'2021-07-12 23:00:00','2021-07-12 23:00:00');
INSERT INTO `__PREFIX__cities` (`country_code`, `name`, `longitude`, `latitude`, `feature_class`, `feature_code`, `subadmin1_code`, `subadmin2_code`, `population`, `time_zone`, `active`, `created_at`, `updated_at`) VALUES ('VN','{\"en\":\"thị xã Quảng Trị\"}',107.18,16.75,'P','PPL','VN.64',NULL,23356,'Asia/Bangkok',1,'2021-07-26 23:00:00','2021-07-26 23:00:00');
INSERT INTO `__PREFIX__cities` (`country_code`, `name`, `longitude`, `latitude`, `feature_class`, `feature_code`, `subadmin1_code`, `subadmin2_code`, `population`, `time_zone`, `active`, `created_at`, `updated_at`) VALUES ('VN','{\"en\":\"Quang Minh\"}',105.77,21.19,'P','PPL','VN.44',NULL,25000,'Asia/Bangkok',1,'2021-12-07 23:00:00','2021-12-07 23:00:00');
INSERT INTO `__PREFIX__cities` (`country_code`, `name`, `longitude`, `latitude`, `feature_class`, `feature_code`, `subadmin1_code`, `subadmin2_code`, `population`, `time_zone`, `active`, `created_at`, `updated_at`) VALUES ('VN','{\"en\":\"Thuận An\"}',106.71,10.92,'P','PPLA2','VN.75',NULL,588616,'Asia/Ho_Chi_Minh',1,'2021-12-07 23:00:00','2021-12-07 23:00:00');
/*!40000 ALTER TABLE `__PREFIX__cities` ENABLE KEYS */;
/*!40103 SET TIME_ZONE=@OLD_TIME_ZONE */;

/*!40101 SET SQL_MODE=@OLD_SQL_MODE */;
/*!40014 SET FOREIGN_KEY_CHECKS=@OLD_FOREIGN_KEY_CHECKS */;
/*!40014 SET UNIQUE_CHECKS=@OLD_UNIQUE_CHECKS */;
/*!40101 SET CHARACTER_SET_CLIENT=@OLD_CHARACTER_SET_CLIENT */;
/*!40101 SET CHARACTER_SET_RESULTS=@OLD_CHARACTER_SET_RESULTS */;
/*!40101 SET COLLATION_CONNECTION=@OLD_COLLATION_CONNECTION */;
/*!40111 SET SQL_NOTES=@OLD_SQL_NOTES */;

-- Dump completed
