-- MySQL dump 10.13  Distrib 5.7.34, for osx10.12 (x86_64)
--
-- Host: 127.0.0.1    Database: laraclassifier
-- ------------------------------------------------------
-- Server version	5.7.34

/*!40101 SET @OLD_CHARACTER_SET_CLIENT=@@CHARACTER_SET_CLIENT */;
/*!40101 SET @OLD_CHARACTER_SET_RESULTS=@@CHARACTER_SET_RESULTS */;
/*!40101 SET @OLD_COLLATION_CONNECTION=@@COLLATION_CONNECTION */;
/*!40101 SET NAMES utf8 */;
/*!40103 SET @OLD_TIME_ZONE=@@TIME_ZONE */;
/*!40103 SET TIME_ZONE='+00:00' */;
/*!40014 SET @OLD_UNIQUE_CHECKS=@@UNIQUE_CHECKS, UNIQUE_CHECKS=0 */;
/*!40014 SET @OLD_FOREIGN_KEY_CHECKS=@@FOREIGN_KEY_CHECKS, FOREIGN_KEY_CHECKS=0 */;
/*!40101 SET @OLD_SQL_MODE=@@SQL_MODE, SQL_MODE='NO_AUTO_VALUE_ON_ZERO' */;
/*!40111 SET @OLD_SQL_NOTES=@@SQL_NOTES, SQL_NOTES=0 */;

--
-- Dumping data for table `__PREFIX__subadmin1`
--

/*!40000 ALTER TABLE `__PREFIX__subadmin1` DISABLE KEYS */;
INSERT INTO `__PREFIX__subadmin1` (`code`, `country_code`, `name`, `active`) VALUES ('YE.25','YE','{\"en\":\"Ta‘izz\"}',1);
INSERT INTO `__PREFIX__subadmin1` (`code`, `country_code`, `name`, `active`) VALUES ('YE.05','YE','{\"en\":\"Shabwah\"}',1);
INSERT INTO `__PREFIX__subadmin1` (`code`, `country_code`, `name`, `active`) VALUES ('YE.16','YE','{\"en\":\"Sanaa\"}',1);
INSERT INTO `__PREFIX__subadmin1` (`code`, `country_code`, `name`, `active`) VALUES ('YE.15','YE','{\"en\":\"Şa‘dah\"}',1);
INSERT INTO `__PREFIX__subadmin1` (`code`, `country_code`, `name`, `active`) VALUES ('YE.27','YE','{\"en\":\"Raymah\"}',1);
INSERT INTO `__PREFIX__subadmin1` (`code`, `country_code`, `name`, `active`) VALUES ('YE.14','YE','{\"en\":\"Ma’rib\"}',1);
INSERT INTO `__PREFIX__subadmin1` (`code`, `country_code`, `name`, `active`) VALUES ('YE.10','YE','{\"en\":\"Al Maḩwīt\"}',1);
INSERT INTO `__PREFIX__subadmin1` (`code`, `country_code`, `name`, `active`) VALUES ('YE.21','YE','{\"en\":\"Al Jawf\"}',1);
INSERT INTO `__PREFIX__subadmin1` (`code`, `country_code`, `name`, `active`) VALUES ('YE.04','YE','{\"en\":\"Muhafazat Hadramaout\"}',1);
INSERT INTO `__PREFIX__subadmin1` (`code`, `country_code`, `name`, `active`) VALUES ('YE.11','YE','{\"en\":\"Dhamār\"}',1);
INSERT INTO `__PREFIX__subadmin1` (`code`, `country_code`, `name`, `active`) VALUES ('YE.03','YE','{\"en\":\"Al Mahrah\"}',1);
INSERT INTO `__PREFIX__subadmin1` (`code`, `country_code`, `name`, `active`) VALUES ('YE.08','YE','{\"en\":\"Al Hudaydah\"}',1);
INSERT INTO `__PREFIX__subadmin1` (`code`, `country_code`, `name`, `active`) VALUES ('YE.20','YE','{\"en\":\"Al Bayda\"}',1);
INSERT INTO `__PREFIX__subadmin1` (`code`, `country_code`, `name`, `active`) VALUES ('YE.02','YE','{\"en\":\"Aden\"}',1);
INSERT INTO `__PREFIX__subadmin1` (`code`, `country_code`, `name`, `active`) VALUES ('YE.01','YE','{\"en\":\"Abyan\"}',1);
INSERT INTO `__PREFIX__subadmin1` (`code`, `country_code`, `name`, `active`) VALUES ('YE.18','YE','{\"en\":\"Aḑ Ḑāli‘\"}',1);
INSERT INTO `__PREFIX__subadmin1` (`code`, `country_code`, `name`, `active`) VALUES ('YE.19','YE','{\"en\":\"Omran\"}',1);
INSERT INTO `__PREFIX__subadmin1` (`code`, `country_code`, `name`, `active`) VALUES ('YE.22','YE','{\"en\":\"Ḩajjah\"}',1);
INSERT INTO `__PREFIX__subadmin1` (`code`, `country_code`, `name`, `active`) VALUES ('YE.23','YE','{\"en\":\"Ibb\"}',1);
INSERT INTO `__PREFIX__subadmin1` (`code`, `country_code`, `name`, `active`) VALUES ('YE.24','YE','{\"en\":\"Laḩij\"}',1);
INSERT INTO `__PREFIX__subadmin1` (`code`, `country_code`, `name`, `active`) VALUES ('YE.26','YE','{\"en\":\"Amanat Alasimah\"}',1);
INSERT INTO `__PREFIX__subadmin1` (`code`, `country_code`, `name`, `active`) VALUES ('YE.28','YE','{\"en\":\"Soqatra\"}',1);
/*!40000 ALTER TABLE `__PREFIX__subadmin1` ENABLE KEYS */;

--
-- Dumping data for table `__PREFIX__subadmin2`
--

/*!40000 ALTER TABLE `__PREFIX__subadmin2` DISABLE KEYS */;
INSERT INTO `__PREFIX__subadmin2` (`code`, `country_code`, `subadmin1_code`, `name`, `active`) VALUES ('YE.08.1807','YE','YE.08','{\"en\":\"Az Zaydīyah\"}',1);
INSERT INTO `__PREFIX__subadmin2` (`code`, `country_code`, `subadmin1_code`, `name`, `active`) VALUES ('YE.08.1824','YE','YE.08','{\"en\":\"Zabīd\"}',1);
INSERT INTO `__PREFIX__subadmin2` (`code`, `country_code`, `subadmin1_code`, `name`, `active`) VALUES ('YE.23.1102','YE','YE.23','{\"en\":\"Yarīm\"}',1);
INSERT INTO `__PREFIX__subadmin2` (`code`, `country_code`, `subadmin1_code`, `name`, `active`) VALUES ('YE.22.1730','YE','YE.22','{\"en\":\"Washḩah\"}',1);
INSERT INTO `__PREFIX__subadmin2` (`code`, `country_code`, `subadmin1_code`, `name`, `active`) VALUES ('YE.23.1111','YE','YE.23','{\"en\":\"Al ‘Udayn\"}',1);
INSERT INTO `__PREFIX__subadmin2` (`code`, `country_code`, `subadmin1_code`, `name`, `active`) VALUES ('YE.10.2702','YE','YE.10','{\"en\":\"Aţ Ţawīlah\"}',1);
INSERT INTO `__PREFIX__subadmin2` (`code`, `country_code`, `subadmin1_code`, `name`, `active`) VALUES ('YE.25.1502','YE','YE.25','{\"en\":\"At Ta‘izzīyah\"}',1);
INSERT INTO `__PREFIX__subadmin2` (`code`, `country_code`, `subadmin1_code`, `name`, `active`) VALUES ('YE.20.1419','YE','YE.20','{\"en\":\"Ash Sharafayn\"}',1);
INSERT INTO `__PREFIX__subadmin2` (`code`, `country_code`, `subadmin1_code`, `name`, `active`) VALUES ('YE.19.2905','YE','YE.19','{\"en\":\"Shahārah\"}',1);
INSERT INTO `__PREFIX__subadmin2` (`code`, `country_code`, `subadmin1_code`, `name`, `active`) VALUES ('YE.16.2305','YE','YE.16','{\"en\":\"Sanhan\"}',1);
INSERT INTO `__PREFIX__subadmin2` (`code`, `country_code`, `subadmin1_code`, `name`, `active`) VALUES ('YE.15.2211','YE','YE.15','{\"en\":\"Saḩār\"}',1);
INSERT INTO `__PREFIX__subadmin2` (`code`, `country_code`, `subadmin1_code`, `name`, `active`) VALUES ('YE.15.2215','YE','YE.15','{\"en\":\"Şa‘dah\"}',1);
INSERT INTO `__PREFIX__subadmin2` (`code`, `country_code`, `subadmin1_code`, `name`, `active`) VALUES ('YE.20.1413','YE','YE.20','{\"en\":\"Radā‘\"}',1);
INSERT INTO `__PREFIX__subadmin2` (`code`, `country_code`, `subadmin1_code`, `name`, `active`) VALUES ('YE.15.2205','YE','YE.15','{\"en\":\"Rāziḩ\"}',1);
INSERT INTO `__PREFIX__subadmin2` (`code`, `country_code`, `subadmin1_code`, `name`, `active`) VALUES ('YE.23.1104','YE','YE.23','{\"en\":\"An Nādirah\"}',1);
INSERT INTO `__PREFIX__subadmin2` (`code`, `country_code`, `subadmin1_code`, `name`, `active`) VALUES ('YE.25.1506','YE','YE.25','{\"en\":\"Al Mukhā’\"}',1);
INSERT INTO `__PREFIX__subadmin2` (`code`, `country_code`, `subadmin1_code`, `name`, `active`) VALUES ('YE.25.1501','YE','YE.25','{\"en\":\"Māwīyah\"}',1);
INSERT INTO `__PREFIX__subadmin2` (`code`, `country_code`, `subadmin1_code`, `name`, `active`) VALUES ('YE.14.2612','YE','YE.14','{\"en\":\"Marib City\"}',1);
INSERT INTO `__PREFIX__subadmin2` (`code`, `country_code`, `subadmin1_code`, `name`, `active`) VALUES ('YE.23.1107','YE','YE.23','{\"en\":\"Al Makhādir\"}',1);
INSERT INTO `__PREFIX__subadmin2` (`code`, `country_code`, `subadmin1_code`, `name`, `active`) VALUES ('YE.08.1820','YE','YE.08','{\"en\":\"Khawlān\"}',1);
INSERT INTO `__PREFIX__subadmin2` (`code`, `country_code`, `subadmin1_code`, `name`, `active`) VALUES ('YE.19.2919','YE','YE.19','{\"en\":\"Khamir\"}',1);
INSERT INTO `__PREFIX__subadmin2` (`code`, `country_code`, `subadmin1_code`, `name`, `active`) VALUES ('YE.10.2701','YE','YE.10','{\"en\":\"Shibām Kawkabān\"}',1);
INSERT INTO `__PREFIX__subadmin2` (`code`, `country_code`, `subadmin1_code`, `name`, `active`) VALUES ('YE.23.1120','YE','YE.23','{\"en\":\"Ibb\"}',1);
INSERT INTO `__PREFIX__subadmin2` (`code`, `country_code`, `subadmin1_code`, `name`, `active`) VALUES ('YE.19.2902','YE','YE.19','{\"en\":\"Ḩūth\"}',1);
INSERT INTO `__PREFIX__subadmin2` (`code`, `country_code`, `subadmin1_code`, `name`, `active`) VALUES ('YE.04.1928','YE','YE.04','{\"en\":\"Huraidhah\"}',1);
INSERT INTO `__PREFIX__subadmin2` (`code`, `country_code`, `subadmin1_code`, `name`, `active`) VALUES ('YE.14.2609','YE','YE.14','{\"en\":\"Ḩarīb\"}',1);
INSERT INTO `__PREFIX__subadmin2` (`code`, `country_code`, `subadmin1_code`, `name`, `active`) VALUES ('YE.22.1702','YE','YE.22','{\"en\":\"Harad District\"}',1);
INSERT INTO `__PREFIX__subadmin2` (`code`, `country_code`, `subadmin1_code`, `name`, `active`) VALUES ('YE.16.2301','YE','YE.16','{\"en\":\"Hamdān\"}',1);
INSERT INTO `__PREFIX__subadmin2` (`code`, `country_code`, `subadmin1_code`, `name`, `active`) VALUES ('YE.22.1728','YE','YE.22','{\"en\":\"Hajjah City District\"}',1);
INSERT INTO `__PREFIX__subadmin2` (`code`, `country_code`, `subadmin1_code`, `name`, `active`) VALUES ('YE.23.1116','YE','YE.23','{\"en\":\"Dhī as Sufāl\"}',1);
INSERT INTO `__PREFIX__subadmin2` (`code`, `country_code`, `subadmin1_code`, `name`, `active`) VALUES ('YE.11.2008','YE','YE.11','{\"en\":\"Madīnat Dhamār\"}',1);
INSERT INTO `__PREFIX__subadmin2` (`code`, `country_code`, `subadmin1_code`, `name`, `active`) VALUES ('YE.08.1817','YE','YE.08','{\"en\":\"Bayt al Faqīh\"}',1);
INSERT INTO `__PREFIX__subadmin2` (`code`, `country_code`, `subadmin1_code`, `name`, `active`) VALUES ('YE.20.1410','YE','YE.20','{\"en\":\"Al Bayḑā’\"}',1);
INSERT INTO `__PREFIX__subadmin2` (`code`, `country_code`, `subadmin1_code`, `name`, `active`) VALUES ('YE.21.1610','YE','YE.21','{\"en\":\"Barţ al ‘Anān\"}',1);
INSERT INTO `__PREFIX__subadmin2` (`code`, `country_code`, `subadmin1_code`, `name`, `active`) VALUES ('YE.08.1810','YE','YE.08','{\"en\":\"Bājil\"}',1);
INSERT INTO `__PREFIX__subadmin2` (`code`, `country_code`, `subadmin1_code`, `name`, `active`) VALUES ('YE.11.2010','YE','YE.11','{\"en\":\"‘Ans\"}',1);
INSERT INTO `__PREFIX__subadmin2` (`code`, `country_code`, `subadmin1_code`, `name`, `active`) VALUES ('YE.19.2915','YE','YE.19','{\"en\":\"‘Amrān\"}',1);
INSERT INTO `__PREFIX__subadmin2` (`code`, `country_code`, `subadmin1_code`, `name`, `active`) VALUES ('YE.15.2208','YE','YE.15','{\"en\":\"Haydan\"}',1);
INSERT INTO `__PREFIX__subadmin2` (`code`, `country_code`, `subadmin1_code`, `name`, `active`) VALUES ('YE.22.1704','YE','YE.22','{\"en\":\"Abs\"}',1);
INSERT INTO `__PREFIX__subadmin2` (`code`, `country_code`, `subadmin1_code`, `name`, `active`) VALUES ('YE.22.1713','YE','YE.22','{\"en\":\"Qafl Shamer\"}',1);
INSERT INTO `__PREFIX__subadmin2` (`code`, `country_code`, `subadmin1_code`, `name`, `active`) VALUES ('YE.22.1724','YE','YE.22','{\"en\":\"Bani Qa\'is\"}',1);
INSERT INTO `__PREFIX__subadmin2` (`code`, `country_code`, `subadmin1_code`, `name`, `active`) VALUES ('YE.23.1109','YE','YE.23','{\"en\":\"Hazm Al Udayn\"}',1);
INSERT INTO `__PREFIX__subadmin2` (`code`, `country_code`, `subadmin1_code`, `name`, `active`) VALUES ('YE.23.1101','YE','YE.23','{\"en\":\"Al Qafr\"}',1);
INSERT INTO `__PREFIX__subadmin2` (`code`, `country_code`, `subadmin1_code`, `name`, `active`) VALUES ('YE.22.1717','YE','YE.22','{\"en\":\"Al Maghrabah\"}',1);
INSERT INTO `__PREFIX__subadmin2` (`code`, `country_code`, `subadmin1_code`, `name`, `active`) VALUES ('YE.26.1310','YE','YE.26','{\"en\":\"Bani Al Harith\"}',1);
INSERT INTO `__PREFIX__subadmin2` (`code`, `country_code`, `subadmin1_code`, `name`, `active`) VALUES ('YE.25.1523','YE','YE.25','{\"en\":\"Sama\"}',1);
INSERT INTO `__PREFIX__subadmin2` (`code`, `country_code`, `subadmin1_code`, `name`, `active`) VALUES ('YE.25.1512','YE','YE.25','{\"en\":\"Al Misrakh\"}',1);
INSERT INTO `__PREFIX__subadmin2` (`code`, `country_code`, `subadmin1_code`, `name`, `active`) VALUES ('YE.25.1511','YE','YE.25','{\"en\":\"Sabir Al Mawadim\"}',1);
INSERT INTO `__PREFIX__subadmin2` (`code`, `country_code`, `subadmin1_code`, `name`, `active`) VALUES ('YE.25.1513','YE','YE.25','{\"en\":\"Dimnat Khadir\"}',1);
INSERT INTO `__PREFIX__subadmin2` (`code`, `country_code`, `subadmin1_code`, `name`, `active`) VALUES ('YE.25.1515','YE','YE.25','{\"en\":\"Ash Shamayatayn\"}',1);
INSERT INTO `__PREFIX__subadmin2` (`code`, `country_code`, `subadmin1_code`, `name`, `active`) VALUES ('YE.25.1509','YE','YE.25','{\"en\":\"Jabal Habashy\"}',1);
INSERT INTO `__PREFIX__subadmin2` (`code`, `country_code`, `subadmin1_code`, `name`, `active`) VALUES ('YE.21.1604','YE','YE.21','{\"en\":\"Az Zahir\"}',1);
INSERT INTO `__PREFIX__subadmin2` (`code`, `country_code`, `subadmin1_code`, `name`, `active`) VALUES ('YE.21.1612','YE','YE.21','{\"en\":\"Kharab Al Marashi\"}',1);
INSERT INTO `__PREFIX__subadmin2` (`code`, `country_code`, `subadmin1_code`, `name`, `active`) VALUES ('YE.22.1715','YE','YE.22','{\"en\":\"Al Mahabishah\"}',1);
INSERT INTO `__PREFIX__subadmin2` (`code`, `country_code`, `subadmin1_code`, `name`, `active`) VALUES ('YE.22.1703','YE','YE.22','{\"en\":\"Midi\"}',1);
INSERT INTO `__PREFIX__subadmin2` (`code`, `country_code`, `subadmin1_code`, `name`, `active`) VALUES ('YE.22.1705','YE','YE.22','{\"en\":\"Hayran\"}',1);
INSERT INTO `__PREFIX__subadmin2` (`code`, `country_code`, `subadmin1_code`, `name`, `active`) VALUES ('YE.22.1727','YE','YE.22','{\"en\":\"Bani Al Awam\"}',1);
INSERT INTO `__PREFIX__subadmin2` (`code`, `country_code`, `subadmin1_code`, `name`, `active`) VALUES ('YE.22.1729','YE','YE.22','{\"en\":\"Hajjah\"}',1);
INSERT INTO `__PREFIX__subadmin2` (`code`, `country_code`, `subadmin1_code`, `name`, `active`) VALUES ('YE.08.1805','YE','YE.08','{\"en\":\"Al Munirah\"}',1);
INSERT INTO `__PREFIX__subadmin2` (`code`, `country_code`, `subadmin1_code`, `name`, `active`) VALUES ('YE.08.1814','YE','YE.08','{\"en\":\"Ad Durayhimi\"}',1);
INSERT INTO `__PREFIX__subadmin2` (`code`, `country_code`, `subadmin1_code`, `name`, `active`) VALUES ('YE.08.1813','YE','YE.08','{\"en\":\"Al Marawi\'ah\"}',1);
INSERT INTO `__PREFIX__subadmin2` (`code`, `country_code`, `subadmin1_code`, `name`, `active`) VALUES ('YE.08.1821','YE','YE.08','{\"en\":\"Al Hawak\"}',1);
INSERT INTO `__PREFIX__subadmin2` (`code`, `country_code`, `subadmin1_code`, `name`, `active`) VALUES ('YE.08.1804','YE','YE.08','{\"en\":\"As Salif\"}',1);
INSERT INTO `__PREFIX__subadmin2` (`code`, `country_code`, `subadmin1_code`, `name`, `active`) VALUES ('YE.08.1818','YE','YE.08','{\"en\":\"Jabal Ra\'s\"}',1);
INSERT INTO `__PREFIX__subadmin2` (`code`, `country_code`, `subadmin1_code`, `name`, `active`) VALUES ('YE.04.1920','YE','YE.04','{\"en\":\"Rakhyah\"}',1);
INSERT INTO `__PREFIX__subadmin2` (`code`, `country_code`, `subadmin1_code`, `name`, `active`) VALUES ('YE.11.2011','YE','YE.11','{\"en\":\"Dawran Aness\"}',1);
INSERT INTO `__PREFIX__subadmin2` (`code`, `country_code`, `subadmin1_code`, `name`, `active`) VALUES ('YE.05.2105','YE','YE.05','{\"en\":\"Usaylan\"}',1);
INSERT INTO `__PREFIX__subadmin2` (`code`, `country_code`, `subadmin1_code`, `name`, `active`) VALUES ('YE.15.2213','YE','YE.15','{\"en\":\"Al Hashwah\"}',1);
INSERT INTO `__PREFIX__subadmin2` (`code`, `country_code`, `subadmin1_code`, `name`, `active`) VALUES ('YE.15.2204','YE','YE.15','{\"en\":\"Ghamr\"}',1);
INSERT INTO `__PREFIX__subadmin2` (`code`, `country_code`, `subadmin1_code`, `name`, `active`) VALUES ('YE.15.2202','YE','YE.15','{\"en\":\"Qatabir\"}',1);
INSERT INTO `__PREFIX__subadmin2` (`code`, `country_code`, `subadmin1_code`, `name`, `active`) VALUES ('YE.15.2203','YE','YE.15','{\"en\":\"Monabbih\"}',1);
INSERT INTO `__PREFIX__subadmin2` (`code`, `country_code`, `subadmin1_code`, `name`, `active`) VALUES ('YE.16.2302','YE','YE.16','{\"en\":\"Arhab\"}',1);
INSERT INTO `__PREFIX__subadmin2` (`code`, `country_code`, `subadmin1_code`, `name`, `active`) VALUES ('YE.24.2515','YE','YE.24','{\"en\":\"Tuban\"}',1);
INSERT INTO `__PREFIX__subadmin2` (`code`, `country_code`, `subadmin1_code`, `name`, `active`) VALUES ('YE.24.2510','YE','YE.24','{\"en\":\"Al Qabbaytah\"}',1);
INSERT INTO `__PREFIX__subadmin2` (`code`, `country_code`, `subadmin1_code`, `name`, `active`) VALUES ('YE.14.2604','YE','YE.14','{\"en\":\"Harib Al Qaramish\"}',1);
INSERT INTO `__PREFIX__subadmin2` (`code`, `country_code`, `subadmin1_code`, `name`, `active`) VALUES ('YE.19.2901','YE','YE.19','{\"en\":\"Harf Sufyan\"}',1);
INSERT INTO `__PREFIX__subadmin2` (`code`, `country_code`, `subadmin1_code`, `name`, `active`) VALUES ('YE.19.2911','YE','YE.19','{\"en\":\"Raydah\"}',1);
INSERT INTO `__PREFIX__subadmin2` (`code`, `country_code`, `subadmin1_code`, `name`, `active`) VALUES ('YE.23.1105','YE','YE.23','{\"en\":\"Ash Sha\'ir\"}',1);
INSERT INTO `__PREFIX__subadmin2` (`code`, `country_code`, `subadmin1_code`, `name`, `active`) VALUES ('YE.23.1103','YE','YE.23','{\"en\":\"Ar Radmah\"}',1);
INSERT INTO `__PREFIX__subadmin2` (`code`, `country_code`, `subadmin1_code`, `name`, `active`) VALUES ('YE.23.1106','YE','YE.23','{\"en\":\"As Saddah\"}',1);
INSERT INTO `__PREFIX__subadmin2` (`code`, `country_code`, `subadmin1_code`, `name`, `active`) VALUES ('YE.23.1117','YE','YE.23','{\"en\":\"Mudhaykhirah\"}',1);
INSERT INTO `__PREFIX__subadmin2` (`code`, `country_code`, `subadmin1_code`, `name`, `active`) VALUES ('YE.23.1110','YE','YE.23','{\"en\":\"Far Al Udayn\"}',1);
INSERT INTO `__PREFIX__subadmin2` (`code`, `country_code`, `subadmin1_code`, `name`, `active`) VALUES ('YE.18.3009','YE','YE.18','{\"en\":\"Al Husha\"}',1);
INSERT INTO `__PREFIX__subadmin2` (`code`, `country_code`, `subadmin1_code`, `name`, `active`) VALUES ('YE.18.3003','YE','YE.18','{\"en\":\"Qa\'atabah\"}',1);
INSERT INTO `__PREFIX__subadmin2` (`code`, `country_code`, `subadmin1_code`, `name`, `active`) VALUES ('YE.27.3102','YE','YE.27','{\"en\":\"Al Jabin\"}',1);
INSERT INTO `__PREFIX__subadmin2` (`code`, `country_code`, `subadmin1_code`, `name`, `active`) VALUES ('YE.27.3105','YE','YE.27','{\"en\":\"Al Jafariyah\"}',1);
INSERT INTO `__PREFIX__subadmin2` (`code`, `country_code`, `subadmin1_code`, `name`, `active`) VALUES ('YE.27.3104','YE','YE.27','{\"en\":\"Kusmah\"}',1);
INSERT INTO `__PREFIX__subadmin2` (`code`, `country_code`, `subadmin1_code`, `name`, `active`) VALUES ('YE.27.3103','YE','YE.27','{\"en\":\"As Salafiyah\"}',1);
INSERT INTO `__PREFIX__subadmin2` (`code`, `country_code`, `subadmin1_code`, `name`, `active`) VALUES ('YE.23.1119','YE','YE.23','{\"en\":\"Al Dhihar\"}',1);
INSERT INTO `__PREFIX__subadmin2` (`code`, `country_code`, `subadmin1_code`, `name`, `active`) VALUES ('YE.23.1115','YE','YE.23','{\"en\":\"As Sayyani\"}',1);
INSERT INTO `__PREFIX__subadmin2` (`code`, `country_code`, `subadmin1_code`, `name`, `active`) VALUES ('YE.23.1118','YE','YE.23','{\"en\":\"Al Mashannah\"}',1);
INSERT INTO `__PREFIX__subadmin2` (`code`, `country_code`, `subadmin1_code`, `name`, `active`) VALUES ('YE.23.1114','YE','YE.23','{\"en\":\"As Sabrah\"}',1);
INSERT INTO `__PREFIX__subadmin2` (`code`, `country_code`, `subadmin1_code`, `name`, `active`) VALUES ('YE.23.1108','YE','YE.23','{\"en\":\"Hubaysh\"}',1);
INSERT INTO `__PREFIX__subadmin2` (`code`, `country_code`, `subadmin1_code`, `name`, `active`) VALUES ('YE.23.1112','YE','YE.23','{\"en\":\"Jiblah\"}',1);
INSERT INTO `__PREFIX__subadmin2` (`code`, `country_code`, `subadmin1_code`, `name`, `active`) VALUES ('YE.23.1113','YE','YE.23','{\"en\":\"Ba\'dan\"}',1);
INSERT INTO `__PREFIX__subadmin2` (`code`, `country_code`, `subadmin1_code`, `name`, `active`) VALUES ('YE.01.1209','YE','YE.01','{\"en\":\"Ahwar\"}',1);
INSERT INTO `__PREFIX__subadmin2` (`code`, `country_code`, `subadmin1_code`, `name`, `active`) VALUES ('YE.01.1202','YE','YE.01','{\"en\":\"Mudiyah\"}',1);
INSERT INTO `__PREFIX__subadmin2` (`code`, `country_code`, `subadmin1_code`, `name`, `active`) VALUES ('YE.01.1201','YE','YE.01','{\"en\":\"Al Mahfad\"}',1);
INSERT INTO `__PREFIX__subadmin2` (`code`, `country_code`, `subadmin1_code`, `name`, `active`) VALUES ('YE.01.1206','YE','YE.01','{\"en\":\"Rasad\"}',1);
INSERT INTO `__PREFIX__subadmin2` (`code`, `country_code`, `subadmin1_code`, `name`, `active`) VALUES ('YE.01.1203','YE','YE.01','{\"en\":\"Jayshan\"}',1);
INSERT INTO `__PREFIX__subadmin2` (`code`, `country_code`, `subadmin1_code`, `name`, `active`) VALUES ('YE.01.1205','YE','YE.01','{\"en\":\"Sibah\"}',1);
INSERT INTO `__PREFIX__subadmin2` (`code`, `country_code`, `subadmin1_code`, `name`, `active`) VALUES ('YE.01.1204','YE','YE.01','{\"en\":\"Lawdar\"}',1);
INSERT INTO `__PREFIX__subadmin2` (`code`, `country_code`, `subadmin1_code`, `name`, `active`) VALUES ('YE.01.1208','YE','YE.01','{\"en\":\"Al Wade\'a\"}',1);
INSERT INTO `__PREFIX__subadmin2` (`code`, `country_code`, `subadmin1_code`, `name`, `active`) VALUES ('YE.01.1211','YE','YE.01','{\"en\":\"Khanfir\"}',1);
INSERT INTO `__PREFIX__subadmin2` (`code`, `country_code`, `subadmin1_code`, `name`, `active`) VALUES ('YE.01.1207','YE','YE.01','{\"en\":\"Sarar\"}',1);
INSERT INTO `__PREFIX__subadmin2` (`code`, `country_code`, `subadmin1_code`, `name`, `active`) VALUES ('YE.01.1210','YE','YE.01','{\"en\":\"Zingibar\"}',1);
INSERT INTO `__PREFIX__subadmin2` (`code`, `country_code`, `subadmin1_code`, `name`, `active`) VALUES ('YE.26.1306','YE','YE.26','{\"en\":\"Al Wahdah\"}',1);
INSERT INTO `__PREFIX__subadmin2` (`code`, `country_code`, `subadmin1_code`, `name`, `active`) VALUES ('YE.26.1301','YE','YE.26','{\"en\":\"Old City\"}',1);
INSERT INTO `__PREFIX__subadmin2` (`code`, `country_code`, `subadmin1_code`, `name`, `active`) VALUES ('YE.26.1309','YE','YE.26','{\"en\":\"Ath\'thaorah\"}',1);
INSERT INTO `__PREFIX__subadmin2` (`code`, `country_code`, `subadmin1_code`, `name`, `active`) VALUES ('YE.26.1304','YE','YE.26','{\"en\":\"Assafi\'yah\"}',1);
INSERT INTO `__PREFIX__subadmin2` (`code`, `country_code`, `subadmin1_code`, `name`, `active`) VALUES ('YE.26.1308','YE','YE.26','{\"en\":\"Ma\'ain\"}',1);
INSERT INTO `__PREFIX__subadmin2` (`code`, `country_code`, `subadmin1_code`, `name`, `active`) VALUES ('YE.26.1305','YE','YE.26','{\"en\":\"As Sabain\"}',1);
INSERT INTO `__PREFIX__subadmin2` (`code`, `country_code`, `subadmin1_code`, `name`, `active`) VALUES ('YE.26.1302','YE','YE.26','{\"en\":\"Shu\'aub\"}',1);
INSERT INTO `__PREFIX__subadmin2` (`code`, `country_code`, `subadmin1_code`, `name`, `active`) VALUES ('YE.26.1303','YE','YE.26','{\"en\":\"Az\'zal\"}',1);
INSERT INTO `__PREFIX__subadmin2` (`code`, `country_code`, `subadmin1_code`, `name`, `active`) VALUES ('YE.26.1307','YE','YE.26','{\"en\":\"At Tahrir\"}',1);
INSERT INTO `__PREFIX__subadmin2` (`code`, `country_code`, `subadmin1_code`, `name`, `active`) VALUES ('YE.20.1417','YE','YE.20','{\"en\":\"Sabah\"}',1);
INSERT INTO `__PREFIX__subadmin2` (`code`, `country_code`, `subadmin1_code`, `name`, `active`) VALUES ('YE.20.1415','YE','YE.20','{\"en\":\"Wald Rabi\'\"}',1);
INSERT INTO `__PREFIX__subadmin2` (`code`, `country_code`, `subadmin1_code`, `name`, `active`) VALUES ('YE.20.1414','YE','YE.20','{\"en\":\"Al Quraishyah\"}',1);
INSERT INTO `__PREFIX__subadmin2` (`code`, `country_code`, `subadmin1_code`, `name`, `active`) VALUES ('YE.20.1418','YE','YE.20','{\"en\":\"Ar Ryashyyah\"}',1);
INSERT INTO `__PREFIX__subadmin2` (`code`, `country_code`, `subadmin1_code`, `name`, `active`) VALUES ('YE.20.1401','YE','YE.20','{\"en\":\"Na\'man\"}',1);
INSERT INTO `__PREFIX__subadmin2` (`code`, `country_code`, `subadmin1_code`, `name`, `active`) VALUES ('YE.20.1408','YE','YE.20','{\"en\":\"Mukayras\"}',1);
INSERT INTO `__PREFIX__subadmin2` (`code`, `country_code`, `subadmin1_code`, `name`, `active`) VALUES ('YE.20.1402','YE','YE.20','{\"en\":\"Nati\'\"}',1);
INSERT INTO `__PREFIX__subadmin2` (`code`, `country_code`, `subadmin1_code`, `name`, `active`) VALUES ('YE.20.1411','YE','YE.20','{\"en\":\"As Sawadiyah\"}',1);
INSERT INTO `__PREFIX__subadmin2` (`code`, `country_code`, `subadmin1_code`, `name`, `active`) VALUES ('YE.20.1407','YE','YE.20','{\"en\":\"At Taffah\"}',1);
INSERT INTO `__PREFIX__subadmin2` (`code`, `country_code`, `subadmin1_code`, `name`, `active`) VALUES ('YE.20.1412','YE','YE.20','{\"en\":\"Radman Al Awad\"}',1);
INSERT INTO `__PREFIX__subadmin2` (`code`, `country_code`, `subadmin1_code`, `name`, `active`) VALUES ('YE.20.1406','YE','YE.20','{\"en\":\"Dhi Na\'im\"}',1);
INSERT INTO `__PREFIX__subadmin2` (`code`, `country_code`, `subadmin1_code`, `name`, `active`) VALUES ('YE.20.1409','YE','YE.20','{\"en\":\"Al Bayda City\"}',1);
INSERT INTO `__PREFIX__subadmin2` (`code`, `country_code`, `subadmin1_code`, `name`, `active`) VALUES ('YE.20.1420','YE','YE.20','{\"en\":\"Al Malagim\"}',1);
INSERT INTO `__PREFIX__subadmin2` (`code`, `country_code`, `subadmin1_code`, `name`, `active`) VALUES ('YE.20.1403','YE','YE.20','{\"en\":\"Maswarah\"}',1);
INSERT INTO `__PREFIX__subadmin2` (`code`, `country_code`, `subadmin1_code`, `name`, `active`) VALUES ('YE.20.1416','YE','YE.20','{\"en\":\"Al A\'rsh\"}',1);
INSERT INTO `__PREFIX__subadmin2` (`code`, `country_code`, `subadmin1_code`, `name`, `active`) VALUES ('YE.20.1404','YE','YE.20','{\"en\":\"As Sawma\'ah\"}',1);
INSERT INTO `__PREFIX__subadmin2` (`code`, `country_code`, `subadmin1_code`, `name`, `active`) VALUES ('YE.20.1405','YE','YE.20','{\"en\":\"Az Zahir\"}',1);
INSERT INTO `__PREFIX__subadmin2` (`code`, `country_code`, `subadmin1_code`, `name`, `active`) VALUES ('YE.25.1510','YE','YE.25','{\"en\":\"Mashra\'a Wa Hadnan\"}',1);
INSERT INTO `__PREFIX__subadmin2` (`code`, `country_code`, `subadmin1_code`, `name`, `active`) VALUES ('YE.25.1516','YE','YE.25','{\"en\":\"Al Wazi\'iyah\"}',1);
INSERT INTO `__PREFIX__subadmin2` (`code`, `country_code`, `subadmin1_code`, `name`, `active`) VALUES ('YE.25.1514','YE','YE.25','{\"en\":\"As Silw\"}',1);
INSERT INTO `__PREFIX__subadmin2` (`code`, `country_code`, `subadmin1_code`, `name`, `active`) VALUES ('YE.25.1517','YE','YE.25','{\"en\":\"Hayfan\"}',1);
INSERT INTO `__PREFIX__subadmin2` (`code`, `country_code`, `subadmin1_code`, `name`, `active`) VALUES ('YE.25.1521','YE','YE.25','{\"en\":\"Al Ma\'afer\"}',1);
INSERT INTO `__PREFIX__subadmin2` (`code`, `country_code`, `subadmin1_code`, `name`, `active`) VALUES ('YE.25.1522','YE','YE.25','{\"en\":\"Al Mawasit\"}',1);
INSERT INTO `__PREFIX__subadmin2` (`code`, `country_code`, `subadmin1_code`, `name`, `active`) VALUES ('YE.25.1507','YE','YE.25','{\"en\":\"Dhubab\"}',1);
INSERT INTO `__PREFIX__subadmin2` (`code`, `country_code`, `subadmin1_code`, `name`, `active`) VALUES ('YE.25.1519','YE','YE.25','{\"en\":\"Al Qahirah\"}',1);
INSERT INTO `__PREFIX__subadmin2` (`code`, `country_code`, `subadmin1_code`, `name`, `active`) VALUES ('YE.25.1520','YE','YE.25','{\"en\":\"Salh\"}',1);
INSERT INTO `__PREFIX__subadmin2` (`code`, `country_code`, `subadmin1_code`, `name`, `active`) VALUES ('YE.25.1518','YE','YE.25','{\"en\":\"Al Mudhaffar\"}',1);
INSERT INTO `__PREFIX__subadmin2` (`code`, `country_code`, `subadmin1_code`, `name`, `active`) VALUES ('YE.25.1508','YE','YE.25','{\"en\":\"Mawza\"}',1);
INSERT INTO `__PREFIX__subadmin2` (`code`, `country_code`, `subadmin1_code`, `name`, `active`) VALUES ('YE.25.1504','YE','YE.25','{\"en\":\"Shara\'b Ar Rawnah\"}',1);
INSERT INTO `__PREFIX__subadmin2` (`code`, `country_code`, `subadmin1_code`, `name`, `active`) VALUES ('YE.25.1505','YE','YE.25','{\"en\":\"Maqbanah\"}',1);
INSERT INTO `__PREFIX__subadmin2` (`code`, `country_code`, `subadmin1_code`, `name`, `active`) VALUES ('YE.25.1503','YE','YE.25','{\"en\":\"Shara\'b As Salam\"}',1);
INSERT INTO `__PREFIX__subadmin2` (`code`, `country_code`, `subadmin1_code`, `name`, `active`) VALUES ('YE.21.1605','YE','YE.21','{\"en\":\"Al Hazm\"}',1);
INSERT INTO `__PREFIX__subadmin2` (`code`, `country_code`, `subadmin1_code`, `name`, `active`) VALUES ('YE.21.1609','YE','YE.21','{\"en\":\"Al Khalq\"}',1);
INSERT INTO `__PREFIX__subadmin2` (`code`, `country_code`, `subadmin1_code`, `name`, `active`) VALUES ('YE.21.1606','YE','YE.21','{\"en\":\"Al Maton\"}',1);
INSERT INTO `__PREFIX__subadmin2` (`code`, `country_code`, `subadmin1_code`, `name`, `active`) VALUES ('YE.21.1603','YE','YE.21','{\"en\":\"Al Matammah\"}',1);
INSERT INTO `__PREFIX__subadmin2` (`code`, `country_code`, `subadmin1_code`, `name`, `active`) VALUES ('YE.21.1607','YE','YE.21','{\"en\":\"Al Maslub\"}',1);
INSERT INTO `__PREFIX__subadmin2` (`code`, `country_code`, `subadmin1_code`, `name`, `active`) VALUES ('YE.21.1608','YE','YE.21','{\"en\":\"Al Ghayl\"}',1);
INSERT INTO `__PREFIX__subadmin2` (`code`, `country_code`, `subadmin1_code`, `name`, `active`) VALUES ('YE.21.1601','YE','YE.21','{\"en\":\"Khabb wa ash Sha\'af\"}',1);
INSERT INTO `__PREFIX__subadmin2` (`code`, `country_code`, `subadmin1_code`, `name`, `active`) VALUES ('YE.21.1602','YE','YE.21','{\"en\":\"Al Humaydat\"}',1);
INSERT INTO `__PREFIX__subadmin2` (`code`, `country_code`, `subadmin1_code`, `name`, `active`) VALUES ('YE.21.1611','YE','YE.21','{\"en\":\"Rajuzah\"}',1);
INSERT INTO `__PREFIX__subadmin2` (`code`, `country_code`, `subadmin1_code`, `name`, `active`) VALUES ('YE.22.1722','YE','YE.22','{\"en\":\"Ku\'aydinah\"}',1);
INSERT INTO `__PREFIX__subadmin2` (`code`, `country_code`, `subadmin1_code`, `name`, `active`) VALUES ('YE.22.1706','YE','YE.22','{\"en\":\"Mustaba\"}',1);
INSERT INTO `__PREFIX__subadmin2` (`code`, `country_code`, `subadmin1_code`, `name`, `active`) VALUES ('YE.22.1731','YE','YE.22','{\"en\":\"Qarah\"}',1);
INSERT INTO `__PREFIX__subadmin2` (`code`, `country_code`, `subadmin1_code`, `name`, `active`) VALUES ('YE.22.1723','YE','YE.22','{\"en\":\"Wadhrah\"}',1);
INSERT INTO `__PREFIX__subadmin2` (`code`, `country_code`, `subadmin1_code`, `name`, `active`) VALUES ('YE.22.1718','YE','YE.22','{\"en\":\"Kuhlan Affar\"}',1);
INSERT INTO `__PREFIX__subadmin2` (`code`, `country_code`, `subadmin1_code`, `name`, `active`) VALUES ('YE.22.1709','YE','YE.22','{\"en\":\"Kuhlan Ash Sharaf\"}',1);
INSERT INTO `__PREFIX__subadmin2` (`code`, `country_code`, `subadmin1_code`, `name`, `active`) VALUES ('YE.22.1719','YE','YE.22','{\"en\":\"Sharas\"}',1);
INSERT INTO `__PREFIX__subadmin2` (`code`, `country_code`, `subadmin1_code`, `name`, `active`) VALUES ('YE.22.1711','YE','YE.22','{\"en\":\"Khayran Al Muharraq\"}',1);
INSERT INTO `__PREFIX__subadmin2` (`code`, `country_code`, `subadmin1_code`, `name`, `active`) VALUES ('YE.22.1721','YE','YE.22','{\"en\":\"Ash Shahil\"}',1);
INSERT INTO `__PREFIX__subadmin2` (`code`, `country_code`, `subadmin1_code`, `name`, `active`) VALUES ('YE.22.1726','YE','YE.22','{\"en\":\"Najrah\"}',1);
INSERT INTO `__PREFIX__subadmin2` (`code`, `country_code`, `subadmin1_code`, `name`, `active`) VALUES ('YE.22.1725','YE','YE.22','{\"en\":\"Ash Shaghadirah\"}',1);
INSERT INTO `__PREFIX__subadmin2` (`code`, `country_code`, `subadmin1_code`, `name`, `active`) VALUES ('YE.22.1710','YE','YE.22','{\"en\":\"Aflah Ash Shawm\"}',1);
INSERT INTO `__PREFIX__subadmin2` (`code`, `country_code`, `subadmin1_code`, `name`, `active`) VALUES ('YE.22.1720','YE','YE.22','{\"en\":\"Mabyan\"}',1);
INSERT INTO `__PREFIX__subadmin2` (`code`, `country_code`, `subadmin1_code`, `name`, `active`) VALUES ('YE.22.1716','YE','YE.22','{\"en\":\"Al Miftah\"}',1);
INSERT INTO `__PREFIX__subadmin2` (`code`, `country_code`, `subadmin1_code`, `name`, `active`) VALUES ('YE.22.1714','YE','YE.22','{\"en\":\"Aflah Al Yaman\"}',1);
INSERT INTO `__PREFIX__subadmin2` (`code`, `country_code`, `subadmin1_code`, `name`, `active`) VALUES ('YE.22.1708','YE','YE.22','{\"en\":\"Al Jamimah\"}',1);
INSERT INTO `__PREFIX__subadmin2` (`code`, `country_code`, `subadmin1_code`, `name`, `active`) VALUES ('YE.22.1712','YE','YE.22','{\"en\":\"Aslem\"}',1);
INSERT INTO `__PREFIX__subadmin2` (`code`, `country_code`, `subadmin1_code`, `name`, `active`) VALUES ('YE.22.1701','YE','YE.22','{\"en\":\"Bakil Al Mir\"}',1);
INSERT INTO `__PREFIX__subadmin2` (`code`, `country_code`, `subadmin1_code`, `name`, `active`) VALUES ('YE.22.1707','YE','YE.22','{\"en\":\"Kushar\"}',1);
INSERT INTO `__PREFIX__subadmin2` (`code`, `country_code`, `subadmin1_code`, `name`, `active`) VALUES ('YE.08.1822','YE','YE.08','{\"en\":\"Al Mina\"}',1);
INSERT INTO `__PREFIX__subadmin2` (`code`, `country_code`, `subadmin1_code`, `name`, `active`) VALUES ('YE.08.1815','YE','YE.08','{\"en\":\"As Sukhnah\"}',1);
INSERT INTO `__PREFIX__subadmin2` (`code`, `country_code`, `subadmin1_code`, `name`, `active`) VALUES ('YE.08.1825','YE','YE.08','{\"en\":\"Al Garrahi\"}',1);
INSERT INTO `__PREFIX__subadmin2` (`code`, `country_code`, `subadmin1_code`, `name`, `active`) VALUES ('YE.08.1812','YE','YE.08','{\"en\":\"Bura\"}',1);
INSERT INTO `__PREFIX__subadmin2` (`code`, `country_code`, `subadmin1_code`, `name`, `active`) VALUES ('YE.08.1803','YE','YE.08','{\"en\":\"Kamaran\"}',1);
INSERT INTO `__PREFIX__subadmin2` (`code`, `country_code`, `subadmin1_code`, `name`, `active`) VALUES ('YE.08.1816','YE','YE.08','{\"en\":\"Al Mansuriyah\"}',1);
INSERT INTO `__PREFIX__subadmin2` (`code`, `country_code`, `subadmin1_code`, `name`, `active`) VALUES ('YE.08.1801','YE','YE.08','{\"en\":\"Az Zuhrah\"}',1);
INSERT INTO `__PREFIX__subadmin2` (`code`, `country_code`, `subadmin1_code`, `name`, `active`) VALUES ('YE.08.1809','YE','YE.08','{\"en\":\"Ad Dahi\"}',1);
INSERT INTO `__PREFIX__subadmin2` (`code`, `country_code`, `subadmin1_code`, `name`, `active`) VALUES ('YE.08.1819','YE','YE.08','{\"en\":\"Hays\"}',1);
INSERT INTO `__PREFIX__subadmin2` (`code`, `country_code`, `subadmin1_code`, `name`, `active`) VALUES ('YE.08.1826','YE','YE.08','{\"en\":\"At Tuhayat\"}',1);
INSERT INTO `__PREFIX__subadmin2` (`code`, `country_code`, `subadmin1_code`, `name`, `active`) VALUES ('YE.08.1823','YE','YE.08','{\"en\":\"Al Hali\"}',1);
INSERT INTO `__PREFIX__subadmin2` (`code`, `country_code`, `subadmin1_code`, `name`, `active`) VALUES ('YE.08.1811','YE','YE.08','{\"en\":\"Al Hajjaylah\"}',1);
INSERT INTO `__PREFIX__subadmin2` (`code`, `country_code`, `subadmin1_code`, `name`, `active`) VALUES ('YE.08.1808','YE','YE.08','{\"en\":\"Al Mighlaf\"}',1);
INSERT INTO `__PREFIX__subadmin2` (`code`, `country_code`, `subadmin1_code`, `name`, `active`) VALUES ('YE.08.1806','YE','YE.08','{\"en\":\"Al Qanawis\"}',1);
INSERT INTO `__PREFIX__subadmin2` (`code`, `country_code`, `subadmin1_code`, `name`, `active`) VALUES ('YE.08.1802','YE','YE.08','{\"en\":\"Alluheyah\"}',1);
INSERT INTO `__PREFIX__subadmin2` (`code`, `country_code`, `subadmin1_code`, `name`, `active`) VALUES ('YE.04.1922','YE','YE.04','{\"en\":\"Adh Dhlia\'ah\"}',1);
INSERT INTO `__PREFIX__subadmin2` (`code`, `country_code`, `subadmin1_code`, `name`, `active`) VALUES ('YE.04.1930','YE','YE.04','{\"en\":\"Al Mukalla\"}',1);
INSERT INTO `__PREFIX__subadmin2` (`code`, `country_code`, `subadmin1_code`, `name`, `active`) VALUES ('YE.04.1923','YE','YE.04','{\"en\":\"Yabuth\"}',1);
INSERT INTO `__PREFIX__subadmin2` (`code`, `country_code`, `subadmin1_code`, `name`, `active`) VALUES ('YE.04.1924','YE','YE.04','{\"en\":\"Hajr\"}',1);
INSERT INTO `__PREFIX__subadmin2` (`code`, `country_code`, `subadmin1_code`, `name`, `active`) VALUES ('YE.04.1908','YE','YE.04','{\"en\":\"Shibam\"}',1);
INSERT INTO `__PREFIX__subadmin2` (`code`, `country_code`, `subadmin1_code`, `name`, `active`) VALUES ('YE.04.1909','YE','YE.04','{\"en\":\"Sah\"}',1);
INSERT INTO `__PREFIX__subadmin2` (`code`, `country_code`, `subadmin1_code`, `name`, `active`) VALUES ('YE.04.1916','YE','YE.04','{\"en\":\"Ghayl Bin Yamin\"}',1);
INSERT INTO `__PREFIX__subadmin2` (`code`, `country_code`, `subadmin1_code`, `name`, `active`) VALUES ('YE.04.1919','YE','YE.04','{\"en\":\"Wadi Al Ayn\"}',1);
INSERT INTO `__PREFIX__subadmin2` (`code`, `country_code`, `subadmin1_code`, `name`, `active`) VALUES ('YE.04.1921','YE','YE.04','{\"en\":\"Amd\"}',1);
INSERT INTO `__PREFIX__subadmin2` (`code`, `country_code`, `subadmin1_code`, `name`, `active`) VALUES ('YE.04.1913','YE','YE.04','{\"en\":\"Ar Raydah Wa Qusayar\"}',1);
INSERT INTO `__PREFIX__subadmin2` (`code`, `country_code`, `subadmin1_code`, `name`, `active`) VALUES ('YE.04.1918','YE','YE.04','{\"en\":\"Daw\'an\"}',1);
INSERT INTO `__PREFIX__subadmin2` (`code`, `country_code`, `subadmin1_code`, `name`, `active`) VALUES ('YE.04.1914','YE','YE.04','{\"en\":\"Ad Dis\"}',1);
INSERT INTO `__PREFIX__subadmin2` (`code`, `country_code`, `subadmin1_code`, `name`, `active`) VALUES ('YE.04.1915','YE','YE.04','{\"en\":\"Ash Shihr\"}',1);
INSERT INTO `__PREFIX__subadmin2` (`code`, `country_code`, `subadmin1_code`, `name`, `active`) VALUES ('YE.04.1917','YE','YE.04','{\"en\":\"Ghayl Ba Wazir\"}',1);
INSERT INTO `__PREFIX__subadmin2` (`code`, `country_code`, `subadmin1_code`, `name`, `active`) VALUES ('YE.28.1927','YE','YE.28','{\"en\":\"Qulensya Wa Abd Al Kuri\"}',1);
INSERT INTO `__PREFIX__subadmin2` (`code`, `country_code`, `subadmin1_code`, `name`, `active`) VALUES ('YE.04.1925','YE','YE.04','{\"en\":\"Brom Mayfa\"}',1);
INSERT INTO `__PREFIX__subadmin2` (`code`, `country_code`, `subadmin1_code`, `name`, `active`) VALUES ('YE.04.1929','YE','YE.04','{\"en\":\"Al Mukalla City\"}',1);
INSERT INTO `__PREFIX__subadmin2` (`code`, `country_code`, `subadmin1_code`, `name`, `active`) VALUES ('YE.04.1910','YE','YE.04','{\"en\":\"Sayun\"}',1);
INSERT INTO `__PREFIX__subadmin2` (`code`, `country_code`, `subadmin1_code`, `name`, `active`) VALUES ('YE.28.1926','YE','YE.28','{\"en\":\"Hidaybu\"}',1);
INSERT INTO `__PREFIX__subadmin2` (`code`, `country_code`, `subadmin1_code`, `name`, `active`) VALUES ('YE.04.1902','YE','YE.04','{\"en\":\"Thamud\"}',1);
INSERT INTO `__PREFIX__subadmin2` (`code`, `country_code`, `subadmin1_code`, `name`, `active`) VALUES ('YE.04.1903','YE','YE.04','{\"en\":\"Al Qaf\"}',1);
INSERT INTO `__PREFIX__subadmin2` (`code`, `country_code`, `subadmin1_code`, `name`, `active`) VALUES ('YE.04.1904','YE','YE.04','{\"en\":\"Zamakh wa Manwakh\"}',1);
INSERT INTO `__PREFIX__subadmin2` (`code`, `country_code`, `subadmin1_code`, `name`, `active`) VALUES ('YE.04.1912','YE','YE.04','{\"en\":\"As Sawm\"}',1);
INSERT INTO `__PREFIX__subadmin2` (`code`, `country_code`, `subadmin1_code`, `name`, `active`) VALUES ('YE.04.1905','YE','YE.04','{\"en\":\"Hagr As Sai\'ar\"}',1);
INSERT INTO `__PREFIX__subadmin2` (`code`, `country_code`, `subadmin1_code`, `name`, `active`) VALUES ('YE.04.1911','YE','YE.04','{\"en\":\"Tarim\"}',1);
INSERT INTO `__PREFIX__subadmin2` (`code`, `country_code`, `subadmin1_code`, `name`, `active`) VALUES ('YE.04.1901','YE','YE.04','{\"en\":\"Rumah\"}',1);
INSERT INTO `__PREFIX__subadmin2` (`code`, `country_code`, `subadmin1_code`, `name`, `active`) VALUES ('YE.04.1907','YE','YE.04','{\"en\":\"Al Qatn\"}',1);
INSERT INTO `__PREFIX__subadmin2` (`code`, `country_code`, `subadmin1_code`, `name`, `active`) VALUES ('YE.04.1906','YE','YE.04','{\"en\":\"Al Abr\"}',1);
INSERT INTO `__PREFIX__subadmin2` (`code`, `country_code`, `subadmin1_code`, `name`, `active`) VALUES ('YE.11.2009','YE','YE.11','{\"en\":\"Mayfa\'at Anss\"}',1);
INSERT INTO `__PREFIX__subadmin2` (`code`, `country_code`, `subadmin1_code`, `name`, `active`) VALUES ('YE.11.2001','YE','YE.11','{\"en\":\"Al Hada\"}',1);
INSERT INTO `__PREFIX__subadmin2` (`code`, `country_code`, `subadmin1_code`, `name`, `active`) VALUES ('YE.11.2006','YE','YE.11','{\"en\":\"Wusab Al Ali\"}',1);
INSERT INTO `__PREFIX__subadmin2` (`code`, `country_code`, `subadmin1_code`, `name`, `active`) VALUES ('YE.11.2004','YE','YE.11','{\"en\":\"Maghirib Ans\"}',1);
INSERT INTO `__PREFIX__subadmin2` (`code`, `country_code`, `subadmin1_code`, `name`, `active`) VALUES ('YE.11.2002','YE','YE.11','{\"en\":\"Jahran\"}',1);
INSERT INTO `__PREFIX__subadmin2` (`code`, `country_code`, `subadmin1_code`, `name`, `active`) VALUES ('YE.11.2012','YE','YE.11','{\"en\":\"Al Manar\"}',1);
INSERT INTO `__PREFIX__subadmin2` (`code`, `country_code`, `subadmin1_code`, `name`, `active`) VALUES ('YE.11.2003','YE','YE.11','{\"en\":\"Jabal Ash sharq\"}',1);
INSERT INTO `__PREFIX__subadmin2` (`code`, `country_code`, `subadmin1_code`, `name`, `active`) VALUES ('YE.11.2007','YE','YE.11','{\"en\":\"Wusab As Safil\"}',1);
INSERT INTO `__PREFIX__subadmin2` (`code`, `country_code`, `subadmin1_code`, `name`, `active`) VALUES ('YE.11.2005','YE','YE.11','{\"en\":\"Utmah\"}',1);
INSERT INTO `__PREFIX__subadmin2` (`code`, `country_code`, `subadmin1_code`, `name`, `active`) VALUES ('YE.05.2113','YE','YE.05','{\"en\":\"Ataq\"}',1);
INSERT INTO `__PREFIX__subadmin2` (`code`, `country_code`, `subadmin1_code`, `name`, `active`) VALUES ('YE.05.2117','YE','YE.05','{\"en\":\"Rudum\"}',1);
INSERT INTO `__PREFIX__subadmin2` (`code`, `country_code`, `subadmin1_code`, `name`, `active`) VALUES ('YE.05.2110','YE','YE.05','{\"en\":\"Nisab\"}',1);
INSERT INTO `__PREFIX__subadmin2` (`code`, `country_code`, `subadmin1_code`, `name`, `active`) VALUES ('YE.05.2107','YE','YE.05','{\"en\":\"Bayhan\"}',1);
INSERT INTO `__PREFIX__subadmin2` (`code`, `country_code`, `subadmin1_code`, `name`, `active`) VALUES ('YE.05.2114','YE','YE.05','{\"en\":\"Habban\"}',1);
INSERT INTO `__PREFIX__subadmin2` (`code`, `country_code`, `subadmin1_code`, `name`, `active`) VALUES ('YE.05.2111','YE','YE.05','{\"en\":\"Hatib\"}',1);
INSERT INTO `__PREFIX__subadmin2` (`code`, `country_code`, `subadmin1_code`, `name`, `active`) VALUES ('YE.05.2116','YE','YE.05','{\"en\":\"Mayfa\'a\"}',1);
INSERT INTO `__PREFIX__subadmin2` (`code`, `country_code`, `subadmin1_code`, `name`, `active`) VALUES ('YE.05.2108','YE','YE.05','{\"en\":\"Merkhah Al Ulya\"}',1);
INSERT INTO `__PREFIX__subadmin2` (`code`, `country_code`, `subadmin1_code`, `name`, `active`) VALUES ('YE.05.2109','YE','YE.05','{\"en\":\"Merkhah As Sufla\"}',1);
INSERT INTO `__PREFIX__subadmin2` (`code`, `country_code`, `subadmin1_code`, `name`, `active`) VALUES ('YE.05.2112','YE','YE.05','{\"en\":\"As Said\"}',1);
INSERT INTO `__PREFIX__subadmin2` (`code`, `country_code`, `subadmin1_code`, `name`, `active`) VALUES ('YE.05.2101','YE','YE.05','{\"en\":\"Dhar\"}',1);
INSERT INTO `__PREFIX__subadmin2` (`code`, `country_code`, `subadmin1_code`, `name`, `active`) VALUES ('YE.05.2104','YE','YE.05','{\"en\":\"Arma\"}',1);
INSERT INTO `__PREFIX__subadmin2` (`code`, `country_code`, `subadmin1_code`, `name`, `active`) VALUES ('YE.05.2103','YE','YE.05','{\"en\":\"Jardan\"}',1);
INSERT INTO `__PREFIX__subadmin2` (`code`, `country_code`, `subadmin1_code`, `name`, `active`) VALUES ('YE.05.2106','YE','YE.05','{\"en\":\"Ain\"}',1);
INSERT INTO `__PREFIX__subadmin2` (`code`, `country_code`, `subadmin1_code`, `name`, `active`) VALUES ('YE.05.2102','YE','YE.05','{\"en\":\"Al Talh\"}',1);
INSERT INTO `__PREFIX__subadmin2` (`code`, `country_code`, `subadmin1_code`, `name`, `active`) VALUES ('YE.05.2115','YE','YE.05','{\"en\":\"Ar Rawdah\"}',1);
INSERT INTO `__PREFIX__subadmin2` (`code`, `country_code`, `subadmin1_code`, `name`, `active`) VALUES ('YE.15.2207','YE','YE.15','{\"en\":\"Al Dhaher\"}',1);
INSERT INTO `__PREFIX__subadmin2` (`code`, `country_code`, `subadmin1_code`, `name`, `active`) VALUES ('YE.15.2206','YE','YE.15','{\"en\":\"Shada\'a\"}',1);
INSERT INTO `__PREFIX__subadmin2` (`code`, `country_code`, `subadmin1_code`, `name`, `active`) VALUES ('YE.15.2209','YE','YE.15','{\"en\":\"Saqayn\"}',1);
INSERT INTO `__PREFIX__subadmin2` (`code`, `country_code`, `subadmin1_code`, `name`, `active`) VALUES ('YE.15.2201','YE','YE.15','{\"en\":\"Baqim\"}',1);
INSERT INTO `__PREFIX__subadmin2` (`code`, `country_code`, `subadmin1_code`, `name`, `active`) VALUES ('YE.15.2212','YE','YE.15','{\"en\":\"As Safra\"}',1);
INSERT INTO `__PREFIX__subadmin2` (`code`, `country_code`, `subadmin1_code`, `name`, `active`) VALUES ('YE.15.2210','YE','YE.15','{\"en\":\"Majz\"}',1);
INSERT INTO `__PREFIX__subadmin2` (`code`, `country_code`, `subadmin1_code`, `name`, `active`) VALUES ('YE.15.2214','YE','YE.15','{\"en\":\"Kitaf wa Al Boqe\'e\"}',1);
INSERT INTO `__PREFIX__subadmin2` (`code`, `country_code`, `subadmin1_code`, `name`, `active`) VALUES ('YE.16.2303','YE','YE.16','{\"en\":\"Nihm\"}',1);
INSERT INTO `__PREFIX__subadmin2` (`code`, `country_code`, `subadmin1_code`, `name`, `active`) VALUES ('YE.16.2307','YE','YE.16','{\"en\":\"Bani Matar\"}',1);
INSERT INTO `__PREFIX__subadmin2` (`code`, `country_code`, `subadmin1_code`, `name`, `active`) VALUES ('YE.16.2313','YE','YE.16','{\"en\":\"Attyal\"}',1);
INSERT INTO `__PREFIX__subadmin2` (`code`, `country_code`, `subadmin1_code`, `name`, `active`) VALUES ('YE.16.2315','YE','YE.16','{\"en\":\"Al Husn\"}',1);
INSERT INTO `__PREFIX__subadmin2` (`code`, `country_code`, `subadmin1_code`, `name`, `active`) VALUES ('YE.16.2306','YE','YE.16','{\"en\":\"Bilad Ar Rus\"}',1);
INSERT INTO `__PREFIX__subadmin2` (`code`, `country_code`, `subadmin1_code`, `name`, `active`) VALUES ('YE.16.2309','YE','YE.16','{\"en\":\"Al Haymah Al Kharijiyah\"}',1);
INSERT INTO `__PREFIX__subadmin2` (`code`, `country_code`, `subadmin1_code`, `name`, `active`) VALUES ('YE.16.2310','YE','YE.16','{\"en\":\"Manakhah\"}',1);
INSERT INTO `__PREFIX__subadmin2` (`code`, `country_code`, `subadmin1_code`, `name`, `active`) VALUES ('YE.16.2316','YE','YE.16','{\"en\":\"Jihanah\"}',1);
INSERT INTO `__PREFIX__subadmin2` (`code`, `country_code`, `subadmin1_code`, `name`, `active`) VALUES ('YE.16.2314','YE','YE.16','{\"en\":\"Bani Dhabyan\"}',1);
INSERT INTO `__PREFIX__subadmin2` (`code`, `country_code`, `subadmin1_code`, `name`, `active`) VALUES ('YE.16.2312','YE','YE.16','{\"en\":\"Khwlan\"}',1);
INSERT INTO `__PREFIX__subadmin2` (`code`, `country_code`, `subadmin1_code`, `name`, `active`) VALUES ('YE.16.2304','YE','YE.16','{\"en\":\"Bani Hushaysh\"}',1);
INSERT INTO `__PREFIX__subadmin2` (`code`, `country_code`, `subadmin1_code`, `name`, `active`) VALUES ('YE.16.2308','YE','YE.16','{\"en\":\"Al Haymah Ad Dakhiliyah\"}',1);
INSERT INTO `__PREFIX__subadmin2` (`code`, `country_code`, `subadmin1_code`, `name`, `active`) VALUES ('YE.16.2311','YE','YE.16','{\"en\":\"Sa\'fan\"}',1);
INSERT INTO `__PREFIX__subadmin2` (`code`, `country_code`, `subadmin1_code`, `name`, `active`) VALUES ('YE.02.2405','YE','YE.02','{\"en\":\"Attawahi\"}',1);
INSERT INTO `__PREFIX__subadmin2` (`code`, `country_code`, `subadmin1_code`, `name`, `active`) VALUES ('YE.02.2407','YE','YE.02','{\"en\":\"Craiter\"}',1);
INSERT INTO `__PREFIX__subadmin2` (`code`, `country_code`, `subadmin1_code`, `name`, `active`) VALUES ('YE.02.2404','YE','YE.02','{\"en\":\"Al Buraiqeh\"}',1);
INSERT INTO `__PREFIX__subadmin2` (`code`, `country_code`, `subadmin1_code`, `name`, `active`) VALUES ('YE.02.2408','YE','YE.02','{\"en\":\"Khur Maksar\"}',1);
INSERT INTO `__PREFIX__subadmin2` (`code`, `country_code`, `subadmin1_code`, `name`, `active`) VALUES ('YE.02.2401','YE','YE.02','{\"en\":\"Dar Sad\"}',1);
INSERT INTO `__PREFIX__subadmin2` (`code`, `country_code`, `subadmin1_code`, `name`, `active`) VALUES ('YE.02.2403','YE','YE.02','{\"en\":\"Al Mansura\"}',1);
INSERT INTO `__PREFIX__subadmin2` (`code`, `country_code`, `subadmin1_code`, `name`, `active`) VALUES ('YE.02.2402','YE','YE.02','{\"en\":\"Ash Shaikh Outhman\"}',1);
INSERT INTO `__PREFIX__subadmin2` (`code`, `country_code`, `subadmin1_code`, `name`, `active`) VALUES ('YE.02.2406','YE','YE.02','{\"en\":\"Al Mualla\"}',1);
INSERT INTO `__PREFIX__subadmin2` (`code`, `country_code`, `subadmin1_code`, `name`, `active`) VALUES ('YE.24.2511','YE','YE.24','{\"en\":\"Tur Al Bahah\"}',1);
INSERT INTO `__PREFIX__subadmin2` (`code`, `country_code`, `subadmin1_code`, `name`, `active`) VALUES ('YE.24.2514','YE','YE.24','{\"en\":\"Al  Hawtah\"}',1);
INSERT INTO `__PREFIX__subadmin2` (`code`, `country_code`, `subadmin1_code`, `name`, `active`) VALUES ('YE.24.2505','YE','YE.24','{\"en\":\"Habil Jabr\"}',1);
INSERT INTO `__PREFIX__subadmin2` (`code`, `country_code`, `subadmin1_code`, `name`, `active`) VALUES ('YE.24.2504','YE','YE.24','{\"en\":\"Yahr\"}',1);
INSERT INTO `__PREFIX__subadmin2` (`code`, `country_code`, `subadmin1_code`, `name`, `active`) VALUES ('YE.24.2506','YE','YE.24','{\"en\":\"Halimayn\"}',1);
INSERT INTO `__PREFIX__subadmin2` (`code`, `country_code`, `subadmin1_code`, `name`, `active`) VALUES ('YE.24.2508','YE','YE.24','{\"en\":\"Al Milah\"}',1);
INSERT INTO `__PREFIX__subadmin2` (`code`, `country_code`, `subadmin1_code`, `name`, `active`) VALUES ('YE.24.2507','YE','YE.24','{\"en\":\"Radfan\"}',1);
INSERT INTO `__PREFIX__subadmin2` (`code`, `country_code`, `subadmin1_code`, `name`, `active`) VALUES ('YE.24.2503','YE','YE.24','{\"en\":\"Al Maflahy\"}',1);
INSERT INTO `__PREFIX__subadmin2` (`code`, `country_code`, `subadmin1_code`, `name`, `active`) VALUES ('YE.24.2502','YE','YE.24','{\"en\":\"Yafa\'a\"}',1);
INSERT INTO `__PREFIX__subadmin2` (`code`, `country_code`, `subadmin1_code`, `name`, `active`) VALUES ('YE.24.2509','YE','YE.24','{\"en\":\"Al Musaymir\"}',1);
INSERT INTO `__PREFIX__subadmin2` (`code`, `country_code`, `subadmin1_code`, `name`, `active`) VALUES ('YE.24.2501','YE','YE.24','{\"en\":\"Al Had\"}',1);
INSERT INTO `__PREFIX__subadmin2` (`code`, `country_code`, `subadmin1_code`, `name`, `active`) VALUES ('YE.24.2512','YE','YE.24','{\"en\":\"Al Maqatirah\"}',1);
INSERT INTO `__PREFIX__subadmin2` (`code`, `country_code`, `subadmin1_code`, `name`, `active`) VALUES ('YE.24.2513','YE','YE.24','{\"en\":\"Al Madaribah Wa Al Arah\"}',1);
INSERT INTO `__PREFIX__subadmin2` (`code`, `country_code`, `subadmin1_code`, `name`, `active`) VALUES ('YE.14.2605','YE','YE.14','{\"en\":\"Bidbadah\"}',1);
INSERT INTO `__PREFIX__subadmin2` (`code`, `country_code`, `subadmin1_code`, `name`, `active`) VALUES ('YE.14.2613','YE','YE.14','{\"en\":\"Marib\"}',1);
INSERT INTO `__PREFIX__subadmin2` (`code`, `country_code`, `subadmin1_code`, `name`, `active`) VALUES ('YE.14.2601','YE','YE.14','{\"en\":\"Majzar\"}',1);
INSERT INTO `__PREFIX__subadmin2` (`code`, `country_code`, `subadmin1_code`, `name`, `active`) VALUES ('YE.14.2603','YE','YE.14','{\"en\":\"Medghal\"}',1);
INSERT INTO `__PREFIX__subadmin2` (`code`, `country_code`, `subadmin1_code`, `name`, `active`) VALUES ('YE.14.2602','YE','YE.14','{\"en\":\"Raghwan\"}',1);
INSERT INTO `__PREFIX__subadmin2` (`code`, `country_code`, `subadmin1_code`, `name`, `active`) VALUES ('YE.14.2606','YE','YE.14','{\"en\":\"Sirwah\"}',1);
INSERT INTO `__PREFIX__subadmin2` (`code`, `country_code`, `subadmin1_code`, `name`, `active`) VALUES ('YE.14.2611','YE','YE.14','{\"en\":\"Al Abdiyah\"}',1);
INSERT INTO `__PREFIX__subadmin2` (`code`, `country_code`, `subadmin1_code`, `name`, `active`) VALUES ('YE.14.2610','YE','YE.14','{\"en\":\"Mahliyah\"}',1);
INSERT INTO `__PREFIX__subadmin2` (`code`, `country_code`, `subadmin1_code`, `name`, `active`) VALUES ('YE.14.2614','YE','YE.14','{\"en\":\"Jabal Murad\"}',1);
INSERT INTO `__PREFIX__subadmin2` (`code`, `country_code`, `subadmin1_code`, `name`, `active`) VALUES ('YE.14.2608','YE','YE.14','{\"en\":\"Rahabah\"}',1);
INSERT INTO `__PREFIX__subadmin2` (`code`, `country_code`, `subadmin1_code`, `name`, `active`) VALUES ('YE.14.2607','YE','YE.14','{\"en\":\"Al Jubah\"}',1);
INSERT INTO `__PREFIX__subadmin2` (`code`, `country_code`, `subadmin1_code`, `name`, `active`) VALUES ('YE.10.2709','YE','YE.10','{\"en\":\"Al Mahwait\"}',1);
INSERT INTO `__PREFIX__subadmin2` (`code`, `country_code`, `subadmin1_code`, `name`, `active`) VALUES ('YE.10.2707','YE','YE.10','{\"en\":\"Bani Sa\'d\"}',1);
INSERT INTO `__PREFIX__subadmin2` (`code`, `country_code`, `subadmin1_code`, `name`, `active`) VALUES ('YE.10.2704','YE','YE.10','{\"en\":\"Al Khabt\"}',1);
INSERT INTO `__PREFIX__subadmin2` (`code`, `country_code`, `subadmin1_code`, `name`, `active`) VALUES ('YE.10.2703','YE','YE.10','{\"en\":\"Ar Rujum\"}',1);
INSERT INTO `__PREFIX__subadmin2` (`code`, `country_code`, `subadmin1_code`, `name`, `active`) VALUES ('YE.10.2708','YE','YE.10','{\"en\":\"Al Mahwait City\"}',1);
INSERT INTO `__PREFIX__subadmin2` (`code`, `country_code`, `subadmin1_code`, `name`, `active`) VALUES ('YE.10.2706','YE','YE.10','{\"en\":\"Hufash\"}',1);
INSERT INTO `__PREFIX__subadmin2` (`code`, `country_code`, `subadmin1_code`, `name`, `active`) VALUES ('YE.10.2705','YE','YE.10','{\"en\":\"Milhan\"}',1);
INSERT INTO `__PREFIX__subadmin2` (`code`, `country_code`, `subadmin1_code`, `name`, `active`) VALUES ('YE.03.2801','YE','YE.03','{\"en\":\"Shahan\"}',1);
INSERT INTO `__PREFIX__subadmin2` (`code`, `country_code`, `subadmin1_code`, `name`, `active`) VALUES ('YE.03.2807','YE','YE.03','{\"en\":\"Sayhut\"}',1);
INSERT INTO `__PREFIX__subadmin2` (`code`, `country_code`, `subadmin1_code`, `name`, `active`) VALUES ('YE.03.2802','YE','YE.03','{\"en\":\"Hat\"}',1);
INSERT INTO `__PREFIX__subadmin2` (`code`, `country_code`, `subadmin1_code`, `name`, `active`) VALUES ('YE.03.2804','YE','YE.03','{\"en\":\"Al Ghaydah\"}',1);
INSERT INTO `__PREFIX__subadmin2` (`code`, `country_code`, `subadmin1_code`, `name`, `active`) VALUES ('YE.03.2803','YE','YE.03','{\"en\":\"Hawf\"}',1);
INSERT INTO `__PREFIX__subadmin2` (`code`, `country_code`, `subadmin1_code`, `name`, `active`) VALUES ('YE.03.2809','YE','YE.03','{\"en\":\"Huswain\"}',1);
INSERT INTO `__PREFIX__subadmin2` (`code`, `country_code`, `subadmin1_code`, `name`, `active`) VALUES ('YE.03.2808','YE','YE.03','{\"en\":\"Qishn\"}',1);
INSERT INTO `__PREFIX__subadmin2` (`code`, `country_code`, `subadmin1_code`, `name`, `active`) VALUES ('YE.03.2805','YE','YE.03','{\"en\":\"Man\'ar\"}',1);
INSERT INTO `__PREFIX__subadmin2` (`code`, `country_code`, `subadmin1_code`, `name`, `active`) VALUES ('YE.03.2806','YE','YE.03','{\"en\":\"Al Masilah\"}',1);
INSERT INTO `__PREFIX__subadmin2` (`code`, `country_code`, `subadmin1_code`, `name`, `active`) VALUES ('YE.19.2912','YE','YE.19','{\"en\":\"Jabal Iyal Yazid\"}',1);
INSERT INTO `__PREFIX__subadmin2` (`code`, `country_code`, `subadmin1_code`, `name`, `active`) VALUES ('YE.19.2903','YE','YE.19','{\"en\":\"Al Ashah\"}',1);
INSERT INTO `__PREFIX__subadmin2` (`code`, `country_code`, `subadmin1_code`, `name`, `active`) VALUES ('YE.19.2907','YE','YE.19','{\"en\":\"Suwayr\"}',1);
INSERT INTO `__PREFIX__subadmin2` (`code`, `country_code`, `subadmin1_code`, `name`, `active`) VALUES ('YE.19.2920','YE','YE.19','{\"en\":\"Bani Suraim\"}',1);
INSERT INTO `__PREFIX__subadmin2` (`code`, `country_code`, `subadmin1_code`, `name`, `active`) VALUES ('YE.19.2906','YE','YE.19','{\"en\":\"Al Madan\"}',1);
INSERT INTO `__PREFIX__subadmin2` (`code`, `country_code`, `subadmin1_code`, `name`, `active`) VALUES ('YE.19.2917','YE','YE.19','{\"en\":\"Thula\"}',1);
INSERT INTO `__PREFIX__subadmin2` (`code`, `country_code`, `subadmin1_code`, `name`, `active`) VALUES ('YE.19.2913','YE','YE.19','{\"en\":\"As Sudah\"}',1);
INSERT INTO `__PREFIX__subadmin2` (`code`, `country_code`, `subadmin1_code`, `name`, `active`) VALUES ('YE.19.2908','YE','YE.19','{\"en\":\"Habur Zulaymah\"}',1);
INSERT INTO `__PREFIX__subadmin2` (`code`, `country_code`, `subadmin1_code`, `name`, `active`) VALUES ('YE.19.2904','YE','YE.19','{\"en\":\"Al Qaflah\"}',1);
INSERT INTO `__PREFIX__subadmin2` (`code`, `country_code`, `subadmin1_code`, `name`, `active`) VALUES ('YE.19.2916','YE','YE.19','{\"en\":\"Maswar\"}',1);
INSERT INTO `__PREFIX__subadmin2` (`code`, `country_code`, `subadmin1_code`, `name`, `active`) VALUES ('YE.19.2914','YE','YE.19','{\"en\":\"As Sawd\"}',1);
INSERT INTO `__PREFIX__subadmin2` (`code`, `country_code`, `subadmin1_code`, `name`, `active`) VALUES ('YE.19.2910','YE','YE.19','{\"en\":\"Kharif\"}',1);
INSERT INTO `__PREFIX__subadmin2` (`code`, `country_code`, `subadmin1_code`, `name`, `active`) VALUES ('YE.19.2918','YE','YE.19','{\"en\":\"Iyal Surayh\"}',1);
INSERT INTO `__PREFIX__subadmin2` (`code`, `country_code`, `subadmin1_code`, `name`, `active`) VALUES ('YE.19.2909','YE','YE.19','{\"en\":\"Dhi Bin\"}',1);
INSERT INTO `__PREFIX__subadmin2` (`code`, `country_code`, `subadmin1_code`, `name`, `active`) VALUES ('YE.18.3006','YE','YE.18','{\"en\":\"Ad Dhale\'e\"}',1);
INSERT INTO `__PREFIX__subadmin2` (`code`, `country_code`, `subadmin1_code`, `name`, `active`) VALUES ('YE.18.3005','YE','YE.18','{\"en\":\"Al Hussein\"}',1);
INSERT INTO `__PREFIX__subadmin2` (`code`, `country_code`, `subadmin1_code`, `name`, `active`) VALUES ('YE.18.3007','YE','YE.18','{\"en\":\"Jahaf\"}',1);
INSERT INTO `__PREFIX__subadmin2` (`code`, `country_code`, `subadmin1_code`, `name`, `active`) VALUES ('YE.18.3002','YE','YE.18','{\"en\":\"Damt\"}',1);
INSERT INTO `__PREFIX__subadmin2` (`code`, `country_code`, `subadmin1_code`, `name`, `active`) VALUES ('YE.18.3008','YE','YE.18','{\"en\":\"Al Azariq\"}',1);
INSERT INTO `__PREFIX__subadmin2` (`code`, `country_code`, `subadmin1_code`, `name`, `active`) VALUES ('YE.18.3001','YE','YE.18','{\"en\":\"Juban\"}',1);
INSERT INTO `__PREFIX__subadmin2` (`code`, `country_code`, `subadmin1_code`, `name`, `active`) VALUES ('YE.18.3004','YE','YE.18','{\"en\":\"Ash Shu\'ayb\"}',1);
INSERT INTO `__PREFIX__subadmin2` (`code`, `country_code`, `subadmin1_code`, `name`, `active`) VALUES ('YE.27.3101','YE','YE.27','{\"en\":\"Bilad At Ta\'am\"}',1);
INSERT INTO `__PREFIX__subadmin2` (`code`, `country_code`, `subadmin1_code`, `name`, `active`) VALUES ('YE.27.3106','YE','YE.27','{\"en\":\"Mazhar\"}',1);
/*!40000 ALTER TABLE `__PREFIX__subadmin2` ENABLE KEYS */;

--
-- Dumping data for table `__PREFIX__cities`
--

/*!40000 ALTER TABLE `__PREFIX__cities` DISABLE KEYS */;
INSERT INTO `__PREFIX__cities` (`country_code`, `name`, `longitude`, `latitude`, `feature_class`, `feature_code`, `subadmin1_code`, `subadmin2_code`, `population`, `time_zone`, `active`, `created_at`, `updated_at`) VALUES ('YE','{\"en\":\"Zinjibār\"}',45.38,13.13,'P','PPLA','YE.01','YE.01.1210',19879,'Asia/Aden',1,'2020-06-09 23:00:00','2020-06-09 23:00:00');
INSERT INTO `__PREFIX__cities` (`country_code`, `name`, `longitude`, `latitude`, `feature_class`, `feature_code`, `subadmin1_code`, `subadmin2_code`, `population`, `time_zone`, `active`, `created_at`, `updated_at`) VALUES ('YE','{\"en\":\"Zabīd\"}',43.32,14.20,'P','PPLA2','YE.08','YE.08.1824',52590,'Asia/Aden',1,'2020-06-09 23:00:00','2020-06-09 23:00:00');
INSERT INTO `__PREFIX__cities` (`country_code`, `name`, `longitude`, `latitude`, `feature_class`, `feature_code`, `subadmin1_code`, `subadmin2_code`, `population`, `time_zone`, `active`, `created_at`, `updated_at`) VALUES ('YE','{\"en\":\"Yarīm\"}',44.38,14.30,'P','PPLA2','YE.23','YE.23.1102',33050,'Asia/Aden',1,'2020-06-09 23:00:00','2020-06-09 23:00:00');
INSERT INTO `__PREFIX__cities` (`country_code`, `name`, `longitude`, `latitude`, `feature_class`, `feature_code`, `subadmin1_code`, `subadmin2_code`, `population`, `time_zone`, `active`, `created_at`, `updated_at`) VALUES ('YE','{\"en\":\"Taiz\"}',44.02,13.58,'P','PPLA','YE.25','YE.25.1520',615222,'Asia/Aden',1,'2020-07-27 23:00:00','2020-07-27 23:00:00');
INSERT INTO `__PREFIX__cities` (`country_code`, `name`, `longitude`, `latitude`, `feature_class`, `feature_code`, `subadmin1_code`, `subadmin2_code`, `population`, `time_zone`, `active`, `created_at`, `updated_at`) VALUES ('YE','{\"en\":\"Sayyān\"}',44.32,15.17,'P','PPLA2','YE.16','YE.16.2305',69404,'Asia/Aden',1,'2020-06-09 23:00:00','2020-06-09 23:00:00');
INSERT INTO `__PREFIX__cities` (`country_code`, `name`, `longitude`, `latitude`, `feature_class`, `feature_code`, `subadmin1_code`, `subadmin2_code`, `population`, `time_zone`, `active`, `created_at`, `updated_at`) VALUES ('YE','{\"en\":\"Sanaa\"}',44.21,15.35,'P','PPLC','YE.26',NULL,1937451,'Asia/Aden',1,'2021-07-29 23:00:00','2021-07-29 23:00:00');
INSERT INTO `__PREFIX__cities` (`country_code`, `name`, `longitude`, `latitude`, `feature_class`, `feature_code`, `subadmin1_code`, `subadmin2_code`, `population`, `time_zone`, `active`, `created_at`, `updated_at`) VALUES ('YE','{\"en\":\"Saḩar\"}',44.31,15.32,'P','PPL','YE.16','YE.16.2305',31859,'Asia/Aden',1,'2020-06-09 23:00:00','2020-06-09 23:00:00');
INSERT INTO `__PREFIX__cities` (`country_code`, `name`, `longitude`, `latitude`, `feature_class`, `feature_code`, `subadmin1_code`, `subadmin2_code`, `population`, `time_zone`, `active`, `created_at`, `updated_at`) VALUES ('YE','{\"en\":\"Sa\'dah\"}',43.76,16.94,'P','PPLA','YE.15','YE.15.2215',51870,'Asia/Aden',1,'2013-11-01 23:00:00','2013-11-01 23:00:00');
INSERT INTO `__PREFIX__cities` (`country_code`, `name`, `longitude`, `latitude`, `feature_class`, `feature_code`, `subadmin1_code`, `subadmin2_code`, `population`, `time_zone`, `active`, `created_at`, `updated_at`) VALUES ('YE','{\"en\":\"Ma\'rib\"}',45.33,15.46,'P','PPLA','YE.14','YE.14.2612',16794,'Asia/Aden',1,'2017-02-09 23:00:00','2017-02-09 23:00:00');
INSERT INTO `__PREFIX__cities` (`country_code`, `name`, `longitude`, `latitude`, `feature_class`, `feature_code`, `subadmin1_code`, `subadmin2_code`, `population`, `time_zone`, `active`, `created_at`, `updated_at`) VALUES ('YE','{\"en\":\"Laḩij\"}',44.88,13.06,'P','PPLA','YE.24','YE.24.2514',23375,'Asia/Aden',1,'2020-06-09 23:00:00','2020-06-09 23:00:00');
INSERT INTO `__PREFIX__cities` (`country_code`, `name`, `longitude`, `latitude`, `feature_class`, `feature_code`, `subadmin1_code`, `subadmin2_code`, `population`, `time_zone`, `active`, `created_at`, `updated_at`) VALUES ('YE','{\"en\":\"Jawf al Maqbābah\"}',45.83,13.84,'P','PPL','YE.01','YE.01.1204',14175,'Asia/Aden',1,'2020-06-09 23:00:00','2020-06-09 23:00:00');
INSERT INTO `__PREFIX__cities` (`country_code`, `name`, `longitude`, `latitude`, `feature_class`, `feature_code`, `subadmin1_code`, `subadmin2_code`, `population`, `time_zone`, `active`, `created_at`, `updated_at`) VALUES ('YE','{\"en\":\"Ibb\"}',44.18,13.97,'P','PPLA','YE.23','YE.23.1118',234837,'Asia/Aden',1,'2020-06-10 23:00:00','2020-06-10 23:00:00');
INSERT INTO `__PREFIX__cities` (`country_code`, `name`, `longitude`, `latitude`, `feature_class`, `feature_code`, `subadmin1_code`, `subadmin2_code`, `population`, `time_zone`, `active`, `created_at`, `updated_at`) VALUES ('YE','{\"en\":\"Ḩajjah\"}',43.61,15.69,'P','PPLA','YE.22','YE.22.1728',43549,'Asia/Aden',1,'2020-06-09 23:00:00','2020-06-09 23:00:00');
INSERT INTO `__PREFIX__cities` (`country_code`, `name`, `longitude`, `latitude`, `feature_class`, `feature_code`, `subadmin1_code`, `subadmin2_code`, `population`, `time_zone`, `active`, `created_at`, `updated_at`) VALUES ('YE','{\"en\":\"Hadibu\"}',54.02,12.65,'P','PPLA2','YE.28','YE.28.1926',8545,'Asia/Aden',1,'2015-12-10 23:00:00','2015-12-10 23:00:00');
INSERT INTO `__PREFIX__cities` (`country_code`, `name`, `longitude`, `latitude`, `feature_class`, `feature_code`, `subadmin1_code`, `subadmin2_code`, `population`, `time_zone`, `active`, `created_at`, `updated_at`) VALUES ('YE','{\"en\":\"Dhī as Sufāl\"}',44.11,13.83,'P','PPLA2','YE.23','YE.23.1116',37997,'Asia/Aden',1,'2012-01-15 23:00:00','2012-01-15 23:00:00');
INSERT INTO `__PREFIX__cities` (`country_code`, `name`, `longitude`, `latitude`, `feature_class`, `feature_code`, `subadmin1_code`, `subadmin2_code`, `population`, `time_zone`, `active`, `created_at`, `updated_at`) VALUES ('YE','{\"en\":\"Dhamār\"}',44.41,14.54,'P','PPLA','YE.11','YE.11.2008',160114,'Asia/Aden',1,'2020-06-09 23:00:00','2020-06-09 23:00:00');
INSERT INTO `__PREFIX__cities` (`country_code`, `name`, `longitude`, `latitude`, `feature_class`, `feature_code`, `subadmin1_code`, `subadmin2_code`, `population`, `time_zone`, `active`, `created_at`, `updated_at`) VALUES ('YE','{\"en\":\"Bayt al Faqīh\"}',43.32,14.52,'P','PPLA2','YE.08','YE.08.1817',34204,'Asia/Aden',1,'2020-06-09 23:00:00','2020-06-09 23:00:00');
INSERT INTO `__PREFIX__cities` (`country_code`, `name`, `longitude`, `latitude`, `feature_class`, `feature_code`, `subadmin1_code`, `subadmin2_code`, `population`, `time_zone`, `active`, `created_at`, `updated_at`) VALUES ('YE','{\"en\":\"Bājil\"}',43.29,15.06,'P','PPLA2','YE.08','YE.08.1810',48218,'Asia/Aden',1,'2016-01-06 23:00:00','2016-01-06 23:00:00');
INSERT INTO `__PREFIX__cities` (`country_code`, `name`, `longitude`, `latitude`, `feature_class`, `feature_code`, `subadmin1_code`, `subadmin2_code`, `population`, `time_zone`, `active`, `created_at`, `updated_at`) VALUES ('YE','{\"en\":\"Ataq\"}',46.83,14.54,'P','PPLA','YE.05','YE.05.2113',37315,'Asia/Aden',1,'2013-08-07 23:00:00','2013-08-07 23:00:00');
INSERT INTO `__PREFIX__cities` (`country_code`, `name`, `longitude`, `latitude`, `feature_class`, `feature_code`, `subadmin1_code`, `subadmin2_code`, `population`, `time_zone`, `active`, `created_at`, `updated_at`) VALUES ('YE','{\"en\":\"‘Amrān\"}',43.94,15.66,'P','PPLA','YE.19','YE.19.2915',90792,'Asia/Aden',1,'2020-06-10 23:00:00','2020-06-10 23:00:00');
INSERT INTO `__PREFIX__cities` (`country_code`, `name`, `longitude`, `latitude`, `feature_class`, `feature_code`, `subadmin1_code`, `subadmin2_code`, `population`, `time_zone`, `active`, `created_at`, `updated_at`) VALUES ('YE','{\"en\":\"Mukalla\"}',49.12,14.54,'P','PPLA','YE.04','YE.04.1929',258132,'Asia/Aden',1,'2018-08-19 23:00:00','2018-08-19 23:00:00');
INSERT INTO `__PREFIX__cities` (`country_code`, `name`, `longitude`, `latitude`, `feature_class`, `feature_code`, `subadmin1_code`, `subadmin2_code`, `population`, `time_zone`, `active`, `created_at`, `updated_at`) VALUES ('YE','{\"en\":\"Al Maḩwīt\"}',43.54,15.47,'P','PPLA','YE.10','YE.10.2708',10593,'Asia/Aden',1,'2020-06-09 23:00:00','2020-06-09 23:00:00');
INSERT INTO `__PREFIX__cities` (`country_code`, `name`, `longitude`, `latitude`, `feature_class`, `feature_code`, `subadmin1_code`, `subadmin2_code`, `population`, `time_zone`, `active`, `created_at`, `updated_at`) VALUES ('YE','{\"en\":\"Al Ḩudaydah\"}',42.95,14.80,'P','PPLA','YE.08','YE.08.1821',617871,'Asia/Aden',1,'2020-07-07 23:00:00','2020-07-07 23:00:00');
INSERT INTO `__PREFIX__cities` (`country_code`, `name`, `longitude`, `latitude`, `feature_class`, `feature_code`, `subadmin1_code`, `subadmin2_code`, `population`, `time_zone`, `active`, `created_at`, `updated_at`) VALUES ('YE','{\"en\":\"Al Ḩazm\"}',44.78,16.16,'P','PPLA','YE.21','YE.21.1605',18241,'Asia/Aden',1,'2020-06-09 23:00:00','2020-06-09 23:00:00');
INSERT INTO `__PREFIX__cities` (`country_code`, `name`, `longitude`, `latitude`, `feature_class`, `feature_code`, `subadmin1_code`, `subadmin2_code`, `population`, `time_zone`, `active`, `created_at`, `updated_at`) VALUES ('YE','{\"en\":\"Al Ghayz̧ah\"}',52.18,16.21,'P','PPLA','YE.03','YE.03.2804',10948,'Asia/Aden',1,'2020-06-09 23:00:00','2020-06-09 23:00:00');
INSERT INTO `__PREFIX__cities` (`country_code`, `name`, `longitude`, `latitude`, `feature_class`, `feature_code`, `subadmin1_code`, `subadmin2_code`, `population`, `time_zone`, `active`, `created_at`, `updated_at`) VALUES ('YE','{\"en\":\"Al Bayda\"}',45.57,13.99,'P','PPLA','YE.20','YE.20.1409',37821,'Asia/Aden',1,'2017-04-23 23:00:00','2017-04-23 23:00:00');
INSERT INTO `__PREFIX__cities` (`country_code`, `name`, `longitude`, `latitude`, `feature_class`, `feature_code`, `subadmin1_code`, `subadmin2_code`, `population`, `time_zone`, `active`, `created_at`, `updated_at`) VALUES ('YE','{\"en\":\"Aḑ Ḑāli‘\"}',44.73,13.70,'P','PPLA','YE.18','YE.18.3006',14760,'Asia/Aden',1,'2020-07-31 23:00:00','2020-07-31 23:00:00');
INSERT INTO `__PREFIX__cities` (`country_code`, `name`, `longitude`, `latitude`, `feature_class`, `feature_code`, `subadmin1_code`, `subadmin2_code`, `population`, `time_zone`, `active`, `created_at`, `updated_at`) VALUES ('YE','{\"en\":\"Al Jabīn\"}',43.60,14.70,'P','PPLA','YE.27','YE.27.3102',0,'Asia/Aden',1,'2015-04-03 23:00:00','2015-04-03 23:00:00');
INSERT INTO `__PREFIX__cities` (`country_code`, `name`, `longitude`, `latitude`, `feature_class`, `feature_code`, `subadmin1_code`, `subadmin2_code`, `population`, `time_zone`, `active`, `created_at`, `updated_at`) VALUES ('YE','{\"en\":\"Aden\"}',45.04,12.78,'P','PPLA','YE.02','YE.02.2407',550602,'Asia/Aden',1,'2020-06-10 23:00:00','2020-06-10 23:00:00');
INSERT INTO `__PREFIX__cities` (`country_code`, `name`, `longitude`, `latitude`, `feature_class`, `feature_code`, `subadmin1_code`, `subadmin2_code`, `population`, `time_zone`, `active`, `created_at`, `updated_at`) VALUES ('YE','{\"en\":\"Jadder Cemetery\"}',44.18,15.47,'P','PPLF','YE.26','YE.26.1310',10000,'Asia/Aden',1,'2017-11-20 23:00:00','2017-11-20 23:00:00');
INSERT INTO `__PREFIX__cities` (`country_code`, `name`, `longitude`, `latitude`, `feature_class`, `feature_code`, `subadmin1_code`, `subadmin2_code`, `population`, `time_zone`, `active`, `created_at`, `updated_at`) VALUES ('YE','{\"en\":\"CPF\"}',49.14,15.59,'P','PPLF','YE.04','YE.04.1909',6000,'Asia/Aden',1,'2021-07-26 23:00:00','2021-07-26 23:00:00');
/*!40000 ALTER TABLE `__PREFIX__cities` ENABLE KEYS */;
/*!40103 SET TIME_ZONE=@OLD_TIME_ZONE */;

/*!40101 SET SQL_MODE=@OLD_SQL_MODE */;
/*!40014 SET FOREIGN_KEY_CHECKS=@OLD_FOREIGN_KEY_CHECKS */;
/*!40014 SET UNIQUE_CHECKS=@OLD_UNIQUE_CHECKS */;
/*!40101 SET CHARACTER_SET_CLIENT=@OLD_CHARACTER_SET_CLIENT */;
/*!40101 SET CHARACTER_SET_RESULTS=@OLD_CHARACTER_SET_RESULTS */;
/*!40101 SET COLLATION_CONNECTION=@OLD_COLLATION_CONNECTION */;
/*!40111 SET SQL_NOTES=@OLD_SQL_NOTES */;

-- Dump completed
