-- MySQL dump 10.13  Distrib 5.7.34, for osx10.12 (x86_64)
--
-- Host: 127.0.0.1    Database: laraclassifier
-- ------------------------------------------------------
-- Server version	5.7.34

/*!40101 SET @OLD_CHARACTER_SET_CLIENT=@@CHARACTER_SET_CLIENT */;
/*!40101 SET @OLD_CHARACTER_SET_RESULTS=@@CHARACTER_SET_RESULTS */;
/*!40101 SET @OLD_COLLATION_CONNECTION=@@COLLATION_CONNECTION */;
/*!40101 SET NAMES utf8 */;
/*!40103 SET @OLD_TIME_ZONE=@@TIME_ZONE */;
/*!40103 SET TIME_ZONE='+00:00' */;
/*!40014 SET @OLD_UNIQUE_CHECKS=@@UNIQUE_CHECKS, UNIQUE_CHECKS=0 */;
/*!40014 SET @OLD_FOREIGN_KEY_CHECKS=@@FOREIGN_KEY_CHECKS, FOREIGN_KEY_CHECKS=0 */;
/*!40101 SET @OLD_SQL_MODE=@@SQL_MODE, SQL_MODE='NO_AUTO_VALUE_ON_ZERO' */;
/*!40111 SET @OLD_SQL_NOTES=@@SQL_NOTES, SQL_NOTES=0 */;

--
-- Dumping data for table `__PREFIX__subadmin1`
--

/*!40000 ALTER TABLE `__PREFIX__subadmin1` DISABLE KEYS */;
INSERT INTO `__PREFIX__subadmin1` (`code`, `country_code`, `name`, `active`) VALUES ('ZA.03','ZA','{\"en\":\"Orange Free State\"}',1);
INSERT INTO `__PREFIX__subadmin1` (`code`, `country_code`, `name`, `active`) VALUES ('ZA.02','ZA','{\"en\":\"KwaZulu-Natal\"}',1);
INSERT INTO `__PREFIX__subadmin1` (`code`, `country_code`, `name`, `active`) VALUES ('ZA.05','ZA','{\"en\":\"Eastern Cape\"}',1);
INSERT INTO `__PREFIX__subadmin1` (`code`, `country_code`, `name`, `active`) VALUES ('ZA.06','ZA','{\"en\":\"Gauteng\"}',1);
INSERT INTO `__PREFIX__subadmin1` (`code`, `country_code`, `name`, `active`) VALUES ('ZA.07','ZA','{\"en\":\"Mpumalanga\"}',1);
INSERT INTO `__PREFIX__subadmin1` (`code`, `country_code`, `name`, `active`) VALUES ('ZA.08','ZA','{\"en\":\"Northern Cape\"}',1);
INSERT INTO `__PREFIX__subadmin1` (`code`, `country_code`, `name`, `active`) VALUES ('ZA.09','ZA','{\"en\":\"Limpopo\"}',1);
INSERT INTO `__PREFIX__subadmin1` (`code`, `country_code`, `name`, `active`) VALUES ('ZA.10','ZA','{\"en\":\"North-West\"}',1);
INSERT INTO `__PREFIX__subadmin1` (`code`, `country_code`, `name`, `active`) VALUES ('ZA.11','ZA','{\"en\":\"Western Cape\"}',1);
/*!40000 ALTER TABLE `__PREFIX__subadmin1` ENABLE KEYS */;

--
-- Dumping data for table `__PREFIX__subadmin2`
--

/*!40000 ALTER TABLE `__PREFIX__subadmin2` DISABLE KEYS */;
INSERT INTO `__PREFIX__subadmin2` (`code`, `country_code`, `subadmin1_code`, `name`, `active`) VALUES ('ZA.07.DC32','ZA','ZA.07','{\"en\":\"Ehlanzeni District\"}',1);
INSERT INTO `__PREFIX__subadmin2` (`code`, `country_code`, `subadmin1_code`, `name`, `active`) VALUES ('ZA.02.ETH','ZA','ZA.02','{\"en\":\"eThekwini Metropolitan Municipality\"}',1);
INSERT INTO `__PREFIX__subadmin2` (`code`, `country_code`, `subadmin1_code`, `name`, `active`) VALUES ('ZA.11.CPT','ZA','ZA.11','{\"en\":\"City of Cape Town\"}',1);
INSERT INTO `__PREFIX__subadmin2` (`code`, `country_code`, `subadmin1_code`, `name`, `active`) VALUES ('ZA.05.BUF','ZA','ZA.05','{\"en\":\"Buffalo City Metropolitan Municipality\"}',1);
INSERT INTO `__PREFIX__subadmin2` (`code`, `country_code`, `subadmin1_code`, `name`, `active`) VALUES ('ZA.05.DC10','ZA','ZA.05','{\"en\":\"Sarah Baartman District Municipality\"}',1);
INSERT INTO `__PREFIX__subadmin2` (`code`, `country_code`, `subadmin1_code`, `name`, `active`) VALUES ('ZA.05.DC12','ZA','ZA.05','{\"en\":\"Amathole District Municipality\"}',1);
INSERT INTO `__PREFIX__subadmin2` (`code`, `country_code`, `subadmin1_code`, `name`, `active`) VALUES ('ZA.05.DC13','ZA','ZA.05','{\"en\":\"Chris Hani District Municipality\"}',1);
INSERT INTO `__PREFIX__subadmin2` (`code`, `country_code`, `subadmin1_code`, `name`, `active`) VALUES ('ZA.11.DC2','ZA','ZA.11','{\"en\":\"Cape Winelands District Municipality\"}',1);
INSERT INTO `__PREFIX__subadmin2` (`code`, `country_code`, `subadmin1_code`, `name`, `active`) VALUES ('ZA.02.DC25','ZA','ZA.02','{\"en\":\"Amajuba District Municipality\"}',1);
INSERT INTO `__PREFIX__subadmin2` (`code`, `country_code`, `subadmin1_code`, `name`, `active`) VALUES ('ZA.09.DC35','ZA','ZA.09','{\"en\":\"Capricorn District Municipality\"}',1);
INSERT INTO `__PREFIX__subadmin2` (`code`, `country_code`, `subadmin1_code`, `name`, `active`) VALUES ('ZA.10.DC37','ZA','ZA.10','{\"en\":\"Bojanala Platinum District Municipality\"}',1);
INSERT INTO `__PREFIX__subadmin2` (`code`, `country_code`, `subadmin1_code`, `name`, `active`) VALUES ('ZA.10.DC39','ZA','ZA.10','{\"en\":\"Dr Ruth Segomotsi Mompati District Municipality\"}',1);
INSERT INTO `__PREFIX__subadmin2` (`code`, `country_code`, `subadmin1_code`, `name`, `active`) VALUES ('ZA.11.DC4','ZA','ZA.11','{\"en\":\"Eden District Municipality\"}',1);
INSERT INTO `__PREFIX__subadmin2` (`code`, `country_code`, `subadmin1_code`, `name`, `active`) VALUES ('ZA.10.DC40','ZA','ZA.10','{\"en\":\"Dr Kenneth Kaunda District Municipality\"}',1);
INSERT INTO `__PREFIX__subadmin2` (`code`, `country_code`, `subadmin1_code`, `name`, `active`) VALUES ('ZA.05.DC44','ZA','ZA.05','{\"en\":\"Alfred Nzo District Municipality\"}',1);
INSERT INTO `__PREFIX__subadmin2` (`code`, `country_code`, `subadmin1_code`, `name`, `active`) VALUES ('ZA.11.DC5','ZA','ZA.11','{\"en\":\"Central Karoo District Municipality\"}',1);
INSERT INTO `__PREFIX__subadmin2` (`code`, `country_code`, `subadmin1_code`, `name`, `active`) VALUES ('ZA.06.EKU','ZA','ZA.06','{\"en\":\"Ekurhuleni Metropolitan Municipality\"}',1);
INSERT INTO `__PREFIX__subadmin2` (`code`, `country_code`, `subadmin1_code`, `name`, `active`) VALUES ('ZA.06.JHB','ZA','ZA.06','{\"en\":\"City of Johannesburg Metropolitan Municipality\"}',1);
INSERT INTO `__PREFIX__subadmin2` (`code`, `country_code`, `subadmin1_code`, `name`, `active`) VALUES ('ZA.06.TSH','ZA','ZA.06','{\"en\":\"City of Tshwane Metropolitan Municipality\"}',1);
INSERT INTO `__PREFIX__subadmin2` (`code`, `country_code`, `subadmin1_code`, `name`, `active`) VALUES ('ZA.11.DC1','ZA','ZA.11','{\"en\":\"West Coast District Municipality\"}',1);
INSERT INTO `__PREFIX__subadmin2` (`code`, `country_code`, `subadmin1_code`, `name`, `active`) VALUES ('ZA.05.DC14','ZA','ZA.05','{\"en\":\"Joe Gqabi District Municipality\"}',1);
INSERT INTO `__PREFIX__subadmin2` (`code`, `country_code`, `subadmin1_code`, `name`, `active`) VALUES ('ZA.05.DC15','ZA','ZA.05','{\"en\":\"OR Tambo District Municipality\"}',1);
INSERT INTO `__PREFIX__subadmin2` (`code`, `country_code`, `subadmin1_code`, `name`, `active`) VALUES ('ZA.03.DC16','ZA','ZA.03','{\"en\":\"Xhariep District Municipality\"}',1);
INSERT INTO `__PREFIX__subadmin2` (`code`, `country_code`, `subadmin1_code`, `name`, `active`) VALUES ('ZA.03.DC18','ZA','ZA.03','{\"en\":\"Lejweleputswa District Municipality\"}',1);
INSERT INTO `__PREFIX__subadmin2` (`code`, `country_code`, `subadmin1_code`, `name`, `active`) VALUES ('ZA.03.DC19','ZA','ZA.03','{\"en\":\"Thabo Mofutsanyana District Municipality\"}',1);
INSERT INTO `__PREFIX__subadmin2` (`code`, `country_code`, `subadmin1_code`, `name`, `active`) VALUES ('ZA.03.DC20','ZA','ZA.03','{\"en\":\"Fezile Dabi District Municipality\"}',1);
INSERT INTO `__PREFIX__subadmin2` (`code`, `country_code`, `subadmin1_code`, `name`, `active`) VALUES ('ZA.02.DC21','ZA','ZA.02','{\"en\":\"Ugu District Municipality\"}',1);
INSERT INTO `__PREFIX__subadmin2` (`code`, `country_code`, `subadmin1_code`, `name`, `active`) VALUES ('ZA.02.DC22','ZA','ZA.02','{\"en\":\"uMgungundlovu District Municipality\"}',1);
INSERT INTO `__PREFIX__subadmin2` (`code`, `country_code`, `subadmin1_code`, `name`, `active`) VALUES ('ZA.02.DC23','ZA','ZA.02','{\"en\":\"uThukela District Municipality\"}',1);
INSERT INTO `__PREFIX__subadmin2` (`code`, `country_code`, `subadmin1_code`, `name`, `active`) VALUES ('ZA.02.DC24','ZA','ZA.02','{\"en\":\"uMzinyathi District Municipality\"}',1);
INSERT INTO `__PREFIX__subadmin2` (`code`, `country_code`, `subadmin1_code`, `name`, `active`) VALUES ('ZA.02.DC26','ZA','ZA.02','{\"en\":\"Zululand District Municipality\"}',1);
INSERT INTO `__PREFIX__subadmin2` (`code`, `country_code`, `subadmin1_code`, `name`, `active`) VALUES ('ZA.02.DC28','ZA','ZA.02','{\"en\":\"uThungulu District Municipality\"}',1);
INSERT INTO `__PREFIX__subadmin2` (`code`, `country_code`, `subadmin1_code`, `name`, `active`) VALUES ('ZA.02.DC29','ZA','ZA.02','{\"en\":\"iLembe District Municipality\"}',1);
INSERT INTO `__PREFIX__subadmin2` (`code`, `country_code`, `subadmin1_code`, `name`, `active`) VALUES ('ZA.11.DC3','ZA','ZA.11','{\"en\":\"Overberg District Municipality\"}',1);
INSERT INTO `__PREFIX__subadmin2` (`code`, `country_code`, `subadmin1_code`, `name`, `active`) VALUES ('ZA.07.DC30','ZA','ZA.07','{\"en\":\"Gert Sibande District Municipality\"}',1);
INSERT INTO `__PREFIX__subadmin2` (`code`, `country_code`, `subadmin1_code`, `name`, `active`) VALUES ('ZA.07.DC31','ZA','ZA.07','{\"en\":\"Nkangala District Municipality\"}',1);
INSERT INTO `__PREFIX__subadmin2` (`code`, `country_code`, `subadmin1_code`, `name`, `active`) VALUES ('ZA.09.DC33','ZA','ZA.09','{\"en\":\"Mopani District Municipality\"}',1);
INSERT INTO `__PREFIX__subadmin2` (`code`, `country_code`, `subadmin1_code`, `name`, `active`) VALUES ('ZA.09.DC34','ZA','ZA.09','{\"en\":\"Vhembe District Municipality\"}',1);
INSERT INTO `__PREFIX__subadmin2` (`code`, `country_code`, `subadmin1_code`, `name`, `active`) VALUES ('ZA.09.DC36','ZA','ZA.09','{\"en\":\"Waterberg District Municipality\"}',1);
INSERT INTO `__PREFIX__subadmin2` (`code`, `country_code`, `subadmin1_code`, `name`, `active`) VALUES ('ZA.10.DC38','ZA','ZA.10','{\"en\":\"Ngaka Modiri Molema District Municipality\"}',1);
INSERT INTO `__PREFIX__subadmin2` (`code`, `country_code`, `subadmin1_code`, `name`, `active`) VALUES ('ZA.06.DC42','ZA','ZA.06','{\"en\":\"Sedibeng District Municipality\"}',1);
INSERT INTO `__PREFIX__subadmin2` (`code`, `country_code`, `subadmin1_code`, `name`, `active`) VALUES ('ZA.02.DC43','ZA','ZA.02','{\"en\":\"Sisonke District Municipality\"}',1);
INSERT INTO `__PREFIX__subadmin2` (`code`, `country_code`, `subadmin1_code`, `name`, `active`) VALUES ('ZA.08.DC45','ZA','ZA.08','{\"en\":\"John Taolo Gaetsewe District Municipality\"}',1);
INSERT INTO `__PREFIX__subadmin2` (`code`, `country_code`, `subadmin1_code`, `name`, `active`) VALUES ('ZA.09.DC47','ZA','ZA.09','{\"en\":\"Sekhukhune District Municipality\"}',1);
INSERT INTO `__PREFIX__subadmin2` (`code`, `country_code`, `subadmin1_code`, `name`, `active`) VALUES ('ZA.06.DC48','ZA','ZA.06','{\"en\":\"West Rand District Municipality\"}',1);
INSERT INTO `__PREFIX__subadmin2` (`code`, `country_code`, `subadmin1_code`, `name`, `active`) VALUES ('ZA.08.DC6','ZA','ZA.08','{\"en\":\"Namakwa District Municipality\"}',1);
INSERT INTO `__PREFIX__subadmin2` (`code`, `country_code`, `subadmin1_code`, `name`, `active`) VALUES ('ZA.08.DC7','ZA','ZA.08','{\"en\":\"Pixley ka Seme District Municipality\"}',1);
INSERT INTO `__PREFIX__subadmin2` (`code`, `country_code`, `subadmin1_code`, `name`, `active`) VALUES ('ZA.08.DC8','ZA','ZA.08','{\"en\":\"Siyanda District Municipality\"}',1);
INSERT INTO `__PREFIX__subadmin2` (`code`, `country_code`, `subadmin1_code`, `name`, `active`) VALUES ('ZA.08.DC9','ZA','ZA.08','{\"en\":\"Frances Baard District Municipality\"}',1);
INSERT INTO `__PREFIX__subadmin2` (`code`, `country_code`, `subadmin1_code`, `name`, `active`) VALUES ('ZA.03.MAN','ZA','ZA.03','{\"en\":\"Mangaung Metropolitan Municipality\"}',1);
INSERT INTO `__PREFIX__subadmin2` (`code`, `country_code`, `subadmin1_code`, `name`, `active`) VALUES ('ZA.05.NMA','ZA','ZA.05','{\"en\":\"Nelson Mandela Bay Metropolitan Municipality\"}',1);
INSERT INTO `__PREFIX__subadmin2` (`code`, `country_code`, `subadmin1_code`, `name`, `active`) VALUES ('ZA.02.DC27','ZA','ZA.02','{\"en\":\"uMkhanyakude District Municipality\"}',1);
/*!40000 ALTER TABLE `__PREFIX__subadmin2` ENABLE KEYS */;

--
-- Dumping data for table `__PREFIX__cities`
--

/*!40000 ALTER TABLE `__PREFIX__cities` DISABLE KEYS */;
INSERT INTO `__PREFIX__cities` (`country_code`, `name`, `longitude`, `latitude`, `feature_class`, `feature_code`, `subadmin1_code`, `subadmin2_code`, `population`, `time_zone`, `active`, `created_at`, `updated_at`) VALUES ('ZA','{\"en\":\"Roodepoort\"}',27.87,-26.16,'P','PPL','ZA.06','ZA.06.JHB',326416,'Africa/Johannesburg',1,'2022-01-09 23:00:00','2022-01-09 23:00:00');
INSERT INTO `__PREFIX__cities` (`country_code`, `name`, `longitude`, `latitude`, `feature_class`, `feature_code`, `subadmin1_code`, `subadmin2_code`, `population`, `time_zone`, `active`, `created_at`, `updated_at`) VALUES ('ZA','{\"en\":\"Zeerust\"}',26.08,-25.54,'P','PPLA3','ZA.10','ZA.10.DC38',17708,'Africa/Johannesburg',1,'2012-07-11 23:00:00','2012-07-11 23:00:00');
INSERT INTO `__PREFIX__cities` (`country_code`, `name`, `longitude`, `latitude`, `feature_class`, `feature_code`, `subadmin1_code`, `subadmin2_code`, `population`, `time_zone`, `active`, `created_at`, `updated_at`) VALUES ('ZA','{\"en\":\"Zastron\"}',27.08,-30.30,'P','PPLA3','ZA.03','ZA.03.DC16',12449,'Africa/Johannesburg',1,'2012-07-11 23:00:00','2012-07-11 23:00:00');
INSERT INTO `__PREFIX__cities` (`country_code`, `name`, `longitude`, `latitude`, `feature_class`, `feature_code`, `subadmin1_code`, `subadmin2_code`, `population`, `time_zone`, `active`, `created_at`, `updated_at`) VALUES ('ZA','{\"en\":\"Wolmaransstad\"}',25.98,-27.20,'P','PPLA3','ZA.10','ZA.10.DC40',49366,'Africa/Johannesburg',1,'2012-07-11 23:00:00','2012-07-11 23:00:00');
INSERT INTO `__PREFIX__cities` (`country_code`, `name`, `longitude`, `latitude`, `feature_class`, `feature_code`, `subadmin1_code`, `subadmin2_code`, `population`, `time_zone`, `active`, `created_at`, `updated_at`) VALUES ('ZA','{\"en\":\"White River\"}',31.01,-25.33,'P','PPL','ZA.07','ZA.07.DC32',15954,'Africa/Johannesburg',1,'2012-07-11 23:00:00','2012-07-11 23:00:00');
INSERT INTO `__PREFIX__cities` (`country_code`, `name`, `longitude`, `latitude`, `feature_class`, `feature_code`, `subadmin1_code`, `subadmin2_code`, `population`, `time_zone`, `active`, `created_at`, `updated_at`) VALUES ('ZA','{\"en\":\"Witbank\"}',29.23,-25.87,'P','PPLA3','ZA.07','ZA.07.DC31',262491,'Africa/Johannesburg',1,'2019-09-04 23:00:00','2019-09-04 23:00:00');
INSERT INTO `__PREFIX__cities` (`country_code`, `name`, `longitude`, `latitude`, `feature_class`, `feature_code`, `subadmin1_code`, `subadmin2_code`, `population`, `time_zone`, `active`, `created_at`, `updated_at`) VALUES ('ZA','{\"en\":\"Winburg\"}',27.01,-28.52,'P','PPL','ZA.03','ZA.03.DC18',11072,'Africa/Johannesburg',1,'2012-07-11 23:00:00','2012-07-11 23:00:00');
INSERT INTO `__PREFIX__cities` (`country_code`, `name`, `longitude`, `latitude`, `feature_class`, `feature_code`, `subadmin1_code`, `subadmin2_code`, `population`, `time_zone`, `active`, `created_at`, `updated_at`) VALUES ('ZA','{\"en\":\"Willowmore\"}',23.49,-33.29,'P','PPLA3','ZA.05','ZA.05.DC10',7100,'Africa/Johannesburg',1,'2012-07-11 23:00:00','2012-07-11 23:00:00');
INSERT INTO `__PREFIX__cities` (`country_code`, `name`, `longitude`, `latitude`, `feature_class`, `feature_code`, `subadmin1_code`, `subadmin2_code`, `population`, `time_zone`, `active`, `created_at`, `updated_at`) VALUES ('ZA','{\"en\":\"Whittlesea\"}',26.82,-32.18,'P','PPL','ZA.05','ZA.05.DC13',12080,'Africa/Johannesburg',1,'2013-04-03 23:00:00','2013-04-03 23:00:00');
INSERT INTO `__PREFIX__cities` (`country_code`, `name`, `longitude`, `latitude`, `feature_class`, `feature_code`, `subadmin1_code`, `subadmin2_code`, `population`, `time_zone`, `active`, `created_at`, `updated_at`) VALUES ('ZA','{\"en\":\"Westonaria\"}',27.65,-26.32,'P','PPLA3','ZA.06','ZA.06.DC48',156831,'Africa/Johannesburg',1,'2018-09-26 23:00:00','2018-09-26 23:00:00');
INSERT INTO `__PREFIX__cities` (`country_code`, `name`, `longitude`, `latitude`, `feature_class`, `feature_code`, `subadmin1_code`, `subadmin2_code`, `population`, `time_zone`, `active`, `created_at`, `updated_at`) VALUES ('ZA','{\"en\":\"Wesselsbron\"}',26.37,-27.85,'P','PPL','ZA.03','ZA.03.DC18',42552,'Africa/Johannesburg',1,'2012-07-11 23:00:00','2012-07-11 23:00:00');
INSERT INTO `__PREFIX__cities` (`country_code`, `name`, `longitude`, `latitude`, `feature_class`, `feature_code`, `subadmin1_code`, `subadmin2_code`, `population`, `time_zone`, `active`, `created_at`, `updated_at`) VALUES ('ZA','{\"en\":\"Welkom\"}',26.74,-27.98,'P','PPLA2','ZA.03','ZA.03.DC18',431944,'Africa/Johannesburg',1,'2013-11-02 23:00:00','2013-11-02 23:00:00');
INSERT INTO `__PREFIX__cities` (`country_code`, `name`, `longitude`, `latitude`, `feature_class`, `feature_code`, `subadmin1_code`, `subadmin2_code`, `population`, `time_zone`, `active`, `created_at`, `updated_at`) VALUES ('ZA','{\"en\":\"Warrenton\"}',24.85,-28.11,'P','PPLA3','ZA.08','ZA.08.DC9',17946,'Africa/Johannesburg',1,'2012-07-11 23:00:00','2012-07-11 23:00:00');
INSERT INTO `__PREFIX__cities` (`country_code`, `name`, `longitude`, `latitude`, `feature_class`, `feature_code`, `subadmin1_code`, `subadmin2_code`, `population`, `time_zone`, `active`, `created_at`, `updated_at`) VALUES ('ZA','{\"en\":\"Warmbaths\"}',28.28,-24.88,'P','PPL','ZA.09','ZA.09.DC36',90210,'Africa/Johannesburg',1,'2012-07-11 23:00:00','2012-07-11 23:00:00');
INSERT INTO `__PREFIX__cities` (`country_code`, `name`, `longitude`, `latitude`, `feature_class`, `feature_code`, `subadmin1_code`, `subadmin2_code`, `population`, `time_zone`, `active`, `created_at`, `updated_at`) VALUES ('ZA','{\"en\":\"Vryheid\"}',30.79,-27.77,'P','PPLA3','ZA.02','ZA.02.DC26',150012,'Africa/Johannesburg',1,'2012-07-11 23:00:00','2012-07-11 23:00:00');
INSERT INTO `__PREFIX__cities` (`country_code`, `name`, `longitude`, `latitude`, `feature_class`, `feature_code`, `subadmin1_code`, `subadmin2_code`, `population`, `time_zone`, `active`, `created_at`, `updated_at`) VALUES ('ZA','{\"en\":\"Vryburg\"}',24.73,-26.96,'P','PPLA2','ZA.10','ZA.10.DC39',49588,'Africa/Johannesburg',1,'2012-07-11 23:00:00','2012-07-11 23:00:00');
INSERT INTO `__PREFIX__cities` (`country_code`, `name`, `longitude`, `latitude`, `feature_class`, `feature_code`, `subadmin1_code`, `subadmin2_code`, `population`, `time_zone`, `active`, `created_at`, `updated_at`) VALUES ('ZA','{\"en\":\"Vredefort\"}',27.36,-27.01,'P','PPL','ZA.03','ZA.03.DC20',14619,'Africa/Johannesburg',1,'2021-10-31 23:00:00','2021-10-31 23:00:00');
INSERT INTO `__PREFIX__cities` (`country_code`, `name`, `longitude`, `latitude`, `feature_class`, `feature_code`, `subadmin1_code`, `subadmin2_code`, `population`, `time_zone`, `active`, `created_at`, `updated_at`) VALUES ('ZA','{\"en\":\"Vrede\"}',29.17,-27.43,'P','PPLA3','ZA.03','ZA.03.DC19',14622,'Africa/Johannesburg',1,'2012-07-11 23:00:00','2012-07-11 23:00:00');
INSERT INTO `__PREFIX__cities` (`country_code`, `name`, `longitude`, `latitude`, `feature_class`, `feature_code`, `subadmin1_code`, `subadmin2_code`, `population`, `time_zone`, `active`, `created_at`, `updated_at`) VALUES ('ZA','{\"en\":\"Volksrust\"}',29.88,-27.37,'P','PPLA3','ZA.07','ZA.07.DC30',43378,'Africa/Johannesburg',1,'2019-03-17 23:00:00','2019-03-17 23:00:00');
INSERT INTO `__PREFIX__cities` (`country_code`, `name`, `longitude`, `latitude`, `feature_class`, `feature_code`, `subadmin1_code`, `subadmin2_code`, `population`, `time_zone`, `active`, `created_at`, `updated_at`) VALUES ('ZA','{\"en\":\"Virginia\"}',26.87,-28.10,'P','PPL','ZA.03','ZA.03.DC18',122502,'Africa/Johannesburg',1,'2012-07-11 23:00:00','2012-07-11 23:00:00');
INSERT INTO `__PREFIX__cities` (`country_code`, `name`, `longitude`, `latitude`, `feature_class`, `feature_code`, `subadmin1_code`, `subadmin2_code`, `population`, `time_zone`, `active`, `created_at`, `updated_at`) VALUES ('ZA','{\"en\":\"Villiers\"}',28.60,-27.03,'P','PPL','ZA.03','ZA.03.DC20',11240,'Africa/Johannesburg',1,'2012-07-11 23:00:00','2012-07-11 23:00:00');
INSERT INTO `__PREFIX__cities` (`country_code`, `name`, `longitude`, `latitude`, `feature_class`, `feature_code`, `subadmin1_code`, `subadmin2_code`, `population`, `time_zone`, `active`, `created_at`, `updated_at`) VALUES ('ZA','{\"en\":\"Viljoenskroon\"}',26.95,-27.21,'P','PPL','ZA.03','ZA.03.DC20',54955,'Africa/Johannesburg',1,'2012-07-11 23:00:00','2012-07-11 23:00:00');
INSERT INTO `__PREFIX__cities` (`country_code`, `name`, `longitude`, `latitude`, `feature_class`, `feature_code`, `subadmin1_code`, `subadmin2_code`, `population`, `time_zone`, `active`, `created_at`, `updated_at`) VALUES ('ZA','{\"en\":\"Vereeniging\"}',27.93,-26.67,'P','PPLA2','ZA.06','ZA.06.DC42',474681,'Africa/Johannesburg',1,'2021-08-07 23:00:00','2021-08-07 23:00:00');
INSERT INTO `__PREFIX__cities` (`country_code`, `name`, `longitude`, `latitude`, `feature_class`, `feature_code`, `subadmin1_code`, `subadmin2_code`, `population`, `time_zone`, `active`, `created_at`, `updated_at`) VALUES ('ZA','{\"en\":\"Ventersburg\"}',27.14,-28.09,'P','PPL','ZA.03','ZA.03.DC18',11260,'Africa/Johannesburg',1,'2022-01-10 23:00:00','2022-01-10 23:00:00');
INSERT INTO `__PREFIX__cities` (`country_code`, `name`, `longitude`, `latitude`, `feature_class`, `feature_code`, `subadmin1_code`, `subadmin2_code`, `population`, `time_zone`, `active`, `created_at`, `updated_at`) VALUES ('ZA','{\"en\":\"Vanderbijlpark\"}',27.84,-26.71,'P','PPLA3','ZA.06','ZA.06.DC42',246754,'Africa/Johannesburg',1,'2012-07-11 23:00:00','2012-07-11 23:00:00');
INSERT INTO `__PREFIX__cities` (`country_code`, `name`, `longitude`, `latitude`, `feature_class`, `feature_code`, `subadmin1_code`, `subadmin2_code`, `population`, `time_zone`, `active`, `created_at`, `updated_at`) VALUES ('ZA','{\"en\":\"Upington\"}',21.26,-28.45,'P','PPLA2','ZA.08','ZA.08.DC8',71373,'Africa/Johannesburg',1,'2012-07-11 23:00:00','2012-07-11 23:00:00');
INSERT INTO `__PREFIX__cities` (`country_code`, `name`, `longitude`, `latitude`, `feature_class`, `feature_code`, `subadmin1_code`, `subadmin2_code`, `population`, `time_zone`, `active`, `created_at`, `updated_at`) VALUES ('ZA','{\"en\":\"Mthatha\"}',28.78,-31.59,'P','PPL','ZA.05','ZA.05.DC15',78663,'Africa/Johannesburg',1,'2015-04-23 23:00:00','2015-04-23 23:00:00');
INSERT INTO `__PREFIX__cities` (`country_code`, `name`, `longitude`, `latitude`, `feature_class`, `feature_code`, `subadmin1_code`, `subadmin2_code`, `population`, `time_zone`, `active`, `created_at`, `updated_at`) VALUES ('ZA','{\"en\":\"eMkhomazi\"}',30.80,-30.21,'P','PPL','ZA.02','ZA.02.ETH',20410,'Africa/Johannesburg',1,'2019-03-17 23:00:00','2019-03-17 23:00:00');
INSERT INTO `__PREFIX__cities` (`country_code`, `name`, `longitude`, `latitude`, `feature_class`, `feature_code`, `subadmin1_code`, `subadmin2_code`, `population`, `time_zone`, `active`, `created_at`, `updated_at`) VALUES ('ZA','{\"en\":\"Ulundi\"}',31.42,-28.34,'P','PPLA2','ZA.02','ZA.02.DC26',20753,'Africa/Johannesburg',1,'2012-07-11 23:00:00','2012-07-11 23:00:00');
INSERT INTO `__PREFIX__cities` (`country_code`, `name`, `longitude`, `latitude`, `feature_class`, `feature_code`, `subadmin1_code`, `subadmin2_code`, `population`, `time_zone`, `active`, `created_at`, `updated_at`) VALUES ('ZA','{\"en\":\"Uitenhage\"}',25.40,-33.76,'P','PPL','ZA.05','ZA.05.NMA',228912,'Africa/Johannesburg',1,'2022-01-09 23:00:00','2022-01-09 23:00:00');
INSERT INTO `__PREFIX__cities` (`country_code`, `name`, `longitude`, `latitude`, `feature_class`, `feature_code`, `subadmin1_code`, `subadmin2_code`, `population`, `time_zone`, `active`, `created_at`, `updated_at`) VALUES ('ZA','{\"en\":\"Tzaneen\"}',30.16,-23.83,'P','PPLA3','ZA.09','ZA.09.DC33',16954,'Africa/Johannesburg',1,'2013-11-02 23:00:00','2013-11-02 23:00:00');
INSERT INTO `__PREFIX__cities` (`country_code`, `name`, `longitude`, `latitude`, `feature_class`, `feature_code`, `subadmin1_code`, `subadmin2_code`, `population`, `time_zone`, `active`, `created_at`, `updated_at`) VALUES ('ZA','{\"en\":\"Thulamahashi\"}',31.20,-24.72,'P','PPL','ZA.09',NULL,11655,'Africa/Johannesburg',1,'2018-12-04 23:00:00','2018-12-04 23:00:00');
INSERT INTO `__PREFIX__cities` (`country_code`, `name`, `longitude`, `latitude`, `feature_class`, `feature_code`, `subadmin1_code`, `subadmin2_code`, `population`, `time_zone`, `active`, `created_at`, `updated_at`) VALUES ('ZA','{\"en\":\"Thohoyandou\"}',30.48,-22.95,'P','PPLA2','ZA.09','ZA.09.DC34',44046,'Africa/Johannesburg',1,'2012-07-11 23:00:00','2012-07-11 23:00:00');
INSERT INTO `__PREFIX__cities` (`country_code`, `name`, `longitude`, `latitude`, `feature_class`, `feature_code`, `subadmin1_code`, `subadmin2_code`, `population`, `time_zone`, `active`, `created_at`, `updated_at`) VALUES ('ZA','{\"en\":\"Theunissen\"}',26.70,-28.41,'P','PPLA3','ZA.03','ZA.03.DC18',34718,'Africa/Johannesburg',1,'2012-07-11 23:00:00','2012-07-11 23:00:00');
INSERT INTO `__PREFIX__cities` (`country_code`, `name`, `longitude`, `latitude`, `feature_class`, `feature_code`, `subadmin1_code`, `subadmin2_code`, `population`, `time_zone`, `active`, `created_at`, `updated_at`) VALUES ('ZA','{\"en\":\"Thabazimbi\"}',27.41,-24.59,'P','PPLA3','ZA.09','ZA.09.DC36',10365,'Africa/Johannesburg',1,'2012-07-11 23:00:00','2012-07-11 23:00:00');
INSERT INTO `__PREFIX__cities` (`country_code`, `name`, `longitude`, `latitude`, `feature_class`, `feature_code`, `subadmin1_code`, `subadmin2_code`, `population`, `time_zone`, `active`, `created_at`, `updated_at`) VALUES ('ZA','{\"en\":\"Thaba Nchu\"}',26.84,-29.21,'P','PPL','ZA.03','ZA.03.MAN',38616,'Africa/Johannesburg',1,'2012-07-11 23:00:00','2012-07-11 23:00:00');
INSERT INTO `__PREFIX__cities` (`country_code`, `name`, `longitude`, `latitude`, `feature_class`, `feature_code`, `subadmin1_code`, `subadmin2_code`, `population`, `time_zone`, `active`, `created_at`, `updated_at`) VALUES ('ZA','{\"en\":\"Tembisa\"}',28.23,-26.00,'P','PPL','ZA.06','ZA.06.EKU',511655,'Africa/Johannesburg',1,'2019-02-27 23:00:00','2019-02-27 23:00:00');
INSERT INTO `__PREFIX__cities` (`country_code`, `name`, `longitude`, `latitude`, `feature_class`, `feature_code`, `subadmin1_code`, `subadmin2_code`, `population`, `time_zone`, `active`, `created_at`, `updated_at`) VALUES ('ZA','{\"en\":\"Swellendam\"}',20.44,-34.02,'P','PPLA3','ZA.11','ZA.11.DC3',13674,'Africa/Johannesburg',1,'2012-07-11 23:00:00','2012-07-11 23:00:00');
INSERT INTO `__PREFIX__cities` (`country_code`, `name`, `longitude`, `latitude`, `feature_class`, `feature_code`, `subadmin1_code`, `subadmin2_code`, `population`, `time_zone`, `active`, `created_at`, `updated_at`) VALUES ('ZA','{\"en\":\"Sundumbili\"}',31.40,-29.13,'P','PPL','ZA.02','ZA.02.DC29',12455,'Africa/Johannesburg',1,'2018-12-04 23:00:00','2018-12-04 23:00:00');
INSERT INTO `__PREFIX__cities` (`country_code`, `name`, `longitude`, `latitude`, `feature_class`, `feature_code`, `subadmin1_code`, `subadmin2_code`, `population`, `time_zone`, `active`, `created_at`, `updated_at`) VALUES ('ZA','{\"en\":\"Stutterheim\"}',27.42,-32.57,'P','PPLA3','ZA.05','ZA.05.DC12',35510,'Africa/Johannesburg',1,'2012-07-11 23:00:00','2012-07-11 23:00:00');
INSERT INTO `__PREFIX__cities` (`country_code`, `name`, `longitude`, `latitude`, `feature_class`, `feature_code`, `subadmin1_code`, `subadmin2_code`, `population`, `time_zone`, `active`, `created_at`, `updated_at`) VALUES ('ZA','{\"en\":\"Stilfontein\"}',26.77,-26.84,'P','PPL','ZA.10','ZA.10.DC40',93110,'Africa/Johannesburg',1,'2012-07-11 23:00:00','2012-07-11 23:00:00');
INSERT INTO `__PREFIX__cities` (`country_code`, `name`, `longitude`, `latitude`, `feature_class`, `feature_code`, `subadmin1_code`, `subadmin2_code`, `population`, `time_zone`, `active`, `created_at`, `updated_at`) VALUES ('ZA','{\"en\":\"KwaDukuza\"}',31.29,-29.33,'P','PPL','ZA.02','ZA.02.DC29',51536,'Africa/Johannesburg',1,'2022-01-09 23:00:00','2022-01-09 23:00:00');
INSERT INTO `__PREFIX__cities` (`country_code`, `name`, `longitude`, `latitude`, `feature_class`, `feature_code`, `subadmin1_code`, `subadmin2_code`, `population`, `time_zone`, `active`, `created_at`, `updated_at`) VALUES ('ZA','{\"en\":\"Standerton\"}',29.24,-26.93,'P','PPLA3','ZA.07','ZA.07.DC30',74021,'Africa/Johannesburg',1,'2012-07-11 23:00:00','2012-07-11 23:00:00');
INSERT INTO `__PREFIX__cities` (`country_code`, `name`, `longitude`, `latitude`, `feature_class`, `feature_code`, `subadmin1_code`, `subadmin2_code`, `population`, `time_zone`, `active`, `created_at`, `updated_at`) VALUES ('ZA','{\"en\":\"Springs\"}',28.40,-26.25,'P','PPLX','ZA.06','ZA.06.EKU',186394,'Africa/Johannesburg',1,'2018-09-26 23:00:00','2018-09-26 23:00:00');
INSERT INTO `__PREFIX__cities` (`country_code`, `name`, `longitude`, `latitude`, `feature_class`, `feature_code`, `subadmin1_code`, `subadmin2_code`, `population`, `time_zone`, `active`, `created_at`, `updated_at`) VALUES ('ZA','{\"en\":\"Soweto\"}',27.86,-26.27,'P','PPL','ZA.06','ZA.06.JHB',1695047,'Africa/Johannesburg',1,'2012-07-11 23:00:00','2012-07-11 23:00:00');
INSERT INTO `__PREFIX__cities` (`country_code`, `name`, `longitude`, `latitude`, `feature_class`, `feature_code`, `subadmin1_code`, `subadmin2_code`, `population`, `time_zone`, `active`, `created_at`, `updated_at`) VALUES ('ZA','{\"en\":\"Somerset East\"}',25.59,-32.72,'P','PPLA3','ZA.05','ZA.05.DC10',16155,'Africa/Johannesburg',1,'2012-07-11 23:00:00','2012-07-11 23:00:00');
INSERT INTO `__PREFIX__cities` (`country_code`, `name`, `longitude`, `latitude`, `feature_class`, `feature_code`, `subadmin1_code`, `subadmin2_code`, `population`, `time_zone`, `active`, `created_at`, `updated_at`) VALUES ('ZA','{\"en\":\"Siyabuswa\"}',29.04,-25.11,'P','PPLA3','ZA.07','ZA.07.DC31',26236,'Africa/Johannesburg',1,'2012-07-11 23:00:00','2012-07-11 23:00:00');
INSERT INTO `__PREFIX__cities` (`country_code`, `name`, `longitude`, `latitude`, `feature_class`, `feature_code`, `subadmin1_code`, `subadmin2_code`, `population`, `time_zone`, `active`, `created_at`, `updated_at`) VALUES ('ZA','{\"en\":\"Senekal\"}',27.62,-28.32,'P','PPL','ZA.03','ZA.03.DC19',39584,'Africa/Johannesburg',1,'2012-07-11 23:00:00','2012-07-11 23:00:00');
INSERT INTO `__PREFIX__cities` (`country_code`, `name`, `longitude`, `latitude`, `feature_class`, `feature_code`, `subadmin1_code`, `subadmin2_code`, `population`, `time_zone`, `active`, `created_at`, `updated_at`) VALUES ('ZA','{\"en\":\"Secunda\"}',29.17,-26.55,'P','PPLA2','ZA.07','ZA.07.DC30',20418,'Africa/Johannesburg',1,'2012-07-11 23:00:00','2012-07-11 23:00:00');
INSERT INTO `__PREFIX__cities` (`country_code`, `name`, `longitude`, `latitude`, `feature_class`, `feature_code`, `subadmin1_code`, `subadmin2_code`, `population`, `time_zone`, `active`, `created_at`, `updated_at`) VALUES ('ZA','{\"en\":\"Scottburgh\"}',30.75,-30.29,'P','PPLA3','ZA.02','ZA.02.DC21',23949,'Africa/Johannesburg',1,'2012-07-11 23:00:00','2012-07-11 23:00:00');
INSERT INTO `__PREFIX__cities` (`country_code`, `name`, `longitude`, `latitude`, `feature_class`, `feature_code`, `subadmin1_code`, `subadmin2_code`, `population`, `time_zone`, `active`, `created_at`, `updated_at`) VALUES ('ZA','{\"en\":\"Schweizer-Reneke\"}',25.33,-27.19,'P','PPLA3','ZA.10','ZA.10.DC39',70214,'Africa/Johannesburg',1,'2012-07-11 23:00:00','2012-07-11 23:00:00');
INSERT INTO `__PREFIX__cities` (`country_code`, `name`, `longitude`, `latitude`, `feature_class`, `feature_code`, `subadmin1_code`, `subadmin2_code`, `population`, `time_zone`, `active`, `created_at`, `updated_at`) VALUES ('ZA','{\"en\":\"Sasolburg\"}',27.82,-26.81,'P','PPLA2','ZA.03','ZA.03.DC20',77016,'Africa/Johannesburg',1,'2012-07-11 23:00:00','2012-07-11 23:00:00');
INSERT INTO `__PREFIX__cities` (`country_code`, `name`, `longitude`, `latitude`, `feature_class`, `feature_code`, `subadmin1_code`, `subadmin2_code`, `population`, `time_zone`, `active`, `created_at`, `updated_at`) VALUES ('ZA','{\"en\":\"Rustenburg\"}',27.24,-25.67,'P','PPLA3','ZA.10','ZA.10.DC37',124064,'Africa/Johannesburg',1,'2012-07-11 23:00:00','2012-07-11 23:00:00');
INSERT INTO `__PREFIX__cities` (`country_code`, `name`, `longitude`, `latitude`, `feature_class`, `feature_code`, `subadmin1_code`, `subadmin2_code`, `population`, `time_zone`, `active`, `created_at`, `updated_at`) VALUES ('ZA','{\"en\":\"Riversdale\"}',21.26,-34.09,'P','PPLA3','ZA.11','ZA.11.DC4',16176,'Africa/Johannesburg',1,'2016-03-08 23:00:00','2016-03-08 23:00:00');
INSERT INTO `__PREFIX__cities` (`country_code`, `name`, `longitude`, `latitude`, `feature_class`, `feature_code`, `subadmin1_code`, `subadmin2_code`, `population`, `time_zone`, `active`, `created_at`, `updated_at`) VALUES ('ZA','{\"en\":\"Ritchie\"}',24.60,-29.04,'P','PPL','ZA.08','ZA.08.DC9',9960,'Africa/Johannesburg',1,'2014-04-05 23:00:00','2014-04-05 23:00:00');
INSERT INTO `__PREFIX__cities` (`country_code`, `name`, `longitude`, `latitude`, `feature_class`, `feature_code`, `subadmin1_code`, `subadmin2_code`, `population`, `time_zone`, `active`, `created_at`, `updated_at`) VALUES ('ZA','{\"en\":\"Richmond\"}',30.27,-29.87,'P','PPLA3','ZA.02','ZA.02.DC22',32445,'Africa/Johannesburg',1,'2012-07-11 23:00:00','2012-07-11 23:00:00');
INSERT INTO `__PREFIX__cities` (`country_code`, `name`, `longitude`, `latitude`, `feature_class`, `feature_code`, `subadmin1_code`, `subadmin2_code`, `population`, `time_zone`, `active`, `created_at`, `updated_at`) VALUES ('ZA','{\"en\":\"Richards Bay\"}',32.04,-28.78,'P','PPLA2','ZA.02','ZA.02.DC28',252968,'Africa/Johannesburg',1,'2012-07-11 23:00:00','2012-07-11 23:00:00');
INSERT INTO `__PREFIX__cities` (`country_code`, `name`, `longitude`, `latitude`, `feature_class`, `feature_code`, `subadmin1_code`, `subadmin2_code`, `population`, `time_zone`, `active`, `created_at`, `updated_at`) VALUES ('ZA','{\"en\":\"Reitz\"}',28.43,-27.80,'P','PPLA3','ZA.03','ZA.03.DC19',16637,'Africa/Johannesburg',1,'2012-07-11 23:00:00','2012-07-11 23:00:00');
INSERT INTO `__PREFIX__cities` (`country_code`, `name`, `longitude`, `latitude`, `feature_class`, `feature_code`, `subadmin1_code`, `subadmin2_code`, `population`, `time_zone`, `active`, `created_at`, `updated_at`) VALUES ('ZA','{\"en\":\"Randfontein\"}',27.70,-26.18,'P','PPLA2','ZA.06','ZA.06.DC48',133654,'Africa/Johannesburg',1,'2012-07-11 23:00:00','2012-07-11 23:00:00');
INSERT INTO `__PREFIX__cities` (`country_code`, `name`, `longitude`, `latitude`, `feature_class`, `feature_code`, `subadmin1_code`, `subadmin2_code`, `population`, `time_zone`, `active`, `created_at`, `updated_at`) VALUES ('ZA','{\"en\":\"Randburg\"}',28.00,-26.09,'P','PPL','ZA.06','ZA.06.JHB',337053,'Africa/Johannesburg',1,'2017-12-05 23:00:00','2017-12-05 23:00:00');
INSERT INTO `__PREFIX__cities` (`country_code`, `name`, `longitude`, `latitude`, `feature_class`, `feature_code`, `subadmin1_code`, `subadmin2_code`, `population`, `time_zone`, `active`, `created_at`, `updated_at`) VALUES ('ZA','{\"en\":\"Queenstown\"}',26.88,-31.90,'P','PPLA2','ZA.05','ZA.05.DC13',105309,'Africa/Johannesburg',1,'2012-07-11 23:00:00','2012-07-11 23:00:00');
INSERT INTO `__PREFIX__cities` (`country_code`, `name`, `longitude`, `latitude`, `feature_class`, `feature_code`, `subadmin1_code`, `subadmin2_code`, `population`, `time_zone`, `active`, `created_at`, `updated_at`) VALUES ('ZA','{\"en\":\"Queensdale\"}',26.98,-31.87,'P','PPL','ZA.05','ZA.05.DC13',20009,'Africa/Johannesburg',1,'2018-12-04 23:00:00','2018-12-04 23:00:00');
INSERT INTO `__PREFIX__cities` (`country_code`, `name`, `longitude`, `latitude`, `feature_class`, `feature_code`, `subadmin1_code`, `subadmin2_code`, `population`, `time_zone`, `active`, `created_at`, `updated_at`) VALUES ('ZA','{\"en\":\"Prince Albert\"}',22.03,-33.22,'P','PPLA3','ZA.11','ZA.11.DC5',13136,'Africa/Johannesburg',1,'2016-03-08 23:00:00','2016-03-08 23:00:00');
INSERT INTO `__PREFIX__cities` (`country_code`, `name`, `longitude`, `latitude`, `feature_class`, `feature_code`, `subadmin1_code`, `subadmin2_code`, `population`, `time_zone`, `active`, `created_at`, `updated_at`) VALUES ('ZA','{\"en\":\"Prieska\"}',22.74,-29.67,'P','PPLA3','ZA.08','ZA.08.DC7',11236,'Africa/Johannesburg',1,'2014-11-07 23:00:00','2014-11-07 23:00:00');
INSERT INTO `__PREFIX__cities` (`country_code`, `name`, `longitude`, `latitude`, `feature_class`, `feature_code`, `subadmin1_code`, `subadmin2_code`, `population`, `time_zone`, `active`, `created_at`, `updated_at`) VALUES ('ZA','{\"en\":\"Pretoria\"}',28.19,-25.74,'P','PPLC','ZA.06','ZA.06.TSH',1619438,'Africa/Johannesburg',1,'2019-09-04 23:00:00','2019-09-04 23:00:00');
INSERT INTO `__PREFIX__cities` (`country_code`, `name`, `longitude`, `latitude`, `feature_class`, `feature_code`, `subadmin1_code`, `subadmin2_code`, `population`, `time_zone`, `active`, `created_at`, `updated_at`) VALUES ('ZA','{\"en\":\"Mokopane\"}',29.01,-24.19,'P','PPLA3','ZA.09','ZA.09.DC36',101090,'Africa/Johannesburg',1,'2012-07-11 23:00:00','2012-07-11 23:00:00');
INSERT INTO `__PREFIX__cities` (`country_code`, `name`, `longitude`, `latitude`, `feature_class`, `feature_code`, `subadmin1_code`, `subadmin2_code`, `population`, `time_zone`, `active`, `created_at`, `updated_at`) VALUES ('ZA','{\"en\":\"Potchefstroom\"}',27.10,-26.72,'P','PPLA3','ZA.10','ZA.10.DC40',123669,'Africa/Johannesburg',1,'2012-07-11 23:00:00','2012-07-11 23:00:00');
INSERT INTO `__PREFIX__cities` (`country_code`, `name`, `longitude`, `latitude`, `feature_class`, `feature_code`, `subadmin1_code`, `subadmin2_code`, `population`, `time_zone`, `active`, `created_at`, `updated_at`) VALUES ('ZA','{\"en\":\"Postmasburg\"}',23.07,-28.33,'P','PPLA3','ZA.08','ZA.08.DC8',30089,'Africa/Johannesburg',1,'2018-07-23 23:00:00','2018-07-23 23:00:00');
INSERT INTO `__PREFIX__cities` (`country_code`, `name`, `longitude`, `latitude`, `feature_class`, `feature_code`, `subadmin1_code`, `subadmin2_code`, `population`, `time_zone`, `active`, `created_at`, `updated_at`) VALUES ('ZA','{\"en\":\"Port Shepstone\"}',30.45,-30.74,'P','PPLA2','ZA.02','ZA.02.DC21',52793,'Africa/Johannesburg',1,'2012-07-11 23:00:00','2012-07-11 23:00:00');
INSERT INTO `__PREFIX__cities` (`country_code`, `name`, `longitude`, `latitude`, `feature_class`, `feature_code`, `subadmin1_code`, `subadmin2_code`, `population`, `time_zone`, `active`, `created_at`, `updated_at`) VALUES ('ZA','{\"en\":\"Port Saint John’s\"}',29.54,-31.62,'P','PPL','ZA.05','ZA.05.DC15',5939,'Africa/Johannesburg',1,'2020-06-09 23:00:00','2020-06-09 23:00:00');
INSERT INTO `__PREFIX__cities` (`country_code`, `name`, `longitude`, `latitude`, `feature_class`, `feature_code`, `subadmin1_code`, `subadmin2_code`, `population`, `time_zone`, `active`, `created_at`, `updated_at`) VALUES ('ZA','{\"en\":\"Port Elizabeth\"}',25.61,-33.96,'P','PPLA2','ZA.05','ZA.05.NMA',967677,'Africa/Johannesburg',1,'2021-05-04 23:00:00','2021-05-04 23:00:00');
INSERT INTO `__PREFIX__cities` (`country_code`, `name`, `longitude`, `latitude`, `feature_class`, `feature_code`, `subadmin1_code`, `subadmin2_code`, `population`, `time_zone`, `active`, `created_at`, `updated_at`) VALUES ('ZA','{\"en\":\"Port Alfred\"}',26.88,-33.59,'P','PPLA3','ZA.05','ZA.05.DC10',17959,'Africa/Johannesburg',1,'2016-01-02 23:00:00','2016-01-02 23:00:00');
INSERT INTO `__PREFIX__cities` (`country_code`, `name`, `longitude`, `latitude`, `feature_class`, `feature_code`, `subadmin1_code`, `subadmin2_code`, `population`, `time_zone`, `active`, `created_at`, `updated_at`) VALUES ('ZA','{\"en\":\"Plettenberg Bay\"}',23.37,-34.05,'P','PPLA3','ZA.11','ZA.11.DC4',19445,'Africa/Johannesburg',1,'2017-12-31 23:00:00','2017-12-31 23:00:00');
INSERT INTO `__PREFIX__cities` (`country_code`, `name`, `longitude`, `latitude`, `feature_class`, `feature_code`, `subadmin1_code`, `subadmin2_code`, `population`, `time_zone`, `active`, `created_at`, `updated_at`) VALUES ('ZA','{\"en\":\"Pinetown\"}',30.89,-29.82,'P','PPL','ZA.02','ZA.02.ETH',144026,'Africa/Johannesburg',1,'2021-07-25 23:00:00','2021-07-25 23:00:00');
INSERT INTO `__PREFIX__cities` (`country_code`, `name`, `longitude`, `latitude`, `feature_class`, `feature_code`, `subadmin1_code`, `subadmin2_code`, `population`, `time_zone`, `active`, `created_at`, `updated_at`) VALUES ('ZA','{\"en\":\"Piet Retief\"}',30.81,-27.01,'P','PPLA3','ZA.07','ZA.07.DC30',84349,'Africa/Johannesburg',1,'2012-07-11 23:00:00','2012-07-11 23:00:00');
INSERT INTO `__PREFIX__cities` (`country_code`, `name`, `longitude`, `latitude`, `feature_class`, `feature_code`, `subadmin1_code`, `subadmin2_code`, `population`, `time_zone`, `active`, `created_at`, `updated_at`) VALUES ('ZA','{\"en\":\"Polokwane\"}',29.47,-23.90,'P','PPLA','ZA.09','ZA.09.DC35',123749,'Africa/Johannesburg',1,'2020-01-27 23:00:00','2020-01-27 23:00:00');
INSERT INTO `__PREFIX__cities` (`country_code`, `name`, `longitude`, `latitude`, `feature_class`, `feature_code`, `subadmin1_code`, `subadmin2_code`, `population`, `time_zone`, `active`, `created_at`, `updated_at`) VALUES ('ZA','{\"en\":\"Pietermaritzburg\"}',30.39,-29.62,'P','PPLA','ZA.02','ZA.02.DC22',750845,'Africa/Johannesburg',1,'2019-09-04 23:00:00','2019-09-04 23:00:00');
INSERT INTO `__PREFIX__cities` (`country_code`, `name`, `longitude`, `latitude`, `feature_class`, `feature_code`, `subadmin1_code`, `subadmin2_code`, `population`, `time_zone`, `active`, `created_at`, `updated_at`) VALUES ('ZA','{\"en\":\"Phuthaditjhaba\"}',28.82,-28.52,'P','PPLA2','ZA.03','ZA.03.DC19',84258,'Africa/Johannesburg',1,'2012-07-11 23:00:00','2012-07-11 23:00:00');
INSERT INTO `__PREFIX__cities` (`country_code`, `name`, `longitude`, `latitude`, `feature_class`, `feature_code`, `subadmin1_code`, `subadmin2_code`, `population`, `time_zone`, `active`, `created_at`, `updated_at`) VALUES ('ZA','{\"en\":\"Phalaborwa\"}',31.14,-23.94,'P','PPLA3','ZA.09','ZA.09.DC33',109468,'Africa/Johannesburg',1,'2012-07-11 23:00:00','2012-07-11 23:00:00');
INSERT INTO `__PREFIX__cities` (`country_code`, `name`, `longitude`, `latitude`, `feature_class`, `feature_code`, `subadmin1_code`, `subadmin2_code`, `population`, `time_zone`, `active`, `created_at`, `updated_at`) VALUES ('ZA','{\"en\":\"Parys\"}',27.46,-26.90,'P','PPLA3','ZA.03','ZA.03.DC20',71319,'Africa/Johannesburg',1,'2012-07-11 23:00:00','2012-07-11 23:00:00');
INSERT INTO `__PREFIX__cities` (`country_code`, `name`, `longitude`, `latitude`, `feature_class`, `feature_code`, `subadmin1_code`, `subadmin2_code`, `population`, `time_zone`, `active`, `created_at`, `updated_at`) VALUES ('ZA','{\"en\":\"Pampierstad\"}',24.69,-27.78,'P','PPL','ZA.08','ZA.08.DC9',21707,'Africa/Johannesburg',1,'2021-10-31 23:00:00','2021-10-31 23:00:00');
INSERT INTO `__PREFIX__cities` (`country_code`, `name`, `longitude`, `latitude`, `feature_class`, `feature_code`, `subadmin1_code`, `subadmin2_code`, `population`, `time_zone`, `active`, `created_at`, `updated_at`) VALUES ('ZA','{\"en\":\"Oudtshoorn\"}',22.20,-33.60,'P','PPLA3','ZA.11','ZA.11.DC4',61507,'Africa/Johannesburg',1,'2016-03-08 23:00:00','2016-03-08 23:00:00');
INSERT INTO `__PREFIX__cities` (`country_code`, `name`, `longitude`, `latitude`, `feature_class`, `feature_code`, `subadmin1_code`, `subadmin2_code`, `population`, `time_zone`, `active`, `created_at`, `updated_at`) VALUES ('ZA','{\"en\":\"Orkney\"}',26.67,-26.98,'P','PPL','ZA.10','ZA.10.DC40',13435,'Africa/Johannesburg',1,'2022-01-09 23:00:00','2022-01-09 23:00:00');
INSERT INTO `__PREFIX__cities` (`country_code`, `name`, `longitude`, `latitude`, `feature_class`, `feature_code`, `subadmin1_code`, `subadmin2_code`, `population`, `time_zone`, `active`, `created_at`, `updated_at`) VALUES ('ZA','{\"en\":\"Orange Farm\"}',27.87,-26.48,'P','PPLX','ZA.06','ZA.06.JHB',10000,'Africa/Johannesburg',1,'2018-09-26 23:00:00','2018-09-26 23:00:00');
INSERT INTO `__PREFIX__cities` (`country_code`, `name`, `longitude`, `latitude`, `feature_class`, `feature_code`, `subadmin1_code`, `subadmin2_code`, `population`, `time_zone`, `active`, `created_at`, `updated_at`) VALUES ('ZA','{\"en\":\"Modimolle\"}',28.40,-24.70,'P','PPLA2','ZA.09','ZA.09.DC36',20527,'Africa/Johannesburg',1,'2018-09-27 23:00:00','2018-09-27 23:00:00');
INSERT INTO `__PREFIX__cities` (`country_code`, `name`, `longitude`, `latitude`, `feature_class`, `feature_code`, `subadmin1_code`, `subadmin2_code`, `population`, `time_zone`, `active`, `created_at`, `updated_at`) VALUES ('ZA','{\"en\":\"Nkowakowa\"}',30.29,-23.89,'P','PPL','ZA.09','ZA.09.DC33',30138,'Africa/Johannesburg',1,'2014-04-05 23:00:00','2014-04-05 23:00:00');
INSERT INTO `__PREFIX__cities` (`country_code`, `name`, `longitude`, `latitude`, `feature_class`, `feature_code`, `subadmin1_code`, `subadmin2_code`, `population`, `time_zone`, `active`, `created_at`, `updated_at`) VALUES ('ZA','{\"en\":\"Nigel\"}',28.48,-26.43,'P','PPL','ZA.06','ZA.06.EKU',140644,'Africa/Johannesburg',1,'2012-07-11 23:00:00','2012-07-11 23:00:00');
INSERT INTO `__PREFIX__cities` (`country_code`, `name`, `longitude`, `latitude`, `feature_class`, `feature_code`, `subadmin1_code`, `subadmin2_code`, `population`, `time_zone`, `active`, `created_at`, `updated_at`) VALUES ('ZA','{\"en\":\"Newcastle\"}',29.93,-27.76,'P','PPLA2','ZA.02','ZA.02.DC25',404838,'Africa/Johannesburg',1,'2012-07-11 23:00:00','2012-07-11 23:00:00');
INSERT INTO `__PREFIX__cities` (`country_code`, `name`, `longitude`, `latitude`, `feature_class`, `feature_code`, `subadmin1_code`, `subadmin2_code`, `population`, `time_zone`, `active`, `created_at`, `updated_at`) VALUES ('ZA','{\"en\":\"Nelspruit\"}',30.97,-25.47,'P','PPLA','ZA.07','ZA.07.DC32',110159,'Africa/Johannesburg',1,'2013-03-01 23:00:00','2013-03-01 23:00:00');
INSERT INTO `__PREFIX__cities` (`country_code`, `name`, `longitude`, `latitude`, `feature_class`, `feature_code`, `subadmin1_code`, `subadmin2_code`, `population`, `time_zone`, `active`, `created_at`, `updated_at`) VALUES ('ZA','{\"en\":\"Mpumalanga\"}',30.64,-29.81,'P','PPL','ZA.02','ZA.02.ETH',140121,'Africa/Johannesburg',1,'2013-04-03 23:00:00','2013-04-03 23:00:00');
INSERT INTO `__PREFIX__cities` (`country_code`, `name`, `longitude`, `latitude`, `feature_class`, `feature_code`, `subadmin1_code`, `subadmin2_code`, `population`, `time_zone`, `active`, `created_at`, `updated_at`) VALUES ('ZA','{\"en\":\"Mpophomeni\"}',30.19,-29.57,'P','PPL','ZA.02','ZA.02.DC22',25732,'Africa/Johannesburg',1,'2021-10-31 23:00:00','2021-10-31 23:00:00');
INSERT INTO `__PREFIX__cities` (`country_code`, `name`, `longitude`, `latitude`, `feature_class`, `feature_code`, `subadmin1_code`, `subadmin2_code`, `population`, `time_zone`, `active`, `created_at`, `updated_at`) VALUES ('ZA','{\"en\":\"Mossel Bay\"}',22.15,-34.18,'P','PPLA3','ZA.11','ZA.11.DC4',59031,'Africa/Johannesburg',1,'2016-03-08 23:00:00','2016-03-08 23:00:00');
INSERT INTO `__PREFIX__cities` (`country_code`, `name`, `longitude`, `latitude`, `feature_class`, `feature_code`, `subadmin1_code`, `subadmin2_code`, `population`, `time_zone`, `active`, `created_at`, `updated_at`) VALUES ('ZA','{\"en\":\"Mooirivier\"}',29.99,-29.21,'P','PPL','ZA.02','ZA.02.DC22',10132,'Africa/Johannesburg',1,'2012-07-11 23:00:00','2012-07-11 23:00:00');
INSERT INTO `__PREFIX__cities` (`country_code`, `name`, `longitude`, `latitude`, `feature_class`, `feature_code`, `subadmin1_code`, `subadmin2_code`, `population`, `time_zone`, `active`, `created_at`, `updated_at`) VALUES ('ZA','{\"en\":\"Montagu\"}',20.12,-33.79,'P','PPL','ZA.11','ZA.11.DC2',15176,'Africa/Johannesburg',1,'2017-12-12 23:00:00','2017-12-12 23:00:00');
INSERT INTO `__PREFIX__cities` (`country_code`, `name`, `longitude`, `latitude`, `feature_class`, `feature_code`, `subadmin1_code`, `subadmin2_code`, `population`, `time_zone`, `active`, `created_at`, `updated_at`) VALUES ('ZA','{\"en\":\"Mondlo\"}',30.72,-27.98,'P','PPL','ZA.02','ZA.02.DC26',44922,'Africa/Johannesburg',1,'2019-09-22 23:00:00','2019-09-22 23:00:00');
INSERT INTO `__PREFIX__cities` (`country_code`, `name`, `longitude`, `latitude`, `feature_class`, `feature_code`, `subadmin1_code`, `subadmin2_code`, `population`, `time_zone`, `active`, `created_at`, `updated_at`) VALUES ('ZA','{\"en\":\"Molteno\"}',26.36,-31.40,'P','PPLA3','ZA.05','ZA.05.DC13',10078,'Africa/Johannesburg',1,'2012-07-11 23:00:00','2012-07-11 23:00:00');
INSERT INTO `__PREFIX__cities` (`country_code`, `name`, `longitude`, `latitude`, `feature_class`, `feature_code`, `subadmin1_code`, `subadmin2_code`, `population`, `time_zone`, `active`, `created_at`, `updated_at`) VALUES ('ZA','{\"en\":\"Mmabatho\"}',25.63,-25.85,'P','PPLX','ZA.10','ZA.10.DC38',76754,'Africa/Johannesburg',1,'2018-01-13 23:00:00','2018-01-13 23:00:00');
INSERT INTO `__PREFIX__cities` (`country_code`, `name`, `longitude`, `latitude`, `feature_class`, `feature_code`, `subadmin1_code`, `subadmin2_code`, `population`, `time_zone`, `active`, `created_at`, `updated_at`) VALUES ('ZA','{\"en\":\"Middelburg\"}',25.01,-31.49,'P','PPL','ZA.05','ZA.05.DC13',18164,'Africa/Johannesburg',1,'2012-07-11 23:00:00','2012-07-11 23:00:00');
INSERT INTO `__PREFIX__cities` (`country_code`, `name`, `longitude`, `latitude`, `feature_class`, `feature_code`, `subadmin1_code`, `subadmin2_code`, `population`, `time_zone`, `active`, `created_at`, `updated_at`) VALUES ('ZA','{\"en\":\"Middelburg\"}',29.46,-25.78,'P','PPLA2','ZA.07','ZA.07.DC31',154706,'Africa/Johannesburg',1,'2020-04-11 23:00:00','2020-04-11 23:00:00');
INSERT INTO `__PREFIX__cities` (`country_code`, `name`, `longitude`, `latitude`, `feature_class`, `feature_code`, `subadmin1_code`, `subadmin2_code`, `population`, `time_zone`, `active`, `created_at`, `updated_at`) VALUES ('ZA','{\"en\":\"Marquard\"}',27.43,-28.66,'P','PPL','ZA.03','ZA.03.DC19',10839,'Africa/Johannesburg',1,'2012-07-11 23:00:00','2012-07-11 23:00:00');
INSERT INTO `__PREFIX__cities` (`country_code`, `name`, `longitude`, `latitude`, `feature_class`, `feature_code`, `subadmin1_code`, `subadmin2_code`, `population`, `time_zone`, `active`, `created_at`, `updated_at`) VALUES ('ZA','{\"en\":\"Margate\"}',30.37,-30.86,'P','PPL','ZA.02','ZA.02.DC21',34407,'Africa/Johannesburg',1,'2012-07-11 23:00:00','2012-07-11 23:00:00');
INSERT INTO `__PREFIX__cities` (`country_code`, `name`, `longitude`, `latitude`, `feature_class`, `feature_code`, `subadmin1_code`, `subadmin2_code`, `population`, `time_zone`, `active`, `created_at`, `updated_at`) VALUES ('ZA','{\"en\":\"Mankoeng\"}',29.82,-23.90,'P','PPL','ZA.09','ZA.09.DC35',12499,'Africa/Johannesburg',1,'2019-09-22 23:00:00','2019-09-22 23:00:00');
INSERT INTO `__PREFIX__cities` (`country_code`, `name`, `longitude`, `latitude`, `feature_class`, `feature_code`, `subadmin1_code`, `subadmin2_code`, `population`, `time_zone`, `active`, `created_at`, `updated_at`) VALUES ('ZA','{\"en\":\"Maile\"}',27.28,-25.44,'P','PPL','ZA.10','ZA.10.DC37',10000,'Africa/Johannesburg',1,'2018-06-06 23:00:00','2018-06-06 23:00:00');
INSERT INTO `__PREFIX__cities` (`country_code`, `name`, `longitude`, `latitude`, `feature_class`, `feature_code`, `subadmin1_code`, `subadmin2_code`, `population`, `time_zone`, `active`, `created_at`, `updated_at`) VALUES ('ZA','{\"en\":\"Mahikeng\"}',25.64,-25.87,'P','PPLA','ZA.10','ZA.10.DC38',14000,'Africa/Johannesburg',1,'2013-06-03 23:00:00','2013-06-03 23:00:00');
INSERT INTO `__PREFIX__cities` (`country_code`, `name`, `longitude`, `latitude`, `feature_class`, `feature_code`, `subadmin1_code`, `subadmin2_code`, `population`, `time_zone`, `active`, `created_at`, `updated_at`) VALUES ('ZA','{\"en\":\"Mabopane\"}',28.10,-25.50,'P','PPL','ZA.06','ZA.06.TSH',110972,'Africa/Johannesburg',1,'2022-01-09 23:00:00','2022-01-09 23:00:00');
INSERT INTO `__PREFIX__cities` (`country_code`, `name`, `longitude`, `latitude`, `feature_class`, `feature_code`, `subadmin1_code`, `subadmin2_code`, `population`, `time_zone`, `active`, `created_at`, `updated_at`) VALUES ('ZA','{\"en\":\"Lydenburg\"}',30.44,-25.10,'P','PPLA3','ZA.07','ZA.07.DC32',21695,'Africa/Johannesburg',1,'2014-11-07 23:00:00','2014-11-07 23:00:00');
INSERT INTO `__PREFIX__cities` (`country_code`, `name`, `longitude`, `latitude`, `feature_class`, `feature_code`, `subadmin1_code`, `subadmin2_code`, `population`, `time_zone`, `active`, `created_at`, `updated_at`) VALUES ('ZA','{\"en\":\"Louis Trichardt\"}',29.90,-23.04,'P','PPLA3','ZA.09','ZA.09.DC34',86854,'Africa/Johannesburg',1,'2013-11-02 23:00:00','2013-11-02 23:00:00');
INSERT INTO `__PREFIX__cities` (`country_code`, `name`, `longitude`, `latitude`, `feature_class`, `feature_code`, `subadmin1_code`, `subadmin2_code`, `population`, `time_zone`, `active`, `created_at`, `updated_at`) VALUES ('ZA','{\"en\":\"Lindley\"}',27.91,-27.88,'P','PPL','ZA.03','ZA.03.DC19',12000,'Africa/Johannesburg',1,'2018-01-01 23:00:00','2018-01-01 23:00:00');
INSERT INTO `__PREFIX__cities` (`country_code`, `name`, `longitude`, `latitude`, `feature_class`, `feature_code`, `subadmin1_code`, `subadmin2_code`, `population`, `time_zone`, `active`, `created_at`, `updated_at`) VALUES ('ZA','{\"en\":\"Lichtenburg\"}',26.16,-26.15,'P','PPLA3','ZA.10','ZA.10.DC38',65863,'Africa/Johannesburg',1,'2012-07-11 23:00:00','2012-07-11 23:00:00');
INSERT INTO `__PREFIX__cities` (`country_code`, `name`, `longitude`, `latitude`, `feature_class`, `feature_code`, `subadmin1_code`, `subadmin2_code`, `population`, `time_zone`, `active`, `created_at`, `updated_at`) VALUES ('ZA','{\"en\":\"Lebowakgomo\"}',29.50,-24.20,'P','PPL','ZA.09','ZA.09.DC35',33308,'Africa/Johannesburg',1,'2012-07-11 23:00:00','2012-07-11 23:00:00');
INSERT INTO `__PREFIX__cities` (`country_code`, `name`, `longitude`, `latitude`, `feature_class`, `feature_code`, `subadmin1_code`, `subadmin2_code`, `population`, `time_zone`, `active`, `created_at`, `updated_at`) VALUES ('ZA','{\"en\":\"Lady Frere\"}',27.23,-31.70,'P','PPLA3','ZA.05','ZA.05.DC13',25041,'Africa/Johannesburg',1,'2012-07-11 23:00:00','2012-07-11 23:00:00');
INSERT INTO `__PREFIX__cities` (`country_code`, `name`, `longitude`, `latitude`, `feature_class`, `feature_code`, `subadmin1_code`, `subadmin2_code`, `population`, `time_zone`, `active`, `created_at`, `updated_at`) VALUES ('ZA','{\"en\":\"Ladybrand\"}',27.46,-29.19,'P','PPLA3','ZA.03','ZA.03.DC19',17228,'Africa/Johannesburg',1,'2012-07-11 23:00:00','2012-07-11 23:00:00');
INSERT INTO `__PREFIX__cities` (`country_code`, `name`, `longitude`, `latitude`, `feature_class`, `feature_code`, `subadmin1_code`, `subadmin2_code`, `population`, `time_zone`, `active`, `created_at`, `updated_at`) VALUES ('ZA','{\"en\":\"Ladismith\"}',21.27,-33.49,'P','PPLA3','ZA.11','ZA.11.DC4',7127,'Africa/Johannesburg',1,'2016-03-08 23:00:00','2016-03-08 23:00:00');
INSERT INTO `__PREFIX__cities` (`country_code`, `name`, `longitude`, `latitude`, `feature_class`, `feature_code`, `subadmin1_code`, `subadmin2_code`, `population`, `time_zone`, `active`, `created_at`, `updated_at`) VALUES ('ZA','{\"en\":\"Kutloanong\"}',26.75,-27.83,'P','PPL','ZA.03','ZA.03.DC18',95008,'Africa/Johannesburg',1,'2018-12-04 23:00:00','2018-12-04 23:00:00');
INSERT INTO `__PREFIX__cities` (`country_code`, `name`, `longitude`, `latitude`, `feature_class`, `feature_code`, `subadmin1_code`, `subadmin2_code`, `population`, `time_zone`, `active`, `created_at`, `updated_at`) VALUES ('ZA','{\"en\":\"Kuruman\"}',23.43,-27.45,'P','PPLA2','ZA.08','ZA.08.DC45',9093,'Africa/Johannesburg',1,'2012-07-11 23:00:00','2012-07-11 23:00:00');
INSERT INTO `__PREFIX__cities` (`country_code`, `name`, `longitude`, `latitude`, `feature_class`, `feature_code`, `subadmin1_code`, `subadmin2_code`, `population`, `time_zone`, `active`, `created_at`, `updated_at`) VALUES ('ZA','{\"en\":\"Kruisfontein\"}',24.73,-34.00,'P','PPL','ZA.05','ZA.05.DC10',18991,'Africa/Johannesburg',1,'2016-03-09 23:00:00','2016-03-09 23:00:00');
INSERT INTO `__PREFIX__cities` (`country_code`, `name`, `longitude`, `latitude`, `feature_class`, `feature_code`, `subadmin1_code`, `subadmin2_code`, `population`, `time_zone`, `active`, `created_at`, `updated_at`) VALUES ('ZA','{\"en\":\"Krugersdorp\"}',27.78,-26.09,'P','PPLA3','ZA.06','ZA.06.DC48',378821,'Africa/Johannesburg',1,'2012-07-11 23:00:00','2012-07-11 23:00:00');
INSERT INTO `__PREFIX__cities` (`country_code`, `name`, `longitude`, `latitude`, `feature_class`, `feature_code`, `subadmin1_code`, `subadmin2_code`, `population`, `time_zone`, `active`, `created_at`, `updated_at`) VALUES ('ZA','{\"en\":\"Kroonstad\"}',27.23,-27.65,'P','PPLA3','ZA.03','ZA.03.DC20',103992,'Africa/Johannesburg',1,'2012-07-11 23:00:00','2012-07-11 23:00:00');
INSERT INTO `__PREFIX__cities` (`country_code`, `name`, `longitude`, `latitude`, `feature_class`, `feature_code`, `subadmin1_code`, `subadmin2_code`, `population`, `time_zone`, `active`, `created_at`, `updated_at`) VALUES ('ZA','{\"en\":\"Kriel\"}',29.23,-26.27,'P','PPL','ZA.07','ZA.07.DC31',15055,'Africa/Johannesburg',1,'2016-03-09 23:00:00','2016-03-09 23:00:00');
INSERT INTO `__PREFIX__cities` (`country_code`, `name`, `longitude`, `latitude`, `feature_class`, `feature_code`, `subadmin1_code`, `subadmin2_code`, `population`, `time_zone`, `active`, `created_at`, `updated_at`) VALUES ('ZA','{\"en\":\"Koster\"}',26.90,-25.86,'P','PPLA3','ZA.10','ZA.10.DC37',12126,'Africa/Johannesburg',1,'2012-07-11 23:00:00','2012-07-11 23:00:00');
INSERT INTO `__PREFIX__cities` (`country_code`, `name`, `longitude`, `latitude`, `feature_class`, `feature_code`, `subadmin1_code`, `subadmin2_code`, `population`, `time_zone`, `active`, `created_at`, `updated_at`) VALUES ('ZA','{\"en\":\"Koppies\"}',27.57,-27.24,'P','PPL','ZA.03','ZA.03.DC20',11445,'Africa/Johannesburg',1,'2012-07-11 23:00:00','2012-07-11 23:00:00');
INSERT INTO `__PREFIX__cities` (`country_code`, `name`, `longitude`, `latitude`, `feature_class`, `feature_code`, `subadmin1_code`, `subadmin2_code`, `population`, `time_zone`, `active`, `created_at`, `updated_at`) VALUES ('ZA','{\"en\":\"Komatipoort\"}',31.95,-25.43,'P','PPL','ZA.07','ZA.07.DC32',20508,'Africa/Johannesburg',1,'2012-07-11 23:00:00','2012-07-11 23:00:00');
INSERT INTO `__PREFIX__cities` (`country_code`, `name`, `longitude`, `latitude`, `feature_class`, `feature_code`, `subadmin1_code`, `subadmin2_code`, `population`, `time_zone`, `active`, `created_at`, `updated_at`) VALUES ('ZA','{\"en\":\"Kokstad\"}',29.42,-30.55,'P','PPLA3','ZA.02','ZA.02.DC43',25373,'Africa/Johannesburg',1,'2012-07-11 23:00:00','2012-07-11 23:00:00');
INSERT INTO `__PREFIX__cities` (`country_code`, `name`, `longitude`, `latitude`, `feature_class`, `feature_code`, `subadmin1_code`, `subadmin2_code`, `population`, `time_zone`, `active`, `created_at`, `updated_at`) VALUES ('ZA','{\"en\":\"Knysna\"}',23.05,-34.04,'P','PPLA3','ZA.11','ZA.11.DC4',68659,'Africa/Johannesburg',1,'2016-03-08 23:00:00','2016-03-08 23:00:00');
INSERT INTO `__PREFIX__cities` (`country_code`, `name`, `longitude`, `latitude`, `feature_class`, `feature_code`, `subadmin1_code`, `subadmin2_code`, `population`, `time_zone`, `active`, `created_at`, `updated_at`) VALUES ('ZA','{\"en\":\"Klerksdorp\"}',26.67,-26.85,'P','PPLA2','ZA.10','ZA.10.DC40',178921,'Africa/Johannesburg',1,'2019-09-04 23:00:00','2019-09-04 23:00:00');
INSERT INTO `__PREFIX__cities` (`country_code`, `name`, `longitude`, `latitude`, `feature_class`, `feature_code`, `subadmin1_code`, `subadmin2_code`, `population`, `time_zone`, `active`, `created_at`, `updated_at`) VALUES ('ZA','{\"en\":\"Kirkwood\"}',25.44,-33.40,'P','PPLA3','ZA.05','ZA.05.DC10',10148,'Africa/Johannesburg',1,'2012-07-11 23:00:00','2012-07-11 23:00:00');
INSERT INTO `__PREFIX__cities` (`country_code`, `name`, `longitude`, `latitude`, `feature_class`, `feature_code`, `subadmin1_code`, `subadmin2_code`, `population`, `time_zone`, `active`, `created_at`, `updated_at`) VALUES ('ZA','{\"en\":\"Kimberley\"}',24.76,-28.73,'P','PPLA','ZA.08','ZA.08.DC9',142089,'Africa/Johannesburg',1,'2019-09-04 23:00:00','2019-09-04 23:00:00');
INSERT INTO `__PREFIX__cities` (`country_code`, `name`, `longitude`, `latitude`, `feature_class`, `feature_code`, `subadmin1_code`, `subadmin2_code`, `population`, `time_zone`, `active`, `created_at`, `updated_at`) VALUES ('ZA','{\"en\":\"Kathu\"}',23.05,-27.70,'P','PPLA3','ZA.08','ZA.08.DC45',9219,'Africa/Johannesburg',1,'2012-07-11 23:00:00','2012-07-11 23:00:00');
INSERT INTO `__PREFIX__cities` (`country_code`, `name`, `longitude`, `latitude`, `feature_class`, `feature_code`, `subadmin1_code`, `subadmin2_code`, `population`, `time_zone`, `active`, `created_at`, `updated_at`) VALUES ('ZA','{\"en\":\"Johannesburg\"}',28.04,-26.20,'P','PPLA','ZA.06','ZA.06.JHB',2026469,'Africa/Johannesburg',1,'2019-09-04 23:00:00','2019-09-04 23:00:00');
INSERT INTO `__PREFIX__cities` (`country_code`, `name`, `longitude`, `latitude`, `feature_class`, `feature_code`, `subadmin1_code`, `subadmin2_code`, `population`, `time_zone`, `active`, `created_at`, `updated_at`) VALUES ('ZA','{\"en\":\"Jan Kempdorp\"}',24.83,-27.92,'P','PPL','ZA.10',NULL,13485,'Africa/Johannesburg',1,'2012-01-17 23:00:00','2012-01-17 23:00:00');
INSERT INTO `__PREFIX__cities` (`country_code`, `name`, `longitude`, `latitude`, `feature_class`, `feature_code`, `subadmin1_code`, `subadmin2_code`, `population`, `time_zone`, `active`, `created_at`, `updated_at`) VALUES ('ZA','{\"en\":\"Ilinge\"}',27.04,-31.98,'P','PPL','ZA.05','ZA.05.DC13',10899,'Africa/Johannesburg',1,'2018-12-04 23:00:00','2018-12-04 23:00:00');
INSERT INTO `__PREFIX__cities` (`country_code`, `name`, `longitude`, `latitude`, `feature_class`, `feature_code`, `subadmin1_code`, `subadmin2_code`, `population`, `time_zone`, `active`, `created_at`, `updated_at`) VALUES ('ZA','{\"en\":\"Howick\"}',30.23,-29.48,'P','PPLA3','ZA.02','ZA.02.DC22',28725,'Africa/Johannesburg',1,'2012-07-11 23:00:00','2012-07-11 23:00:00');
INSERT INTO `__PREFIX__cities` (`country_code`, `name`, `longitude`, `latitude`, `feature_class`, `feature_code`, `subadmin1_code`, `subadmin2_code`, `population`, `time_zone`, `active`, `created_at`, `updated_at`) VALUES ('ZA','{\"en\":\"Hoopstad\"}',25.91,-27.83,'P','PPL','ZA.03','ZA.03.DC18',12663,'Africa/Johannesburg',1,'2012-07-11 23:00:00','2012-07-11 23:00:00');
INSERT INTO `__PREFIX__cities` (`country_code`, `name`, `longitude`, `latitude`, `feature_class`, `feature_code`, `subadmin1_code`, `subadmin2_code`, `population`, `time_zone`, `active`, `created_at`, `updated_at`) VALUES ('ZA','{\"en\":\"Hennenman\"}',27.02,-27.98,'P','PPL','ZA.03','ZA.03.DC18',22847,'Africa/Johannesburg',1,'2012-07-10 23:00:00','2012-07-10 23:00:00');
INSERT INTO `__PREFIX__cities` (`country_code`, `name`, `longitude`, `latitude`, `feature_class`, `feature_code`, `subadmin1_code`, `subadmin2_code`, `population`, `time_zone`, `active`, `created_at`, `updated_at`) VALUES ('ZA','{\"en\":\"Hendrina\"}',29.72,-26.16,'P','PPL','ZA.07','ZA.07.DC31',15871,'Africa/Johannesburg',1,'2013-04-03 23:00:00','2013-04-03 23:00:00');
INSERT INTO `__PREFIX__cities` (`country_code`, `name`, `longitude`, `latitude`, `feature_class`, `feature_code`, `subadmin1_code`, `subadmin2_code`, `population`, `time_zone`, `active`, `created_at`, `updated_at`) VALUES ('ZA','{\"en\":\"Heilbron\"}',27.97,-27.28,'P','PPL','ZA.03','ZA.03.DC20',27407,'Africa/Johannesburg',1,'2022-01-09 23:00:00','2022-01-09 23:00:00');
INSERT INTO `__PREFIX__cities` (`country_code`, `name`, `longitude`, `latitude`, `feature_class`, `feature_code`, `subadmin1_code`, `subadmin2_code`, `population`, `time_zone`, `active`, `created_at`, `updated_at`) VALUES ('ZA','{\"en\":\"Heidelberg\"}',28.36,-26.50,'P','PPLA3','ZA.06','ZA.06.DC42',64199,'Africa/Johannesburg',1,'2012-07-11 23:00:00','2012-07-11 23:00:00');
INSERT INTO `__PREFIX__cities` (`country_code`, `name`, `longitude`, `latitude`, `feature_class`, `feature_code`, `subadmin1_code`, `subadmin2_code`, `population`, `time_zone`, `active`, `created_at`, `updated_at`) VALUES ('ZA','{\"en\":\"Harrismith\"}',29.13,-28.27,'P','PPL','ZA.03','ZA.03.DC19',27869,'Africa/Johannesburg',1,'2021-10-31 23:00:00','2021-10-31 23:00:00');
INSERT INTO `__PREFIX__cities` (`country_code`, `name`, `longitude`, `latitude`, `feature_class`, `feature_code`, `subadmin1_code`, `subadmin2_code`, `population`, `time_zone`, `active`, `created_at`, `updated_at`) VALUES ('ZA','{\"en\":\"Greytown\"}',30.59,-29.06,'P','PPLA3','ZA.02','ZA.02.DC24',13912,'Africa/Johannesburg',1,'2012-07-11 23:00:00','2012-07-11 23:00:00');
INSERT INTO `__PREFIX__cities` (`country_code`, `name`, `longitude`, `latitude`, `feature_class`, `feature_code`, `subadmin1_code`, `subadmin2_code`, `population`, `time_zone`, `active`, `created_at`, `updated_at`) VALUES ('ZA','{\"en\":\"Grahamstown\"}',26.53,-33.30,'P','PPLA3','ZA.05','ZA.05.DC10',91548,'Africa/Johannesburg',1,'2012-07-11 23:00:00','2012-07-11 23:00:00');
INSERT INTO `__PREFIX__cities` (`country_code`, `name`, `longitude`, `latitude`, `feature_class`, `feature_code`, `subadmin1_code`, `subadmin2_code`, `population`, `time_zone`, `active`, `created_at`, `updated_at`) VALUES ('ZA','{\"en\":\"Graaff-Reinet\"}',24.53,-32.25,'P','PPLA3','ZA.05','ZA.05.DC10',62896,'Africa/Johannesburg',1,'2012-07-11 23:00:00','2012-07-11 23:00:00');
INSERT INTO `__PREFIX__cities` (`country_code`, `name`, `longitude`, `latitude`, `feature_class`, `feature_code`, `subadmin1_code`, `subadmin2_code`, `population`, `time_zone`, `active`, `created_at`, `updated_at`) VALUES ('ZA','{\"en\":\"Glencoe\"}',30.15,-28.18,'P','PPL','ZA.02','ZA.02.DC24',13547,'Africa/Johannesburg',1,'2012-07-11 23:00:00','2012-07-11 23:00:00');
INSERT INTO `__PREFIX__cities` (`country_code`, `name`, `longitude`, `latitude`, `feature_class`, `feature_code`, `subadmin1_code`, `subadmin2_code`, `population`, `time_zone`, `active`, `created_at`, `updated_at`) VALUES ('ZA','{\"en\":\"Giyani\"}',30.72,-23.30,'P','PPLA2','ZA.09','ZA.09.DC33',37024,'Africa/Johannesburg',1,'2012-07-11 23:00:00','2012-07-11 23:00:00');
INSERT INTO `__PREFIX__cities` (`country_code`, `name`, `longitude`, `latitude`, `feature_class`, `feature_code`, `subadmin1_code`, `subadmin2_code`, `population`, `time_zone`, `active`, `created_at`, `updated_at`) VALUES ('ZA','{\"en\":\"George\"}',22.46,-33.96,'P','PPLA2','ZA.11','ZA.11.DC4',12345,'Africa/Johannesburg',1,'2016-03-08 23:00:00','2016-03-08 23:00:00');
INSERT INTO `__PREFIX__cities` (`country_code`, `name`, `longitude`, `latitude`, `feature_class`, `feature_code`, `subadmin1_code`, `subadmin2_code`, `population`, `time_zone`, `active`, `created_at`, `updated_at`) VALUES ('ZA','{\"en\":\"Ga-Rankuwa\"}',27.99,-25.62,'P','PPL','ZA.10',NULL,90945,'Africa/Johannesburg',1,'2022-01-09 23:00:00','2022-01-09 23:00:00');
INSERT INTO `__PREFIX__cities` (`country_code`, `name`, `longitude`, `latitude`, `feature_class`, `feature_code`, `subadmin1_code`, `subadmin2_code`, `population`, `time_zone`, `active`, `created_at`, `updated_at`) VALUES ('ZA','{\"en\":\"Ga-Kgapane\"}',30.22,-23.64,'P','PPL','ZA.09','ZA.09.DC33',13000,'Africa/Johannesburg',1,'2013-03-05 23:00:00','2013-03-05 23:00:00');
INSERT INTO `__PREFIX__cities` (`country_code`, `name`, `longitude`, `latitude`, `feature_class`, `feature_code`, `subadmin1_code`, `subadmin2_code`, `population`, `time_zone`, `active`, `created_at`, `updated_at`) VALUES ('ZA','{\"en\":\"Fort Beaufort\"}',26.63,-32.77,'P','PPLA3','ZA.05','ZA.05.DC12',58419,'Africa/Johannesburg',1,'2012-07-11 23:00:00','2012-07-11 23:00:00');
INSERT INTO `__PREFIX__cities` (`country_code`, `name`, `longitude`, `latitude`, `feature_class`, `feature_code`, `subadmin1_code`, `subadmin2_code`, `population`, `time_zone`, `active`, `created_at`, `updated_at`) VALUES ('ZA','{\"en\":\"Fochville\"}',27.49,-26.49,'P','PPL','ZA.10',NULL,62416,'Africa/Johannesburg',1,'2012-01-17 23:00:00','2012-01-17 23:00:00');
INSERT INTO `__PREFIX__cities` (`country_code`, `name`, `longitude`, `latitude`, `feature_class`, `feature_code`, `subadmin1_code`, `subadmin2_code`, `population`, `time_zone`, `active`, `created_at`, `updated_at`) VALUES ('ZA','{\"en\":\"eSikhaleni\"}',31.90,-28.87,'P','PPL','ZA.02','ZA.02.DC28',49265,'Africa/Johannesburg',1,'2018-08-07 23:00:00','2018-08-07 23:00:00');
INSERT INTO `__PREFIX__cities` (`country_code`, `name`, `longitude`, `latitude`, `feature_class`, `feature_code`, `subadmin1_code`, `subadmin2_code`, `population`, `time_zone`, `active`, `created_at`, `updated_at`) VALUES ('ZA','{\"en\":\"Eshowe\"}',31.47,-28.89,'P','PPLA3','ZA.02','ZA.02.DC28',14786,'Africa/Johannesburg',1,'2012-07-11 23:00:00','2012-07-11 23:00:00');
INSERT INTO `__PREFIX__cities` (`country_code`, `name`, `longitude`, `latitude`, `feature_class`, `feature_code`, `subadmin1_code`, `subadmin2_code`, `population`, `time_zone`, `active`, `created_at`, `updated_at`) VALUES ('ZA','{\"en\":\"Ermelo\"}',29.98,-26.53,'P','PPLA3','ZA.07','ZA.07.DC30',41124,'Africa/Johannesburg',1,'2012-07-11 23:00:00','2012-07-11 23:00:00');
INSERT INTO `__PREFIX__cities` (`country_code`, `name`, `longitude`, `latitude`, `feature_class`, `feature_code`, `subadmin1_code`, `subadmin2_code`, `population`, `time_zone`, `active`, `created_at`, `updated_at`) VALUES ('ZA','{\"en\":\"Empangeni\"}',31.89,-28.76,'P','PPL','ZA.02','ZA.02.DC28',28093,'Africa/Johannesburg',1,'2012-07-11 23:00:00','2012-07-11 23:00:00');
INSERT INTO `__PREFIX__cities` (`country_code`, `name`, `longitude`, `latitude`, `feature_class`, `feature_code`, `subadmin1_code`, `subadmin2_code`, `population`, `time_zone`, `active`, `created_at`, `updated_at`) VALUES ('ZA','{\"en\":\"eMbalenhle\"}',29.07,-26.53,'P','PPL','ZA.07','ZA.07.DC30',141741,'Africa/Johannesburg',1,'2014-04-05 23:00:00','2014-04-05 23:00:00');
INSERT INTO `__PREFIX__cities` (`country_code`, `name`, `longitude`, `latitude`, `feature_class`, `feature_code`, `subadmin1_code`, `subadmin2_code`, `population`, `time_zone`, `active`, `created_at`, `updated_at`) VALUES ('ZA','{\"en\":\"Elliot\"}',27.85,-31.33,'P','PPL','ZA.05','ZA.05.DC13',11836,'Africa/Johannesburg',1,'2013-04-03 23:00:00','2013-04-03 23:00:00');
INSERT INTO `__PREFIX__cities` (`country_code`, `name`, `longitude`, `latitude`, `feature_class`, `feature_code`, `subadmin1_code`, `subadmin2_code`, `population`, `time_zone`, `active`, `created_at`, `updated_at`) VALUES ('ZA','{\"en\":\"Ekuvukeni\"}',30.16,-28.47,'P','PPL','ZA.02','ZA.02.DC23',14331,'Africa/Johannesburg',1,'2013-04-03 23:00:00','2013-04-03 23:00:00');
INSERT INTO `__PREFIX__cities` (`country_code`, `name`, `longitude`, `latitude`, `feature_class`, `feature_code`, `subadmin1_code`, `subadmin2_code`, `population`, `time_zone`, `active`, `created_at`, `updated_at`) VALUES ('ZA','{\"en\":\"Edenvale\"}',28.15,-26.14,'P','PPL','ZA.06','ZA.06.EKU',49292,'Africa/Johannesburg',1,'2017-01-11 23:00:00','2017-01-11 23:00:00');
INSERT INTO `__PREFIX__cities` (`country_code`, `name`, `longitude`, `latitude`, `feature_class`, `feature_code`, `subadmin1_code`, `subadmin2_code`, `population`, `time_zone`, `active`, `created_at`, `updated_at`) VALUES ('ZA','{\"en\":\"East London\"}',27.91,-33.02,'P','PPLA2','ZA.05','ZA.05.BUF',478676,'Africa/Johannesburg',1,'2019-09-04 23:00:00','2019-09-04 23:00:00');
INSERT INTO `__PREFIX__cities` (`country_code`, `name`, `longitude`, `latitude`, `feature_class`, `feature_code`, `subadmin1_code`, `subadmin2_code`, `population`, `time_zone`, `active`, `created_at`, `updated_at`) VALUES ('ZA','{\"en\":\"Durban\"}',31.03,-29.86,'P','PPLA2','ZA.02','ZA.02.ETH',3120282,'Africa/Johannesburg',1,'2019-09-04 23:00:00','2019-09-04 23:00:00');
INSERT INTO `__PREFIX__cities` (`country_code`, `name`, `longitude`, `latitude`, `feature_class`, `feature_code`, `subadmin1_code`, `subadmin2_code`, `population`, `time_zone`, `active`, `created_at`, `updated_at`) VALUES ('ZA','{\"en\":\"Dundee\"}',30.23,-28.17,'P','PPLA2','ZA.02','ZA.02.DC24',84413,'Africa/Johannesburg',1,'2012-07-11 23:00:00','2012-07-11 23:00:00');
INSERT INTO `__PREFIX__cities` (`country_code`, `name`, `longitude`, `latitude`, `feature_class`, `feature_code`, `subadmin1_code`, `subadmin2_code`, `population`, `time_zone`, `active`, `created_at`, `updated_at`) VALUES ('ZA','{\"en\":\"Duiwelskloof\"}',30.14,-23.69,'P','PPL','ZA.09','ZA.09.DC33',24572,'Africa/Johannesburg',1,'2012-07-11 23:00:00','2012-07-11 23:00:00');
INSERT INTO `__PREFIX__cities` (`country_code`, `name`, `longitude`, `latitude`, `feature_class`, `feature_code`, `subadmin1_code`, `subadmin2_code`, `population`, `time_zone`, `active`, `created_at`, `updated_at`) VALUES ('ZA','{\"en\":\"Driefontein\"}',30.45,-27.02,'P','PPL','ZA.07','ZA.07.DC30',28127,'Africa/Johannesburg',1,'2019-09-22 23:00:00','2019-09-22 23:00:00');
INSERT INTO `__PREFIX__cities` (`country_code`, `name`, `longitude`, `latitude`, `feature_class`, `feature_code`, `subadmin1_code`, `subadmin2_code`, `population`, `time_zone`, `active`, `created_at`, `updated_at`) VALUES ('ZA','{\"en\":\"Dordrecht\"}',27.05,-31.37,'P','PPL','ZA.05','ZA.05.DC13',9123,'Africa/Johannesburg',1,'2012-07-11 23:00:00','2012-07-11 23:00:00');
INSERT INTO `__PREFIX__cities` (`country_code`, `name`, `longitude`, `latitude`, `feature_class`, `feature_code`, `subadmin1_code`, `subadmin2_code`, `population`, `time_zone`, `active`, `created_at`, `updated_at`) VALUES ('ZA','{\"en\":\"Deneysville\"}',28.10,-26.89,'P','PPL','ZA.03','ZA.03.DC20',12397,'Africa/Johannesburg',1,'2012-07-11 23:00:00','2012-07-11 23:00:00');
INSERT INTO `__PREFIX__cities` (`country_code`, `name`, `longitude`, `latitude`, `feature_class`, `feature_code`, `subadmin1_code`, `subadmin2_code`, `population`, `time_zone`, `active`, `created_at`, `updated_at`) VALUES ('ZA','{\"en\":\"Delmas\"}',28.68,-26.15,'P','PPLA3','ZA.07','ZA.07.DC31',92046,'Africa/Johannesburg',1,'2012-07-11 23:00:00','2012-07-11 23:00:00');
INSERT INTO `__PREFIX__cities` (`country_code`, `name`, `longitude`, `latitude`, `feature_class`, `feature_code`, `subadmin1_code`, `subadmin2_code`, `population`, `time_zone`, `active`, `created_at`, `updated_at`) VALUES ('ZA','{\"en\":\"De Aar\"}',24.01,-30.65,'P','PPLA2','ZA.08','ZA.08.DC7',32318,'Africa/Johannesburg',1,'2019-09-23 23:00:00','2019-09-23 23:00:00');
INSERT INTO `__PREFIX__cities` (`country_code`, `name`, `longitude`, `latitude`, `feature_class`, `feature_code`, `subadmin1_code`, `subadmin2_code`, `population`, `time_zone`, `active`, `created_at`, `updated_at`) VALUES ('ZA','{\"en\":\"Daniëlskuil\"}',23.54,-28.19,'P','PPL','ZA.08','ZA.08.DC8',10123,'Africa/Johannesburg',1,'2013-04-03 23:00:00','2013-04-03 23:00:00');
INSERT INTO `__PREFIX__cities` (`country_code`, `name`, `longitude`, `latitude`, `feature_class`, `feature_code`, `subadmin1_code`, `subadmin2_code`, `population`, `time_zone`, `active`, `created_at`, `updated_at`) VALUES ('ZA','{\"en\":\"Cullinan\"}',28.52,-25.67,'P','PPL','ZA.06','ZA.06.TSH',25490,'Africa/Johannesburg',1,'2019-09-22 23:00:00','2019-09-22 23:00:00');
INSERT INTO `__PREFIX__cities` (`country_code`, `name`, `longitude`, `latitude`, `feature_class`, `feature_code`, `subadmin1_code`, `subadmin2_code`, `population`, `time_zone`, `active`, `created_at`, `updated_at`) VALUES ('ZA','{\"en\":\"Cradock\"}',25.62,-32.16,'P','PPLA3','ZA.05','ZA.05.DC13',32898,'Africa/Johannesburg',1,'2012-07-11 23:00:00','2012-07-11 23:00:00');
INSERT INTO `__PREFIX__cities` (`country_code`, `name`, `longitude`, `latitude`, `feature_class`, `feature_code`, `subadmin1_code`, `subadmin2_code`, `population`, `time_zone`, `active`, `created_at`, `updated_at`) VALUES ('ZA','{\"en\":\"Colesberg\"}',25.10,-30.72,'P','PPLA3','ZA.08','ZA.08.DC7',12423,'Africa/Johannesburg',1,'2012-07-11 23:00:00','2012-07-11 23:00:00');
INSERT INTO `__PREFIX__cities` (`country_code`, `name`, `longitude`, `latitude`, `feature_class`, `feature_code`, `subadmin1_code`, `subadmin2_code`, `population`, `time_zone`, `active`, `created_at`, `updated_at`) VALUES ('ZA','{\"en\":\"Clocolan\"}',27.57,-28.91,'P','PPL','ZA.03','ZA.03.DC19',12318,'Africa/Johannesburg',1,'2012-07-11 23:00:00','2012-07-11 23:00:00');
INSERT INTO `__PREFIX__cities` (`country_code`, `name`, `longitude`, `latitude`, `feature_class`, `feature_code`, `subadmin1_code`, `subadmin2_code`, `population`, `time_zone`, `active`, `created_at`, `updated_at`) VALUES ('ZA','{\"en\":\"Christiana\"}',25.16,-27.91,'P','PPLA3','ZA.10','ZA.10.DC39',17523,'Africa/Johannesburg',1,'2012-07-11 23:00:00','2012-07-11 23:00:00');
INSERT INTO `__PREFIX__cities` (`country_code`, `name`, `longitude`, `latitude`, `feature_class`, `feature_code`, `subadmin1_code`, `subadmin2_code`, `population`, `time_zone`, `active`, `created_at`, `updated_at`) VALUES ('ZA','{\"en\":\"Carnarvon\"}',22.13,-30.97,'P','PPLA3','ZA.08','ZA.08.DC7',5785,'Africa/Johannesburg',1,'2012-07-11 23:00:00','2012-07-11 23:00:00');
INSERT INTO `__PREFIX__cities` (`country_code`, `name`, `longitude`, `latitude`, `feature_class`, `feature_code`, `subadmin1_code`, `subadmin2_code`, `population`, `time_zone`, `active`, `created_at`, `updated_at`) VALUES ('ZA','{\"en\":\"Carletonville\"}',27.40,-26.36,'P','PPLA3','ZA.06','ZA.06.DC48',182304,'Africa/Johannesburg',1,'2012-07-11 23:00:00','2012-07-11 23:00:00');
INSERT INTO `__PREFIX__cities` (`country_code`, `name`, `longitude`, `latitude`, `feature_class`, `feature_code`, `subadmin1_code`, `subadmin2_code`, `population`, `time_zone`, `active`, `created_at`, `updated_at`) VALUES ('ZA','{\"en\":\"Butterworth\"}',28.15,-32.33,'P','PPL','ZA.05','ZA.05.DC12',34353,'Africa/Johannesburg',1,'2012-07-11 23:00:00','2012-07-11 23:00:00');
INSERT INTO `__PREFIX__cities` (`country_code`, `name`, `longitude`, `latitude`, `feature_class`, `feature_code`, `subadmin1_code`, `subadmin2_code`, `population`, `time_zone`, `active`, `created_at`, `updated_at`) VALUES ('ZA','{\"en\":\"Burgersdorp\"}',26.33,-31.00,'P','PPLA3','ZA.05','ZA.05.DC14',12548,'Africa/Johannesburg',1,'2012-07-11 23:00:00','2012-07-11 23:00:00');
INSERT INTO `__PREFIX__cities` (`country_code`, `name`, `longitude`, `latitude`, `feature_class`, `feature_code`, `subadmin1_code`, `subadmin2_code`, `population`, `time_zone`, `active`, `created_at`, `updated_at`) VALUES ('ZA','{\"en\":\"Bronkhorstspruit\"}',28.74,-25.81,'P','PPL','ZA.06','ZA.06.TSH',27343,'Africa/Johannesburg',1,'2012-07-11 23:00:00','2012-07-11 23:00:00');
INSERT INTO `__PREFIX__cities` (`country_code`, `name`, `longitude`, `latitude`, `feature_class`, `feature_code`, `subadmin1_code`, `subadmin2_code`, `population`, `time_zone`, `active`, `created_at`, `updated_at`) VALUES ('ZA','{\"en\":\"Brits\"}',27.78,-25.63,'P','PPLA3','ZA.10','ZA.10.DC37',122497,'Africa/Johannesburg',1,'2012-07-11 23:00:00','2012-07-11 23:00:00');
INSERT INTO `__PREFIX__cities` (`country_code`, `name`, `longitude`, `latitude`, `feature_class`, `feature_code`, `subadmin1_code`, `subadmin2_code`, `population`, `time_zone`, `active`, `created_at`, `updated_at`) VALUES ('ZA','{\"en\":\"Breyten\"}',29.99,-26.30,'P','PPL','ZA.07','ZA.07.DC30',12550,'Africa/Johannesburg',1,'2012-07-11 23:00:00','2012-07-11 23:00:00');
INSERT INTO `__PREFIX__cities` (`country_code`, `name`, `longitude`, `latitude`, `feature_class`, `feature_code`, `subadmin1_code`, `subadmin2_code`, `population`, `time_zone`, `active`, `created_at`, `updated_at`) VALUES ('ZA','{\"en\":\"Bredasdorp\"}',20.04,-34.53,'P','PPLA2','ZA.11','ZA.11.DC3',14936,'Africa/Johannesburg',1,'2012-07-11 23:00:00','2012-07-11 23:00:00');
INSERT INTO `__PREFIX__cities` (`country_code`, `name`, `longitude`, `latitude`, `feature_class`, `feature_code`, `subadmin1_code`, `subadmin2_code`, `population`, `time_zone`, `active`, `created_at`, `updated_at`) VALUES ('ZA','{\"en\":\"Brandfort\"}',26.46,-28.70,'P','PPL','ZA.03','ZA.03.DC18',12091,'Africa/Johannesburg',1,'2012-07-10 23:00:00','2012-07-10 23:00:00');
INSERT INTO `__PREFIX__cities` (`country_code`, `name`, `longitude`, `latitude`, `feature_class`, `feature_code`, `subadmin1_code`, `subadmin2_code`, `population`, `time_zone`, `active`, `created_at`, `updated_at`) VALUES ('ZA','{\"en\":\"Brakpan\"}',28.37,-26.24,'P','PPL','ZA.06','ZA.06.EKU',305692,'Africa/Johannesburg',1,'2012-07-11 23:00:00','2012-07-11 23:00:00');
INSERT INTO `__PREFIX__cities` (`country_code`, `name`, `longitude`, `latitude`, `feature_class`, `feature_code`, `subadmin1_code`, `subadmin2_code`, `population`, `time_zone`, `active`, `created_at`, `updated_at`) VALUES ('ZA','{\"en\":\"Botshabelo\"}',26.73,-29.27,'P','PPL','ZA.03','ZA.03.MAN',309714,'Africa/Johannesburg',1,'2016-08-03 23:00:00','2016-08-03 23:00:00');
INSERT INTO `__PREFIX__cities` (`country_code`, `name`, `longitude`, `latitude`, `feature_class`, `feature_code`, `subadmin1_code`, `subadmin2_code`, `population`, `time_zone`, `active`, `created_at`, `updated_at`) VALUES ('ZA','{\"en\":\"Bothaville\"}',26.62,-27.39,'P','PPLA3','ZA.03','ZA.03.DC18',71934,'Africa/Johannesburg',1,'2012-07-11 23:00:00','2012-07-11 23:00:00');
INSERT INTO `__PREFIX__cities` (`country_code`, `name`, `longitude`, `latitude`, `feature_class`, `feature_code`, `subadmin1_code`, `subadmin2_code`, `population`, `time_zone`, `active`, `created_at`, `updated_at`) VALUES ('ZA','{\"en\":\"Boksburg\"}',28.26,-26.21,'P','PPL','ZA.06','ZA.06.EKU',445168,'Africa/Johannesburg',1,'2012-07-11 23:00:00','2012-07-11 23:00:00');
INSERT INTO `__PREFIX__cities` (`country_code`, `name`, `longitude`, `latitude`, `feature_class`, `feature_code`, `subadmin1_code`, `subadmin2_code`, `population`, `time_zone`, `active`, `created_at`, `updated_at`) VALUES ('ZA','{\"en\":\"Bochum\"}',29.14,-23.29,'P','PPL','ZA.09','ZA.09.DC35',12000,'Africa/Johannesburg',1,'2018-11-13 23:00:00','2018-11-13 23:00:00');
INSERT INTO `__PREFIX__cities` (`country_code`, `name`, `longitude`, `latitude`, `feature_class`, `feature_code`, `subadmin1_code`, `subadmin2_code`, `population`, `time_zone`, `active`, `created_at`, `updated_at`) VALUES ('ZA','{\"en\":\"Bloemhof\"}',25.61,-27.65,'P','PPL','ZA.10','ZA.10.DC39',17122,'Africa/Johannesburg',1,'2012-07-11 23:00:00','2012-07-11 23:00:00');
INSERT INTO `__PREFIX__cities` (`country_code`, `name`, `longitude`, `latitude`, `feature_class`, `feature_code`, `subadmin1_code`, `subadmin2_code`, `population`, `time_zone`, `active`, `created_at`, `updated_at`) VALUES ('ZA','{\"en\":\"Bloemfontein\"}',26.21,-29.12,'P','PPLA','ZA.03','ZA.03.MAN',463064,'Africa/Johannesburg',1,'2021-08-03 23:00:00','2021-08-03 23:00:00');
INSERT INTO `__PREFIX__cities` (`country_code`, `name`, `longitude`, `latitude`, `feature_class`, `feature_code`, `subadmin1_code`, `subadmin2_code`, `population`, `time_zone`, `active`, `created_at`, `updated_at`) VALUES ('ZA','{\"en\":\"Bhisho\"}',27.44,-32.85,'P','PPLA','ZA.05','ZA.05.BUF',137287,'Africa/Johannesburg',1,'2012-07-11 23:00:00','2012-07-11 23:00:00');
INSERT INTO `__PREFIX__cities` (`country_code`, `name`, `longitude`, `latitude`, `feature_class`, `feature_code`, `subadmin1_code`, `subadmin2_code`, `population`, `time_zone`, `active`, `created_at`, `updated_at`) VALUES ('ZA','{\"en\":\"Bethlehem\"}',28.31,-28.23,'P','PPLA3','ZA.03','ZA.03.DC19',83654,'Africa/Johannesburg',1,'2012-07-11 23:00:00','2012-07-11 23:00:00');
INSERT INTO `__PREFIX__cities` (`country_code`, `name`, `longitude`, `latitude`, `feature_class`, `feature_code`, `subadmin1_code`, `subadmin2_code`, `population`, `time_zone`, `active`, `created_at`, `updated_at`) VALUES ('ZA','{\"en\":\"Bethal\"}',29.47,-26.46,'P','PPL','ZA.07','ZA.07.DC30',60779,'Africa/Johannesburg',1,'2022-01-09 23:00:00','2022-01-09 23:00:00');
INSERT INTO `__PREFIX__cities` (`country_code`, `name`, `longitude`, `latitude`, `feature_class`, `feature_code`, `subadmin1_code`, `subadmin2_code`, `population`, `time_zone`, `active`, `created_at`, `updated_at`) VALUES ('ZA','{\"en\":\"Berea\"}',30.99,-29.85,'P','PPL','ZA.02','ZA.02.ETH',15000,'Africa/Johannesburg',1,'2019-03-17 23:00:00','2019-03-17 23:00:00');
INSERT INTO `__PREFIX__cities` (`country_code`, `name`, `longitude`, `latitude`, `feature_class`, `feature_code`, `subadmin1_code`, `subadmin2_code`, `population`, `time_zone`, `active`, `created_at`, `updated_at`) VALUES ('ZA','{\"en\":\"Benoni\"}',28.32,-26.19,'P','PPL','ZA.06','ZA.06.EKU',605344,'Africa/Johannesburg',1,'2012-07-11 23:00:00','2012-07-11 23:00:00');
INSERT INTO `__PREFIX__cities` (`country_code`, `name`, `longitude`, `latitude`, `feature_class`, `feature_code`, `subadmin1_code`, `subadmin2_code`, `population`, `time_zone`, `active`, `created_at`, `updated_at`) VALUES ('ZA','{\"en\":\"Belfast\"}',30.04,-25.69,'P','PPLA3','ZA.07','ZA.07.DC31',11916,'Africa/Johannesburg',1,'2012-07-11 23:00:00','2012-07-11 23:00:00');
INSERT INTO `__PREFIX__cities` (`country_code`, `name`, `longitude`, `latitude`, `feature_class`, `feature_code`, `subadmin1_code`, `subadmin2_code`, `population`, `time_zone`, `active`, `created_at`, `updated_at`) VALUES ('ZA','{\"en\":\"Beaufort West\"}',22.58,-32.36,'P','PPLA2','ZA.11','ZA.11.DC5',44737,'Africa/Johannesburg',1,'2012-07-11 23:00:00','2012-07-11 23:00:00');
INSERT INTO `__PREFIX__cities` (`country_code`, `name`, `longitude`, `latitude`, `feature_class`, `feature_code`, `subadmin1_code`, `subadmin2_code`, `population`, `time_zone`, `active`, `created_at`, `updated_at`) VALUES ('ZA','{\"en\":\"Barkly West\"}',24.52,-28.54,'P','PPLA3','ZA.08','ZA.08.DC9',11621,'Africa/Johannesburg',1,'2012-07-11 23:00:00','2012-07-11 23:00:00');
INSERT INTO `__PREFIX__cities` (`country_code`, `name`, `longitude`, `latitude`, `feature_class`, `feature_code`, `subadmin1_code`, `subadmin2_code`, `population`, `time_zone`, `active`, `created_at`, `updated_at`) VALUES ('ZA','{\"en\":\"Barberton\"}',31.05,-25.79,'P','PPLA3','ZA.07','ZA.07.DC32',67927,'Africa/Johannesburg',1,'2012-07-11 23:00:00','2012-07-11 23:00:00');
INSERT INTO `__PREFIX__cities` (`country_code`, `name`, `longitude`, `latitude`, `feature_class`, `feature_code`, `subadmin1_code`, `subadmin2_code`, `population`, `time_zone`, `active`, `created_at`, `updated_at`) VALUES ('ZA','{\"en\":\"Ballito\"}',31.21,-29.54,'P','PPL','ZA.02','ZA.02.DC29',17218,'Africa/Johannesburg',1,'2017-01-12 23:00:00','2017-01-12 23:00:00');
INSERT INTO `__PREFIX__cities` (`country_code`, `name`, `longitude`, `latitude`, `feature_class`, `feature_code`, `subadmin1_code`, `subadmin2_code`, `population`, `time_zone`, `active`, `created_at`, `updated_at`) VALUES ('ZA','{\"en\":\"Balfour\"}',28.59,-26.66,'P','PPLA3','ZA.07','ZA.07.DC30',46008,'Africa/Johannesburg',1,'2012-07-11 23:00:00','2012-07-11 23:00:00');
INSERT INTO `__PREFIX__cities` (`country_code`, `name`, `longitude`, `latitude`, `feature_class`, `feature_code`, `subadmin1_code`, `subadmin2_code`, `population`, `time_zone`, `active`, `created_at`, `updated_at`) VALUES ('ZA','{\"en\":\"Allanridge\"}',26.64,-27.75,'P','PPL','ZA.03','ZA.03.DC18',31700,'Africa/Johannesburg',1,'2012-07-11 23:00:00','2012-07-11 23:00:00');
INSERT INTO `__PREFIX__cities` (`country_code`, `name`, `longitude`, `latitude`, `feature_class`, `feature_code`, `subadmin1_code`, `subadmin2_code`, `population`, `time_zone`, `active`, `created_at`, `updated_at`) VALUES ('ZA','{\"en\":\"Aliwal North\"}',26.71,-30.69,'P','PPLA3','ZA.05','ZA.05.DC14',44436,'Africa/Johannesburg',1,'2012-07-11 23:00:00','2012-07-11 23:00:00');
INSERT INTO `__PREFIX__cities` (`country_code`, `name`, `longitude`, `latitude`, `feature_class`, `feature_code`, `subadmin1_code`, `subadmin2_code`, `population`, `time_zone`, `active`, `created_at`, `updated_at`) VALUES ('ZA','{\"en\":\"Alice\"}',26.83,-32.79,'P','PPL','ZA.05','ZA.05.DC12',9788,'Africa/Johannesburg',1,'2012-07-11 23:00:00','2012-07-11 23:00:00');
INSERT INTO `__PREFIX__cities` (`country_code`, `name`, `longitude`, `latitude`, `feature_class`, `feature_code`, `subadmin1_code`, `subadmin2_code`, `population`, `time_zone`, `active`, `created_at`, `updated_at`) VALUES ('ZA','{\"en\":\"Alberton\"}',28.12,-26.27,'P','PPL','ZA.06','ZA.06.EKU',121536,'Africa/Johannesburg',1,'2017-12-05 23:00:00','2017-12-05 23:00:00');
INSERT INTO `__PREFIX__cities` (`country_code`, `name`, `longitude`, `latitude`, `feature_class`, `feature_code`, `subadmin1_code`, `subadmin2_code`, `population`, `time_zone`, `active`, `created_at`, `updated_at`) VALUES ('ZA','{\"en\":\"Albertina\"}',21.58,-34.21,'P','PPL','ZA.11','ZA.11.DC4',6372,'Africa/Johannesburg',1,'2016-03-08 23:00:00','2016-03-08 23:00:00');
INSERT INTO `__PREFIX__cities` (`country_code`, `name`, `longitude`, `latitude`, `feature_class`, `feature_code`, `subadmin1_code`, `subadmin2_code`, `population`, `time_zone`, `active`, `created_at`, `updated_at`) VALUES ('ZA','{\"en\":\"Adelaide\"}',26.30,-32.71,'P','PPLA3','ZA.05','ZA.05.DC12',12212,'Africa/Johannesburg',1,'2012-07-11 23:00:00','2012-07-11 23:00:00');
INSERT INTO `__PREFIX__cities` (`country_code`, `name`, `longitude`, `latitude`, `feature_class`, `feature_code`, `subadmin1_code`, `subadmin2_code`, `population`, `time_zone`, `active`, `created_at`, `updated_at`) VALUES ('ZA','{\"en\":\"Ekangala\"}',28.75,-25.70,'P','PPL','ZA.06','ZA.06.TSH',37650,'Africa/Johannesburg',1,'2018-10-04 23:00:00','2018-10-04 23:00:00');
INSERT INTO `__PREFIX__cities` (`country_code`, `name`, `longitude`, `latitude`, `feature_class`, `feature_code`, `subadmin1_code`, `subadmin2_code`, `population`, `time_zone`, `active`, `created_at`, `updated_at`) VALUES ('ZA','{\"en\":\"Midrand\"}',28.13,-25.99,'P','PPL','ZA.06','ZA.06.JHB',87387,'Africa/Johannesburg',1,'2022-01-09 23:00:00','2022-01-09 23:00:00');
INSERT INTO `__PREFIX__cities` (`country_code`, `name`, `longitude`, `latitude`, `feature_class`, `feature_code`, `subadmin1_code`, `subadmin2_code`, `population`, `time_zone`, `active`, `created_at`, `updated_at`) VALUES ('ZA','{\"en\":\"Centurion\"}',28.19,-25.86,'P','PPL','ZA.06','ZA.06.TSH',236580,'Africa/Johannesburg',1,'2022-01-09 23:00:00','2022-01-09 23:00:00');
INSERT INTO `__PREFIX__cities` (`country_code`, `name`, `longitude`, `latitude`, `feature_class`, `feature_code`, `subadmin1_code`, `subadmin2_code`, `population`, `time_zone`, `active`, `created_at`, `updated_at`) VALUES ('ZA','{\"en\":\"Worcester\"}',19.45,-33.65,'P','PPLA2','ZA.11','ZA.11.DC2',127597,'Africa/Johannesburg',1,'2019-09-04 23:00:00','2019-09-04 23:00:00');
INSERT INTO `__PREFIX__cities` (`country_code`, `name`, `longitude`, `latitude`, `feature_class`, `feature_code`, `subadmin1_code`, `subadmin2_code`, `population`, `time_zone`, `active`, `created_at`, `updated_at`) VALUES ('ZA','{\"en\":\"Wellington\"}',19.01,-33.64,'P','PPL','ZA.11','ZA.11.DC2',55543,'Africa/Johannesburg',1,'2017-01-17 23:00:00','2017-01-17 23:00:00');
INSERT INTO `__PREFIX__cities` (`country_code`, `name`, `longitude`, `latitude`, `feature_class`, `feature_code`, `subadmin1_code`, `subadmin2_code`, `population`, `time_zone`, `active`, `created_at`, `updated_at`) VALUES ('ZA','{\"en\":\"Vredendal\"}',18.50,-31.67,'P','PPLA3','ZA.11','ZA.11.DC1',14806,'Africa/Johannesburg',1,'2012-07-11 23:00:00','2012-07-11 23:00:00');
INSERT INTO `__PREFIX__cities` (`country_code`, `name`, `longitude`, `latitude`, `feature_class`, `feature_code`, `subadmin1_code`, `subadmin2_code`, `population`, `time_zone`, `active`, `created_at`, `updated_at`) VALUES ('ZA','{\"en\":\"Vredenburg\"}',17.99,-32.91,'P','PPLA3','ZA.11','ZA.11.DC1',38382,'Africa/Johannesburg',1,'2018-07-23 23:00:00','2018-07-23 23:00:00');
INSERT INTO `__PREFIX__cities` (`country_code`, `name`, `longitude`, `latitude`, `feature_class`, `feature_code`, `subadmin1_code`, `subadmin2_code`, `population`, `time_zone`, `active`, `created_at`, `updated_at`) VALUES ('ZA','{\"en\":\"Stellenbosch\"}',18.87,-33.93,'P','PPLA3','ZA.11','ZA.11.DC2',94263,'Africa/Johannesburg',1,'2019-09-23 23:00:00','2019-09-23 23:00:00');
INSERT INTO `__PREFIX__cities` (`country_code`, `name`, `longitude`, `latitude`, `feature_class`, `feature_code`, `subadmin1_code`, `subadmin2_code`, `population`, `time_zone`, `active`, `created_at`, `updated_at`) VALUES ('ZA','{\"en\":\"Springbok\"}',17.89,-29.66,'P','PPLA2','ZA.08','ZA.08.DC6',10438,'Africa/Johannesburg',1,'2012-07-11 23:00:00','2012-07-11 23:00:00');
INSERT INTO `__PREFIX__cities` (`country_code`, `name`, `longitude`, `latitude`, `feature_class`, `feature_code`, `subadmin1_code`, `subadmin2_code`, `population`, `time_zone`, `active`, `created_at`, `updated_at`) VALUES ('ZA','{\"en\":\"Simon\'s Town\"}',18.44,-34.19,'P','PPL','ZA.11','ZA.11.CPT',6569,'Africa/Johannesburg',1,'2020-11-16 23:00:00','2020-11-16 23:00:00');
INSERT INTO `__PREFIX__cities` (`country_code`, `name`, `longitude`, `latitude`, `feature_class`, `feature_code`, `subadmin1_code`, `subadmin2_code`, `population`, `time_zone`, `active`, `created_at`, `updated_at`) VALUES ('ZA','{\"en\":\"Saldanha\"}',17.94,-33.01,'P','PPL','ZA.11','ZA.11.DC1',68284,'Africa/Johannesburg',1,'2017-01-26 23:00:00','2017-01-26 23:00:00');
INSERT INTO `__PREFIX__cities` (`country_code`, `name`, `longitude`, `latitude`, `feature_class`, `feature_code`, `subadmin1_code`, `subadmin2_code`, `population`, `time_zone`, `active`, `created_at`, `updated_at`) VALUES ('ZA','{\"en\":\"Rosebank\"}',18.47,-33.96,'P','PPL','ZA.11','ZA.11.CPT',10000,'Africa/Johannesburg',1,'2018-09-27 23:00:00','2018-09-27 23:00:00');
INSERT INTO `__PREFIX__cities` (`country_code`, `name`, `longitude`, `latitude`, `feature_class`, `feature_code`, `subadmin1_code`, `subadmin2_code`, `population`, `time_zone`, `active`, `created_at`, `updated_at`) VALUES ('ZA','{\"en\":\"Robertson\"}',19.89,-33.80,'P','PPL','ZA.11','ZA.11.DC2',27715,'Africa/Johannesburg',1,'2019-09-22 23:00:00','2019-09-22 23:00:00');
INSERT INTO `__PREFIX__cities` (`country_code`, `name`, `longitude`, `latitude`, `feature_class`, `feature_code`, `subadmin1_code`, `subadmin2_code`, `population`, `time_zone`, `active`, `created_at`, `updated_at`) VALUES ('ZA','{\"en\":\"Paarl\"}',18.98,-33.73,'P','PPLA3','ZA.11','ZA.11.DC2',190000,'Africa/Johannesburg',1,'2015-04-25 23:00:00','2015-04-25 23:00:00');
INSERT INTO `__PREFIX__cities` (`country_code`, `name`, `longitude`, `latitude`, `feature_class`, `feature_code`, `subadmin1_code`, `subadmin2_code`, `population`, `time_zone`, `active`, `created_at`, `updated_at`) VALUES ('ZA','{\"en\":\"Malmesbury\"}',18.73,-33.46,'P','PPLA3','ZA.11','ZA.11.DC1',34991,'Africa/Johannesburg',1,'2012-07-11 23:00:00','2012-07-11 23:00:00');
INSERT INTO `__PREFIX__cities` (`country_code`, `name`, `longitude`, `latitude`, `feature_class`, `feature_code`, `subadmin1_code`, `subadmin2_code`, `population`, `time_zone`, `active`, `created_at`, `updated_at`) VALUES ('ZA','{\"en\":\"Lansdowne\"}',18.50,-33.99,'P','PPLX','ZA.11','ZA.11.CPT',17399,'Africa/Johannesburg',1,'2013-09-06 23:00:00','2013-09-06 23:00:00');
INSERT INTO `__PREFIX__cities` (`country_code`, `name`, `longitude`, `latitude`, `feature_class`, `feature_code`, `subadmin1_code`, `subadmin2_code`, `population`, `time_zone`, `active`, `created_at`, `updated_at`) VALUES ('ZA','{\"en\":\"Kraaifontein\"}',18.72,-33.85,'P','PPL','ZA.11','ZA.11.CPT',57911,'Africa/Johannesburg',1,'2013-08-17 23:00:00','2013-08-17 23:00:00');
INSERT INTO `__PREFIX__cities` (`country_code`, `name`, `longitude`, `latitude`, `feature_class`, `feature_code`, `subadmin1_code`, `subadmin2_code`, `population`, `time_zone`, `active`, `created_at`, `updated_at`) VALUES ('ZA','{\"en\":\"Hermanus\"}',19.23,-34.42,'P','PPLA3','ZA.11','ZA.11.DC3',25153,'Africa/Johannesburg',1,'2013-03-03 23:00:00','2013-03-03 23:00:00');
INSERT INTO `__PREFIX__cities` (`country_code`, `name`, `longitude`, `latitude`, `feature_class`, `feature_code`, `subadmin1_code`, `subadmin2_code`, `population`, `time_zone`, `active`, `created_at`, `updated_at`) VALUES ('ZA','{\"en\":\"Grabouw\"}',19.02,-34.15,'P','PPL','ZA.11','ZA.11.DC3',30337,'Africa/Johannesburg',1,'2021-10-31 23:00:00','2021-10-31 23:00:00');
INSERT INTO `__PREFIX__cities` (`country_code`, `name`, `longitude`, `latitude`, `feature_class`, `feature_code`, `subadmin1_code`, `subadmin2_code`, `population`, `time_zone`, `active`, `created_at`, `updated_at`) VALUES ('ZA','{\"en\":\"Constantia\"}',18.42,-34.03,'P','PPL','ZA.11','ZA.11.CPT',6922,'Africa/Johannesburg',1,'2012-07-11 23:00:00','2012-07-11 23:00:00');
INSERT INTO `__PREFIX__cities` (`country_code`, `name`, `longitude`, `latitude`, `feature_class`, `feature_code`, `subadmin1_code`, `subadmin2_code`, `population`, `time_zone`, `active`, `created_at`, `updated_at`) VALUES ('ZA','{\"en\":\"Claremont\"}',18.47,-33.98,'P','PPL','ZA.11','ZA.11.CPT',14531,'Africa/Johannesburg',1,'2013-03-14 23:00:00','2013-03-14 23:00:00');
INSERT INTO `__PREFIX__cities` (`country_code`, `name`, `longitude`, `latitude`, `feature_class`, `feature_code`, `subadmin1_code`, `subadmin2_code`, `population`, `time_zone`, `active`, `created_at`, `updated_at`) VALUES ('ZA','{\"en\":\"Ceres\"}',19.31,-33.37,'P','PPLA3','ZA.11','ZA.11.DC2',41596,'Africa/Johannesburg',1,'2012-07-11 23:00:00','2012-07-11 23:00:00');
INSERT INTO `__PREFIX__cities` (`country_code`, `name`, `longitude`, `latitude`, `feature_class`, `feature_code`, `subadmin1_code`, `subadmin2_code`, `population`, `time_zone`, `active`, `created_at`, `updated_at`) VALUES ('ZA','{\"en\":\"Cape Town\"}',18.42,-33.93,'P','PPLA','ZA.11','ZA.11.CPT',3433441,'Africa/Johannesburg',1,'2019-09-04 23:00:00','2019-09-04 23:00:00');
INSERT INTO `__PREFIX__cities` (`country_code`, `name`, `longitude`, `latitude`, `feature_class`, `feature_code`, `subadmin1_code`, `subadmin2_code`, `population`, `time_zone`, `active`, `created_at`, `updated_at`) VALUES ('ZA','{\"en\":\"Calvinia\"}',19.78,-31.47,'P','PPLA3','ZA.08','ZA.08.DC6',8146,'Africa/Johannesburg',1,'2012-07-11 23:00:00','2012-07-11 23:00:00');
INSERT INTO `__PREFIX__cities` (`country_code`, `name`, `longitude`, `latitude`, `feature_class`, `feature_code`, `subadmin1_code`, `subadmin2_code`, `population`, `time_zone`, `active`, `created_at`, `updated_at`) VALUES ('ZA','{\"en\":\"Atlantis\"}',18.48,-33.57,'P','PPL','ZA.11','ZA.11.CPT',67491,'Africa/Johannesburg',1,'2021-10-31 23:00:00','2021-10-31 23:00:00');
INSERT INTO `__PREFIX__cities` (`country_code`, `name`, `longitude`, `latitude`, `feature_class`, `feature_code`, `subadmin1_code`, `subadmin2_code`, `population`, `time_zone`, `active`, `created_at`, `updated_at`) VALUES ('ZA','{\"en\":\"Eden Glen\"}',28.17,-26.13,'P','PPLX','ZA.06','ZA.06.EKU',7345,'Africa/Johannesburg',1,'2017-01-11 23:00:00','2017-01-11 23:00:00');
INSERT INTO `__PREFIX__cities` (`country_code`, `name`, `longitude`, `latitude`, `feature_class`, `feature_code`, `subadmin1_code`, `subadmin2_code`, `population`, `time_zone`, `active`, `created_at`, `updated_at`) VALUES ('ZA','{\"en\":\"Rondebosch\"}',18.48,-33.96,'P','PPL','ZA.11','ZA.11.CPT',15158,'Africa/Johannesburg',1,'2013-08-17 23:00:00','2013-08-17 23:00:00');
INSERT INTO `__PREFIX__cities` (`country_code`, `name`, `longitude`, `latitude`, `feature_class`, `feature_code`, `subadmin1_code`, `subadmin2_code`, `population`, `time_zone`, `active`, `created_at`, `updated_at`) VALUES ('ZA','{\"en\":\"Newlands\"}',18.45,-33.98,'P','PPL','ZA.11','ZA.11.CPT',5343,'Africa/Johannesburg',1,'2013-08-17 23:00:00','2013-08-17 23:00:00');
INSERT INTO `__PREFIX__cities` (`country_code`, `name`, `longitude`, `latitude`, `feature_class`, `feature_code`, `subadmin1_code`, `subadmin2_code`, `population`, `time_zone`, `active`, `created_at`, `updated_at`) VALUES ('ZA','{\"en\":\"Midstream\"}',28.20,-25.92,'P','PPL','ZA.06','ZA.06.EKU',25000,'Africa/Johannesburg',1,'2016-06-13 23:00:00','2016-06-13 23:00:00');
INSERT INTO `__PREFIX__cities` (`country_code`, `name`, `longitude`, `latitude`, `feature_class`, `feature_code`, `subadmin1_code`, `subadmin2_code`, `population`, `time_zone`, `active`, `created_at`, `updated_at`) VALUES ('ZA','{\"en\":\"Retreat\"}',18.48,-34.06,'P','PPL','ZA.11','ZA.11.CPT',25745,'Africa/Johannesburg',1,'2021-10-31 23:00:00','2021-10-31 23:00:00');
INSERT INTO `__PREFIX__cities` (`country_code`, `name`, `longitude`, `latitude`, `feature_class`, `feature_code`, `subadmin1_code`, `subadmin2_code`, `population`, `time_zone`, `active`, `created_at`, `updated_at`) VALUES ('ZA','{\"en\":\"Diepsloot\"}',28.01,-25.93,'P','PPLX','ZA.06','ZA.06.JHB',350000,'Africa/Johannesburg',1,'2014-04-07 23:00:00','2014-04-07 23:00:00');
INSERT INTO `__PREFIX__cities` (`country_code`, `name`, `longitude`, `latitude`, `feature_class`, `feature_code`, `subadmin1_code`, `subadmin2_code`, `population`, `time_zone`, `active`, `created_at`, `updated_at`) VALUES ('ZA','{\"en\":\"Hardys Memories of Africa\"}',20.72,-33.91,'P','PPLS','ZA.11','ZA.11.DC3',7500,'Africa/Johannesburg',1,'2015-05-30 23:00:00','2015-05-30 23:00:00');
INSERT INTO `__PREFIX__cities` (`country_code`, `name`, `longitude`, `latitude`, `feature_class`, `feature_code`, `subadmin1_code`, `subadmin2_code`, `population`, `time_zone`, `active`, `created_at`, `updated_at`) VALUES ('ZA','{\"en\":\"Eastleigh\"}',28.16,-26.13,'P','PPLX','ZA.06','ZA.06.EKU',6988,'Africa/Johannesburg',1,'2017-01-11 23:00:00','2017-01-11 23:00:00');
INSERT INTO `__PREFIX__cities` (`country_code`, `name`, `longitude`, `latitude`, `feature_class`, `feature_code`, `subadmin1_code`, `subadmin2_code`, `population`, `time_zone`, `active`, `created_at`, `updated_at`) VALUES ('ZA','{\"en\":\"Riverlea\"}',27.97,-26.21,'P','PPLG','ZA.06','ZA.06.JHB',0,'Africa/Johannesburg',1,'2016-07-27 23:00:00','2016-07-27 23:00:00');
INSERT INTO `__PREFIX__cities` (`country_code`, `name`, `longitude`, `latitude`, `feature_class`, `feature_code`, `subadmin1_code`, `subadmin2_code`, `population`, `time_zone`, `active`, `created_at`, `updated_at`) VALUES ('ZA','{\"en\":\"Eden Glen Ext 60\"}',28.16,-26.13,'P','PPLX','ZA.06','ZA.06.EKU',5494,'Africa/Johannesburg',1,'2017-01-11 23:00:00','2017-01-11 23:00:00');
/*!40000 ALTER TABLE `__PREFIX__cities` ENABLE KEYS */;
/*!40103 SET TIME_ZONE=@OLD_TIME_ZONE */;

/*!40101 SET SQL_MODE=@OLD_SQL_MODE */;
/*!40014 SET FOREIGN_KEY_CHECKS=@OLD_FOREIGN_KEY_CHECKS */;
/*!40014 SET UNIQUE_CHECKS=@OLD_UNIQUE_CHECKS */;
/*!40101 SET CHARACTER_SET_CLIENT=@OLD_CHARACTER_SET_CLIENT */;
/*!40101 SET CHARACTER_SET_RESULTS=@OLD_CHARACTER_SET_RESULTS */;
/*!40101 SET COLLATION_CONNECTION=@OLD_COLLATION_CONNECTION */;
/*!40111 SET SQL_NOTES=@OLD_SQL_NOTES */;

-- Dump completed
